000
CXUS53 KJKL 011310
CF6JKL
PRELIMINARY LOCAL CLIMATOLOGICAL DATA (WS FORM: F-6)
STATION: JACKSON KY
MONTH: JULY
YEAR: 2023
LATITUDE: 37 35 N
LONGITUDE: 83 19 W
TEMPERATURE IN F: :PCPN: SNOW: WIND :SUNSHINE: SKY :PK WND
================================================================================
1 2 3 4 5 6A 6B 7 8 9 10 11 12 13 14 15 16 17 18
12Z AVG MX 2MIN
DY MAX MIN AVG DEP HDD CDD WTR SNW DPTH SPD SPD DIR MIN PSBL S-S WX SPD DR
================================================================================
1 79 68 74 -1 0 9 0.54 0.0 0 2.8 16 330 M M 4 123 29 320
2 86 66 76 1 0 11 1.47 0.0 0 3.6 18 310 M M 4 138 33 330
3 84 67 76 0 0 11 0.01 0.0 0 2.7 9 290 M M 5 13 22 230
4 85 67 76 0 0 11 0.00 0.0 0 0.7 7 310 M M 1 1 11 10
5 88 69 79 3 0 14 0.00 0.0 0 0.1 9 160 M M 2 123 15 160
6 87 68 78 2 0 13 0.92 0.0 0 0.9 17 300 M M 3 123 36 260
7 85 67 76 0 0 11 T 0.0 0 0.5 6 310 M M 5 12 9 350
8 85 64 75 -1 0 10 0.03 0.0 0 0.6 7 180 M M 2 123 12 170
9 79 67 73 -3 0 8 0.18 0.0 0 2.4 10 300 M M 6 1238 20 320
10 82 62 72 -4 0 7 0.00 0.0 0 0.0 6 140 M M 1 9 100
11 84 62 73 -3 0 8 0.00 0.0 0 0.8 6 310 M M 1 9 300
12 85 65 75 -1 0 10 0.00 0.0 0 1.3 8 200 M M 0 15 200
13 87 71 79 3 0 14 0.00 0.0 0 1.3 7 190 M M 3 3 15 290
14 90 72 81 5 0 16 0.00 0.0 0 1.7 9 310 M M 2 13 16 320
15 84 70 77 1 0 12 0.16 0.0 0 1.2 8 270 M M 2 123 27 250
16 83 68 76 0 0 11 0.00 0.0 0 1.9 10 300 M M 4 12 17 300
17 83 66 75 -1 0 10 0.00 0.0 0 1.9 7 260 M M 1 18 16 260
18 86 63 75 -1 0 10 1.59 0.0 0 2.6 29 290 M M 4 123 55 280
19 80 67 74 -2 0 9 T 0.0 0 0.6 7 170 M M 8 12 12 170
20 84 69 77 1 0 12 T 0.0 0 2.7 7 190 M M 6 16 250
21 83 69 76 0 0 11 T 0.0 0 3.2 10 310 M M 5 1 16 310
22 82 65 74 -2 0 9 T 0.0 0 0.1 6 360 M M 2 12 20
23 85 64 75 -1 0 10 T 0.0 0 1.0 6 160 M M 2 9 280
24 86 64 75 -1 0 10 0.02 0.0 0 0.8 15 310 M M 2 3 24 300
25 87 63 75 -1 0 10 0.01 0.0 0 0.8 6 320 M M 2 12 330
26 91 71 81 5 0 16 T 0.0 0 2.0 12 170 M M 1 19 160
27 92 76 84 8 0 19 T 0.0 0 2.0 9 170 M M 2 17 170
28 92 72 82 6 0 17 0.01 0.0 0 1.5 8 190 M M 1 3 17 130
29 91 71 81 5 0 16 0.52 0.0 0 1.4 13 260 M M 3 13 39 280
30 83 69 76 0 0 11 0.13 0.0 0 0.8 9 170 M M 6 12 13 180
31 82 66 74 -2 0 9 0.28 0.0 0 0.4 9 250 M M 5 1238 18 260
================================================================================
SM 2640 2088 0 355 5.87 0.0 44.3 M 95
================================================================================
AV 85.2 67.4 1.4 FASTST M M 3 MAX(MPH)
MISC ----> 29 290 55 280
================================================================================
NOTES:
# LAST OF SEVERAL OCCURRENCES
COLUMN 17 PEAK WIND IN M.P.H.
PRELIMINARY LOCAL CLIMATOLOGICAL DATA (WS FORM: F-6) , PAGE 2
STATION: JACKSON KY
MONTH: JULY
YEAR: 2023
LATITUDE: 37 35 N
LONGITUDE: 83 19 W
[TEMPERATURE DATA] [PRECIPITATION DATA] SYMBOLS USED IN COLUMN 16
AVERAGE MONTHLY: 76.3 TOTAL FOR MONTH: 5.87 1 = FOG OR MIST
DPTR FM NORMAL: 0.6 DPTR FM NORMAL: 0.77 2 = FOG REDUCING VISIBILITY
HIGHEST: 92 ON 28,27 GRTST 24HR 1.59 ON 18-18 TO 1/4 MILE OR LESS
LOWEST: 62 ON 11,10 3 = THUNDER
SNOW, ICE PELLETS, HAIL 4 = ICE PELLETS
TOTAL MONTH: 0.0 INCH 5 = HAIL
GRTST 24HR 0.0 6 = FREEZING RAIN OR DRIZZLE
GRTST DEPTH: 0 7 = DUSTSTORM OR SANDSTORM:
VSBY 1/2 MILE OR LESS
8 = SMOKE OR HAZE
[NO. OF DAYS WITH] [WEATHER - DAYS WITH] 9 = BLOWING SNOW
X = TORNADO
MAX 32 OR BELOW: 0 0.01 INCH OR MORE: 14
MAX 90 OR ABOVE: 5 0.10 INCH OR MORE: 9
MIN 32 OR BELOW: 0 0.50 INCH OR MORE: 5
MIN 0 OR BELOW: 0 1.00 INCH OR MORE: 2
[HDD (BASE 65) ]
TOTAL THIS MO. 0 CLEAR (SCALE 0-3) 19
DPTR FM NORMAL 0 PTCLDY (SCALE 4-7) 12
TOTAL FM JUL 1 0 CLOUDY (SCALE 8-10) 0
DPTR FM NORMAL 0
[CDD (BASE 65) ]
TOTAL THIS MO. 355
DPTR FM NORMAL 21 [PRESSURE DATA]
TOTAL FM JAN 1 619 HIGHEST SLP 30.15 ON 24
DPTR FM NORMAL -109 LOWEST SLP 29.80 ON 15
[REMARKS]
#FINAL-07-23#