000
CXUS53 KSGF 020344 CCA
CF6JLN
PRELIMINARY LOCAL CLIMATOLOGICAL DATA (WS FORM: F-6)
STATION: JOPLIN MO
MONTH: JULY
YEAR: 2022
LATITUDE: 37 10 N
LONGITUDE: 94 30 W
TEMPERATURE IN F: :PCPN: SNOW: WIND :SUNSHINE: SKY :PK WND
================================================================================
1 2 3 4 5 6A 6B 7 8 9 10 11 12 13 14 15 16 17 18
12Z AVG MX 2MIN
DY MAX MIN AVG DEP HDD CDD WTR SNW DPTH SPD SPD DIR MIN PSBL S-S WX SPD DR
================================================================================
1 96 71 84 5 0 19 0.00 M M 5.7 13 230 M M 1 17 220
2 92 75 84 5 0 19 0.00 M M 8.0 16 120 M M 4 24 110
3 96 73 85 6 0 20 0.53 M M 6.9 23 90 M M 4 13 31 100
4 99 76 88 9 0 23 0.00 M M 10.8 18 200 M M 0 8 25 200
5 101 77 89 10 0 24 0.00 M M 11.6 22 190 M M 1 34 180
6 101 79 90 11 0 25 0.00 M M 11.0 18 230 M M 1 25 210
7 102 79 91 12 0 26 0.00 M M 10.9 18 200 M M 1 26 200
8 99 77 88 8 0 23 0.00 M M 10.2 18 250 M M 1 24 360
9 89 72 81 1 0 16 0.00 M M 7.6 17 360 M M 5 1 26 350
10 95 68 82 2 0 17 0.00 M M 5.1 13 120 M M 0 1 17 150
11 100 71 86 6 0 21 0.00 M M 6.2 16 230 M M 0 21 220
12 89 67 78 -2 0 13 M M M 6.6 15 20 M M 4 3 22 10
13 95 62 79 -1 0 14 0.00 M M 3.3 13 20 M M 0 18 10
14 100 63 82 2 0 17 0.00 M M 5.3 15 140 M M 1 22 140
15 101 78 90 10 0 25 0.00 M M 11.1 21 220 M M 2 27 240
16 99 80 90 10 0 25 T M M 11.2 21 230 M M 3 26 240
17 102 77 90 10 0 25 0.01 M M 10.1 18 240 M M 2 28 200
18 96 71 84 4 0 19 0.00 M M 6.5 14 40 M M 1 1 20 30
19 105 71 88 8 0 23 0.00 M M 5.6 14 270 M M 0 20 270
20 103 80 92 12 0 27 0.00 M M 9.2 17 240 M M 0 22 20
21 104 67 86 6 0 21 0.00 M M 5.1 20 210 M M 1 26 200
22 101 69 85 5 0 20 0.00 M M 7.8 17 190 M M 2 8 24 200
23 102 76 89 9 0 24 0.00 M M 13.1 21 200 M M 1 29 230
24 105 81 93 13 0 28 0.00 M M 10.2 22 210 M M 2 30 220
25 103 73 88 8 0 23 0.00 M M 9.8 18 180 M M 1 27 210
26 107 83 95 15 0 30 0.00 M M 10.6 22 330 M M 1 30 310
27 97 74 86 6 0 21 T M M 8.6 21 30 M M 4 30 30
28 91 76 84 4 0 19 0.01 M M 6.7 18 280 M M 6 24 280
29 91 72 82 2 0 17 0.00 M M 7.5 18 360 M M 6 26 360
30 81 70 76 -4 0 11 0.47 M M 4.9 14 150 M M 8 1 20 120
31 90 71 81 1 0 16 0.00 M M 8.6 20 210 M M 4 27 210
================================================================================
SM 3032 2279 0 651 1.02 M 255.8 M 67
================================================================================
AV 97.8 73.5 8.3 FASTST M M 2 MAX(MPH)
MISC ----> 23 90 34 180
================================================================================
NOTES:
# LAST OF SEVERAL OCCURRENCES
COLUMN 17 PEAK WIND IN M.P.H.
PRELIMINARY LOCAL CLIMATOLOGICAL DATA (WS FORM: F-6) , PAGE 2
STATION: JOPLIN MO
MONTH: JULY
YEAR: 2022
LATITUDE: 37 10 N
LONGITUDE: 94 30 W
[TEMPERATURE DATA] [PRECIPITATION DATA] SYMBOLS USED IN COLUMN 16
AVERAGE MONTHLY: 85.7 TOTAL FOR MONTH: 1.02 1 = FOG OR MIST
DPTR FM NORMAL: 5.8 DPTR FM NORMAL: -2.95 2 = FOG REDUCING VISIBILITY
HIGHEST: 107 ON 26 GRTST 24HR 0.53 ON 3- 3 TO 1/4 MILE OR LESS
LOWEST: 62 ON 13 3 = THUNDER
SNOW, ICE PELLETS, HAIL 4 = ICE PELLETS
TOTAL MONTH: M 5 = HAIL
GRTST 24HR M ON M 6 = FREEZING RAIN OR DRIZZLE
GRTST DEPTH: M ON M 7 = DUSTSTORM OR SANDSTORM:
VSBY 1/2 MILE OR LESS
8 = SMOKE OR HAZE
[NO. OF DAYS WITH] [WEATHER - DAYS WITH] 9 = BLOWING SNOW
X = TORNADO
MAX 32 OR BELOW: 0 0.01 INCH OR MORE: 4
MAX 90 OR ABOVE: 28 0.10 INCH OR MORE: 2
MIN 32 OR BELOW: 0 0.50 INCH OR MORE: 1
MIN 0 OR BELOW: 0 1.00 INCH OR MORE: 0
[HDD (BASE 65) ]
TOTAL THIS MO. 0 CLEAR (SCALE 0-3) 22
DPTR FM NORMAL 0 PTCLDY (SCALE 4-7) 9
TOTAL FM JUL 1 0 CLOUDY (SCALE 8-10) 0
DPTR FM NORMAL 0
[CDD (BASE 65) ]
TOTAL THIS MO. 651
DPTR FM NORMAL 189 [PRESSURE DATA]
TOTAL FM JAN 1 1257 HIGHEST SLP 30.15 ON 30
DPTR FM NORMAL 301 LOWEST SLP 29.70 ON 20
[REMARKS]
MISSING PRECIP ON JULY 12TH DUE TO ASOS ISSUES.
#FINAL-07-22#