000
CXUS53 KSGF 010800
CF6JLN
PRELIMINARY LOCAL CLIMATOLOGICAL DATA (WS FORM: F-6)
STATION: JOPLIN MO
MONTH: APRIL
YEAR: 2020
LATITUDE: 37 10 N
LONGITUDE: 94 30 W
TEMPERATURE IN F: :PCPN: SNOW: WIND :SUNSHINE: SKY :PK WND
================================================================================
1 2 3 4 5 6A 6B 7 8 9 10 11 12 13 14 15 16 17 18
12Z AVG MX 2MIN
DY MAX MIN AVG DEP HDD CDD WTR SNW DPTH SPD SPD DIR MIN PSBL S-S WX SPD DR
================================================================================
1 71 46 59 5 6 0 0.00 M M 8.8 17 170 M M 0 23 170
2 74 58 66 12 0 1 T M M 14.2 29 180 M M 4 3 39 180
3 65 33 49 -5 16 0 0.22 M M 10.5 16 350 M M 10 13 24 200
4 41 33 37 -18 28 0 0.00 M M 7.3 14 20 M M 10 1 21 20
5 62 41 52 -3 13 0 0.00 M M 3.9 14 160 M M 10 1 17 160
6 75 54 65 9 0 0 0.00 M M 13.2 25 210 M M 7 1 33 220
7 84 64 74 18 0 9 0.00 M M 13.4 23 210 M M 2 30 200
8 87 59 73 17 0 8 0.00 M M 8.4 30 360 M M 0 38 360
9 62 44 53 -3 12 0 0.00 M M 9.8 18 10 M M 1 28 30
10 60 31 46 -11 19 0 0.00 M M 5.7 13 110 M M 0 19 360
11 71 45 58 1 7 0 T M M 16.1 29 190 M M 6 38 190
12 61 35 48 -9 17 0 0.75 M M 13.7 31 340 M M 8 13 46 340
13 44 30 37 -21 28 0 0.00 M M 10.5 29 350 M M 6 39 330
14 50 35 43 -15 22 0 0.00 M M 6.5 13 270 M M 6 17 290
15 61 37 49 -9 16 0 0.00 M M 11.2 22 250 M M 2 30 250
16 70 40 55 -4 10 0 0.00 M M 12.2 28 190 M M 2 40 190
17 59 33 46 -13 19 0 0.14 M M 9.7 23 180 M M 9 13 31 200
18 66 28 47 -12 18 0 0.00 M M 5.1 16 200 M M 1 1 21 200
19 69 48 59 -1 6 0 0.40 M M 6.9 16 20 M M 5 13 22 20
20 74 41 58 -2 7 0 0.01 M M 7.3 24 250 M M 1 13 34 220
21 75 43 59 -1 6 0 0.00 M M 3.2 12 90 M M 0 18 80
22 62 53 58 -2 7 0 2.00 M M 11.2 31 120 M M 8 13 44 120
23 72 54 63 2 2 0 0.16 M M 7.1 13 320 M M 7 1 18 330
24 72 54 63 2 2 0 1.15 M M 6.9 25 320 M M 8 13 34 320
25 68 46 57 -4 8 0 0.29 M M 12.0 28 340 M M 5 1 40 360
26 72 43 58 -4 7 0 T M M 3.1 12 140 M M 3 1 17 140
27 71 57 64 2 1 0 0.02 M M 12.5 25 190 M M 4 3 33 190
28 79 56 68 6 0 3 0.38 M M 11.4 39 270 M M 5 138 62 270
29 67 48 58 -4 7 0 0.00 M M 12.7 25 310 M M 3 36 320
30 72 43 58 -5 7 0 0.00 M M 3.8 16 300 M M 0 21 320
================================================================================
SM 2016 1332 291 21 5.52 M 278.3 M 133
================================================================================
AV 67.2 44.4 9.3 FASTST M M 4 MAX(MPH)
MISC ----> # 39 270 # 62 270
================================================================================
NOTES:
# LAST OF SEVERAL OCCURRENCES
COLUMN 17 PEAK WIND IN M.P.H.
PRELIMINARY LOCAL CLIMATOLOGICAL DATA (WS FORM: F-6) , PAGE 2
STATION: JOPLIN MO
MONTH: APRIL
YEAR: 2020
LATITUDE: 37 10 N
LONGITUDE: 94 30 W
[TEMPERATURE DATA] [PRECIPITATION DATA] SYMBOLS USED IN COLUMN 16
AVERAGE MONTHLY: 55.8 TOTAL FOR MONTH: 5.52 1 = FOG OR MIST
DPTR FM NORMAL: -2.6 DPTR FM NORMAL: 1.05 2 = FOG REDUCING VISIBILITY
HIGHEST: 87 ON 8 GRTST 24HR 2.00 ON 22-22 TO 1/4 MILE OR LESS
LOWEST: 28 ON 18 3 = THUNDER
SNOW, ICE PELLETS, HAIL 4 = ICE PELLETS
TOTAL MONTH: M 5 = HAIL
GRTST 24HR M ON M 6 = FREEZING RAIN OR DRIZZLE
GRTST DEPTH: M ON M 7 = DUSTSTORM OR SANDSTORM:
VSBY 1/2 MILE OR LESS
8 = SMOKE OR HAZE
[NO. OF DAYS WITH] [WEATHER - DAYS WITH] 9 = BLOWING SNOW
X = TORNADO
MAX 32 OR BELOW: 0 0.01 INCH OR MORE: 11
MAX 90 OR ABOVE: 0 0.10 INCH OR MORE: 9
MIN 32 OR BELOW: 3 0.50 INCH OR MORE: 3
MIN 0 OR BELOW: 0 1.00 INCH OR MORE: 2
[HDD (BASE 65) ]
TOTAL THIS MO. 291 CLEAR (SCALE 0-3) 11
DPTR FM NORMAL 50 PTCLDY (SCALE 4-7) 15
TOTAL FM JUL 1 3837 CLOUDY (SCALE 8-10) 4
DPTR FM NORMAL -166
[CDD (BASE 65) ]
TOTAL THIS MO. 21
DPTR FM NORMAL -23 [PRESSURE DATA]
TOTAL FM JAN 1 41 HIGHEST SLP M ON M
DPTR FM NORMAL -13 LOWEST SLP 29.44 ON 12
[REMARKS]
#FINAL-04-20#