000
CXHW50 PHFO 011250
CF6JRF
PRELIMINARY LOCAL CLIMATOLOGICAL DATA (WS FORM: F-6)
STATION: KALAELOA ARPT/OAHU HI
MONTH: JUNE
YEAR: 2023
LATITUDE: 21 19 N
LONGITUDE: 158 4 W
TEMPERATURE IN F: :PCPN: SNOW: WIND :SUNSHINE: SKY :PK WND
================================================================================
1 2 3 4 5 6A 6B 7 8 9 10 11 12 13 14 15 16 17 18
12Z AVG MX 2MIN
DY MAX MIN AVG DEP HDD CDD WTR SNW DPTH SPD SPD DIR MIN PSBL S-S WX SPD DR
================================================================================
1 88 69 79 1 0 14 0.04 M M 6.4 14 80 M M 5 18 23 80
2 89 73 81 3 0 16 0.00 M M 6.3 13 50 M M 4 20 30
3 85 68 77 -1 0 12 0.00 M M 5.4 13 40 M M 1 17 30
4 85 69 77 -1 0 12 T M M 5.8 18 140 M M 5 22 130
5 86 65 76 -3 0 11 0.00 M M 7.4 20 130 M M 1 23 130
6 90 69 80 1 0 15 0.00 M M 5.3 13 130 M M 4 19 110
7 86 71 79 0 0 14 0.00 M M 7.6 20 130 M M 1 23 130
8 88 69 79 0 0 14 0.00 M M 7.3 17 140 M M 2 23 70
9 89 71 80 1 0 15 0.00 M M 7.3 17 40 M M 2 27 90
10 89 73 81 2 0 16 T M M 8.4 17 110 M M 3 25 80
11 90 70 80 1 0 15 0.00 M M 7.7 16 120 M M 2 25 90
12 90 74 82 3 0 17 0.00 M M 7.4 16 90 M M 3 23 80
13 88 72 80 1 0 15 0.02 M M 6.2 15 120 M M 5 25 80
14 88 71 80 1 0 15 T M M 6.4 18 120 M M 3 24 100
15 86 71 79 0 0 14 0.15 M M 6.0 15 140 M M 4 18 21 90
16 89 71 80 0 0 15 T M M 7.0 15 120 M M 3 22 90
17 87 71 79 -1 0 14 T M M 7.8 20 140 M M 2 26 120
18 87 73 80 0 0 15 T M M 6.5 15 110 M M 3 23 110
19 88 72 80 0 0 15 0.00 M M 7.6 21 130 M M 4 24 140
20 89 67 78 -2 0 13 T M M 7.6 20 140 M M 3 25 140
21 91 70 81 1 0 16 0.00 M M 7.2 15 40 M M 2 23 30
22 89 73 81 1 0 16 0.02 M M 8.0 17 40 M M 4 29 80
23 88 73 81 1 0 16 T M M 8.6 17 70 M M 4 27 70
24 88 74 81 1 0 16 T M M 8.6 17 100 M M 3 26 100
25 86 74 80 0 0 15 T M M 8.5 17 60 M M 4 28 50
26 88 73 81 1 0 16 0.01 M M 8.1 16 50 M M 5 8 27 80
27 89 74 82 2 0 17 0.00 M M 8.0 16 50 M M 2 25 60
28 89 72 81 1 0 16 T M M 7.3 18 110 M M 3 24 110
29 88 73 81 1 0 16 T M M 7.2 15 40 M M 3 23 50
30 89 72 81 1 0 16 0.02 M M 6.7 17 50 M M 7 18 24 50
================================================================================
SM 2642 2137 0 447 0.26 M 215.6 M 97
================================================================================
AV 88.1 71.2 7.2 FASTST M M 3 MAX(MPH)
MISC ----> 21 130 29 80
================================================================================
NOTES:
# LAST OF SEVERAL OCCURRENCES
COLUMN 17 PEAK WIND IN M.P.H.
PRELIMINARY LOCAL CLIMATOLOGICAL DATA (WS FORM: F-6) , PAGE 2
STATION: KALAELOA ARPT/OAHU HI
MONTH: JUNE
YEAR: 2023
LATITUDE: 21 19 N
LONGITUDE: 158 4 W
[TEMPERATURE DATA] [PRECIPITATION DATA] SYMBOLS USED IN COLUMN 16
AVERAGE MONTHLY: 79.6 TOTAL FOR MONTH: 0.26 1 = FOG OR MIST
DPTR FM NORMAL: 0.3 DPTR FM NORMAL: -0.01 2 = FOG REDUCING VISIBILITY
HIGHEST: 91 ON 21 GRTST 24HR 0.15 ON 15-15 TO 1/4 MILE OR LESS
LOWEST: 65 ON 5 3 = THUNDER
SNOW, ICE PELLETS, HAIL 4 = ICE PELLETS
TOTAL MONTH: M 5 = HAIL
GRTST 24HR M ON M 6 = FREEZING RAIN OR DRIZZLE
GRTST DEPTH: M ON M 7 = DUSTSTORM OR SANDSTORM:
VSBY 1/2 MILE OR LESS
8 = SMOKE OR HAZE
[NO. OF DAYS WITH] [WEATHER - DAYS WITH] 9 = BLOWING SNOW
X = TORNADO
MAX 32 OR BELOW: 0 0.01 INCH OR MORE: 6
MAX 90 OR ABOVE: 4 0.10 INCH OR MORE: 1
MIN 32 OR BELOW: 0 0.50 INCH OR MORE: 0
MIN 0 OR BELOW: 0 1.00 INCH OR MORE: 0
[HDD (BASE 65) ]
TOTAL THIS MO. 0 CLEAR (SCALE 0-3) 14
DPTR FM NORMAL 0 PTCLDY (SCALE 4-7) 16
TOTAL FM JUL 1 0 CLOUDY (SCALE 8-10) 0
DPTR FM NORMAL 0
[CDD (BASE 65) ]
TOTAL THIS MO. 447
DPTR FM NORMAL 18 [PRESSURE DATA]
TOTAL FM JAN 1 2051 HIGHEST SLP 30.19 ON 25
DPTR FM NORMAL 193 LOWEST SLP 29.96 ON 19
[REMARKS]
#FINAL-06-23#