000
CXHW50 PHFO 011250
CF6JRF
PRELIMINARY LOCAL CLIMATOLOGICAL DATA (WS FORM: F-6)
STATION: KALAELOA ARPT/OAHU HI
MONTH: MARCH
YEAR: 2023
LATITUDE: 21 19 N
LONGITUDE: 158 4 W
TEMPERATURE IN F: :PCPN: SNOW: WIND :SUNSHINE: SKY :PK WND
================================================================================
1 2 3 4 5 6A 6B 7 8 9 10 11 12 13 14 15 16 17 18
12Z AVG MX 2MIN
DY MAX MIN AVG DEP HDD CDD WTR SNW DPTH SPD SPD DIR MIN PSBL S-S WX SPD DR
================================================================================
1 79 67 73 0 0 8 0.06 M M 11.9 22 20 M M 3 1 35 10
2 80 70 75 2 0 10 T M M 11.6 21 20 M M 3 36 20
3 82 67 75 2 0 10 0.02 M M 7.4 16 20 M M 3 24 360
4 82 65 74 1 0 9 T M M 6.7 15 360 M M 2 24 360
5 81 66 74 1 0 9 0.01 M M 6.9 13 190 M M 5 16 200
6 81 70 76 3 0 11 0.55 M M 12.2 20 260 M M 6 1 24 260
7 81 68 75 2 0 10 0.13 M M 14.7 28 220 M M 6 18 35 220
8 82 69 76 3 0 11 0.06 M M 21.9 33 230 M M 5 1 41 230
9 66 66 66 -7 0 1 0.00 M M 11.5 12 240 M M 0 17 240
10 79 60 70 -3 0 5 0.00 M M 6.6 15 260 M M 2 19 210
11 79 61 70 -3 0 5 0.00 M M 6.6 14 170 M M 1 16 180
12 83 73 78 4 0 13 T M M 10.7 16 170 M M 3 21 160
13 81 65 73 -1 0 8 0.00 M M 4.5 8 140 M M 1 11 170
14 83 76 80 6 0 15 0.02 M M 9.8 18 170 M M 7 1 25 180
15 83 75 79 5 0 14 0.00 M M 8.9 13 170 M M 2 16 170
16 83 71 77 3 0 12 0.00 M M 6.7 12 130 M M 2 14 120
17 83 72 78 4 0 13 0.00 M M 5.1 13 180 M M 4 15 170
18 83 69 76 2 0 11 0.02 M M 5.3 14 110 M M 4 16 110
19 83 67 75 1 0 10 0.00 M M 5.0 10 100 M M 2 13 110
20 84 68 76 2 0 11 0.00 M M 7.3 20 90 M M 2 26 90
21 83 72 78 4 0 13 0.00 M M 7.8 18 100 M M 3 24 70
22 82 69 76 2 0 11 0.02 M M 4.8 16 240 M M 2 1 19 230
23 74 71 73 -1 0 8 0.21 M M 3.9 14 270 M M 5 1 19 260
24 83 69 76 2 0 11 0.00 M M 5.0 10 170 M M 1 13 180
25 84 68 76 2 0 11 0.00 M M 7.6 20 110 M M 1 24 110
26 84 69 77 3 0 12 0.00 M M 6.6 16 110 M M 3 19 110
27 83 65 74 0 0 9 T M M 5.0 10 180 M M 3 13 170
28 82 67 75 1 0 10 0.07 M M 8.5 23 160 M M 6 1 28 150
29 83 72 78 3 0 13 0.05 M M 13.8 23 130 M M 4 28 140
30 85 72 79 4 0 14 T M M 8.3 18 120 M M 2 21 120
31 84 69 77 2 0 12 0.02 M M 5.9 14 110 M M 5 1 19 110
================================================================================
SM 2525 2128 0 320 1.24 M 258.5 M 98
================================================================================
AV 81.5 68.6 8.3 FASTST M M 3 MAX(MPH)
MISC ----> 33 230 41 230
================================================================================
NOTES:
# LAST OF SEVERAL OCCURRENCES
COLUMN 17 PEAK WIND IN M.P.H.
PRELIMINARY LOCAL CLIMATOLOGICAL DATA (WS FORM: F-6) , PAGE 2
STATION: KALAELOA ARPT/OAHU HI
MONTH: MARCH
YEAR: 2023
LATITUDE: 21 19 N
LONGITUDE: 158 4 W
[TEMPERATURE DATA] [PRECIPITATION DATA] SYMBOLS USED IN COLUMN 16
AVERAGE MONTHLY: 75.0 TOTAL FOR MONTH: 1.24 1 = FOG OR MIST
DPTR FM NORMAL: 1.2 DPTR FM NORMAL: -0.71 2 = FOG REDUCING VISIBILITY
HIGHEST: 85 ON 30 GRTST 24HR 0.56 ON 5- 6 TO 1/4 MILE OR LESS
LOWEST: 60 ON 10 3 = THUNDER
SNOW, ICE PELLETS, HAIL 4 = ICE PELLETS
TOTAL MONTH: M 5 = HAIL
GRTST 24HR M ON M 6 = FREEZING RAIN OR DRIZZLE
GRTST DEPTH: M ON M 7 = DUSTSTORM OR SANDSTORM:
VSBY 1/2 MILE OR LESS
8 = SMOKE OR HAZE
[NO. OF DAYS WITH] [WEATHER - DAYS WITH] 9 = BLOWING SNOW
X = TORNADO
MAX 32 OR BELOW: 0 0.01 INCH OR MORE: 13
MAX 90 OR ABOVE: 0 0.10 INCH OR MORE: 3
MIN 32 OR BELOW: 0 0.50 INCH OR MORE: 1
MIN 0 OR BELOW: 0 1.00 INCH OR MORE: 0
[HDD (BASE 65) ]
TOTAL THIS MO. 0 CLEAR (SCALE 0-3) 18
DPTR FM NORMAL 0 PTCLDY (SCALE 4-7) 13
TOTAL FM JUL 1 0 CLOUDY (SCALE 8-10) 0
DPTR FM NORMAL 0
[CDD (BASE 65) ]
TOTAL THIS MO. 320
DPTR FM NORMAL 47 [PRESSURE DATA]
TOTAL FM JAN 1 885 HIGHEST SLP 30.22 ON 1
DPTR FM NORMAL 146 LOWEST SLP 29.75 ON 8
[REMARKS]
#FINAL-03-23#