000
CXHW50 PHFO 011250
CF6JRF
PRELIMINARY LOCAL CLIMATOLOGICAL DATA (WS FORM: F-6)
STATION: KALAELOA ARPT/OAHU HI
MONTH: OCTOBER
YEAR: 2021
LATITUDE: 21 19 N
LONGITUDE: 158 4 W
TEMPERATURE IN F: :PCPN: SNOW: WIND :SUNSHINE: SKY :PK WND
================================================================================
1 2 3 4 5 6A 6B 7 8 9 10 11 12 13 14 15 16 17 18
12Z AVG MX 2MIN
DY MAX MIN AVG DEP HDD CDD WTR SNW DPTH SPD SPD DIR MIN PSBL S-S WX SPD DR
================================================================================
1 91 76 84 4 0 19 0.00 M M 7.6 16 100 M M 2 24 60
2 90 73 82 2 0 17 T M M 5.7 14 50 M M 4 23 50
3 90 75 83 3 0 18 T M M 6.4 15 30 M M 5 23 20
4 90 73 82 2 0 17 T M M 7.4 17 50 M M 2 29 50
5 91 71 81 1 0 16 0.00 M M 6.4 16 50 M M 3 23 50
6 90 77 84 4 0 19 0.00 M M 7.5 17 40 M M 2 8 26 60
7 89 77 83 3 0 18 0.00 M M 9.5 17 90 M M 2 28 70
8 90 77 84 4 0 19 0.00 M M 9.9 20 80 M M 2 31 60
9 87 77 82 2 0 17 0.00 M M 10.5 20 60 M M 4 32 60
10 89 75 82 2 0 17 0.00 M M 9.5 18 60 M M 4 8 30 70
11 90 75 83 3 0 18 0.00 M M 8.4 17 60 M M 2 27 60
12 89 78 84 4 0 19 0.00 M M 9.5 18 40 M M 3 30 50
13 90 78 84 4 0 19 0.00 M M 8.0 17 70 M M 6 8 25 90
14 88 74 81 1 0 16 T M M 7.7 16 50 M M 4 28 30
15 89 74 82 2 0 17 0.00 M M 7.4 16 60 M M 2 25 50
16 87 73 80 0 0 15 0.03 M M 7.0 18 100 M M 3 25 110
17 88 73 81 1 0 16 T M M 7.8 17 50 M M 2 25 60
18 89 74 82 2 0 17 0.00 M M 6.8 16 110 M M 2 23 120
19 89 72 81 2 0 16 0.00 M M 6.1 13 50 M M 1 20 40
20 88 69 79 0 0 14 0.00 M M 5.5 14 230 M M 1 16 230
21 87 71 79 0 0 14 0.07 M M 4.1 10 210 M M 6 14 340
22 89 72 81 2 0 16 0.00 M M 6.9 16 100 M M 2 25 90
23 90 74 82 3 0 17 0.00 M M 7.4 15 30 M M 0 23 50
24 89 72 81 2 0 16 T M M 6.7 15 50 M M 5 8 25 60
25 89 70 80 1 0 15 T M M 6.2 16 40 M M 2 23 30
26 87 70 79 0 0 14 0.00 M M 6.5 15 130 M M 1 M M
27 M M M M M M 0.00 M M M M M M M M M M
28 M M M M M M 0.00 M M M M M M M M M M
29 M M M M M M 0.00 M M M M M M M M M M
30 M M M M M M 0.00 M M M M M M M M M M
31 M M M M M M 0.00 M M M M M M M M M M
================================================================================
SM 2315 1920 0 436 0.10 M 192.4 M 72
================================================================================
AV 89.0 73.8 7.4 FASTST M M 3 MAX(MPH)
MISC ----> # 20 80 32 60
================================================================================
NOTES:
# LAST OF SEVERAL OCCURRENCES
COLUMN 17 PEAK WIND IN M.P.H.
PRELIMINARY LOCAL CLIMATOLOGICAL DATA (WS FORM: F-6) , PAGE 2
STATION: KALAELOA ARPT/OAHU HI
MONTH: OCTOBER
YEAR: 2021
LATITUDE: 21 19 N
LONGITUDE: 158 4 W
[TEMPERATURE DATA] [PRECIPITATION DATA] SYMBOLS USED IN COLUMN 16
AVERAGE MONTHLY: 81.4 TOTAL FOR MONTH: 0.10 1 = FOG OR MIST
DPTR FM NORMAL: 1.9 DPTR FM NORMAL: -1.20 2 = FOG REDUCING VISIBILITY
HIGHEST: 91 ON 5, 1 GRTST 24HR 0.07 ON 21-21 TO 1/4 MILE OR LESS
LOWEST: 69 ON 20 3 = THUNDER
SNOW, ICE PELLETS, HAIL 4 = ICE PELLETS
TOTAL MONTH: M 5 = HAIL
GRTST 24HR M ON M 6 = FREEZING RAIN OR DRIZZLE
GRTST DEPTH: M ON M 7 = DUSTSTORM OR SANDSTORM:
VSBY 1/2 MILE OR LESS
8 = SMOKE OR HAZE
[NO. OF DAYS WITH] [WEATHER - DAYS WITH] 9 = BLOWING SNOW
X = TORNADO
MAX 32 OR BELOW: 0 0.01 INCH OR MORE: 2
MAX 90 OR ABOVE: 10 0.10 INCH OR MORE: 0
MIN 32 OR BELOW: 0 0.50 INCH OR MORE: 0
MIN 0 OR BELOW: 0 1.00 INCH OR MORE: 0
[HDD (BASE 65) ]
TOTAL THIS MO. 0 CLEAR (SCALE 0-3) 17
DPTR FM NORMAL 0 PTCLDY (SCALE 4-7) 9
TOTAL FM JUL 1 0 CLOUDY (SCALE 8-10) 5
DPTR FM NORMAL 0
[CDD (BASE 65) ]
TOTAL THIS MO. 436
DPTR FM NORMAL -14 [PRESSURE DATA]
TOTAL FM JAN 1 4004 HIGHEST SLP M ON M
DPTR FM NORMAL 254 LOWEST SLP 29.88 ON 4
[REMARKS]
#FINAL-10-21#