000
CXUS51 KCTP 010800
CF6JST
PRELIMINARY LOCAL CLIMATOLOGICAL DATA (WS FORM: F-6)
STATION: JOHNSTOWN
MONTH: JULY
YEAR: 2023
LATITUDE: 40 18 N
LONGITUDE: 78 50 W
TEMPERATURE IN F: :PCPN: SNOW: WIND :SUNSHINE: SKY :PK WND
================================================================================
1 2 3 4 5 6A 6B 7 8 9 10 11 12 13 14 15 16 17 18
12Z AVG MX 2MIN
DY MAX MIN AVG DEP HDD CDD WTR SNW DPTH SPD SPD DIR MIN PSBL S-S WX SPD DR
================================================================================
1 78 65 72 3 0 7 0.82 M M 5.9 12 200 M M 8 123 16 230
2 77 65 71 2 0 6 0.55 M M 7.3 22 240 M M 8 13 29 250
3 75 64 70 1 0 5 0.48 M M 7.8 16 260 M M 8 1 21 270
4 77 66 72 3 0 7 0.09 M M 6.4 14 300 M M 7 12 18 340
5 83 65 74 4 0 9 0.02 M M 4.6 12 340 M M 5 13 14 360
6 84 66 75 5 0 10 0.43 M M 2.9 17 170 M M 3 13 21 150
7 80 66 73 3 0 8 T M M 6.6 16 310 M M 4 1 27 360
8 81 62 72 2 0 7 0.00 M M 3.8 13 250 M M 3 16 270
9 74 63 69 -1 0 4 0.90 M M 3.2 16 280 M M 7 13 22 270
10 76 62 69 -1 0 4 T M M 7.5 15 310 M M 5 128 21 300
11 80 58 69 -1 0 4 0.00 M M 7.1 15 260 M M 1 20 280
12 81 63 72 2 0 7 0.00 M M 7.7 16 220 M M 1 23 230
13 85 66 76 6 0 11 0.00 M M 9.0 20 250 M M 3 27 250
14 78 65 72 2 0 7 0.67 M M 5.9 23 210 M M 6 13 30 220
15 82 65 74 4 0 9 0.35 M M 5.4 20 250 M M 3 13 27 260
16 79 66 73 3 0 8 0.01 M M 7.0 17 300 M M 6 1 22 300
17 78 62 70 0 0 5 0.22 M M 7.1 15 200 M M 5 138 18 200
18 76 60 68 -2 0 3 0.19 M M 6.9 14 240 M M 3 18 18 290
19 78 63 71 1 0 6 0.02 M M 5.0 20 320 M M 6 1 23 310
20 80 61 71 1 0 6 0.74 M M 6.9 26 350 M M 4 13 37 10
21 74 60 67 -3 0 2 0.13 M M 10.1 18 320 M M 6 123 23 320
22 76 57 67 -3 0 2 0.00 M M 3.2 12 350 M M 1 17 310
23 79 58 69 -1 0 4 0.03 M M 4.6 16 230 M M 4 3 21 160
24 80 61 71 1 0 6 0.00 M M 6.5 15 330 M M 1 3 21 340
25 77 62 70 0 0 5 0.07 M M 5.4 13 300 M M 3 13 17 290
26 83 62 73 3 0 8 0.00 M M 7.1 14 200 M M 1 1 37 260
27 81 70 76 6 0 11 0.02 M M 10.7 20 260 M M 6 13 30 270
28 86 69 78 8 0 13 0.10 M M 7.8 16 240 M M 7 13 21 240
29 80 64 72 2 0 7 0.23 M M 9.3 25 260 M M 8 13 35 260
30 74 58 66 -4 0 1 0.01 M M 5.0 14 320 M M 6 1 18 310
31 73 56 65 -5 0 0 0.00 M M 7.3 15 300 M M 3 128 20 280
================================================================================
SM 2445 1950 0 192 6.08 M 201.0 M 142
================================================================================
AV 78.9 62.9 6.5 FASTST M M 5 MAX(MPH)
MISC ----> 26 350 # 37 10
================================================================================
NOTES:
# LAST OF SEVERAL OCCURRENCES
COLUMN 17 PEAK WIND IN M.P.H.
PRELIMINARY LOCAL CLIMATOLOGICAL DATA (WS FORM: F-6) , PAGE 2
STATION: JOHNSTOWN
MONTH: JULY
YEAR: 2023
LATITUDE: 40 18 N
LONGITUDE: 78 50 W
[TEMPERATURE DATA] [PRECIPITATION DATA] SYMBOLS USED IN COLUMN 16
AVERAGE MONTHLY: 70.9 TOTAL FOR MONTH: 6.08 1 = FOG OR MIST
DPTR FM NORMAL: 1.0 DPTR FM NORMAL: 1.86 2 = FOG REDUCING VISIBILITY
HIGHEST: 86 ON 28 GRTST 24HR 1.06 ON 1- 2 TO 1/4 MILE OR LESS
LOWEST: 56 ON 31 3 = THUNDER
SNOW, ICE PELLETS, HAIL 4 = ICE PELLETS
TOTAL MONTH: M 5 = HAIL
GRTST 24HR M ON M 6 = FREEZING RAIN OR DRIZZLE
GRTST DEPTH: M ON M 7 = DUSTSTORM OR SANDSTORM:
VSBY 1/2 MILE OR LESS
8 = SMOKE OR HAZE
[NO. OF DAYS WITH] [WEATHER - DAYS WITH] 9 = BLOWING SNOW
X = TORNADO
MAX 32 OR BELOW: 0 0.01 INCH OR MORE: 21
MAX 90 OR ABOVE: 0 0.10 INCH OR MORE: 13
MIN 32 OR BELOW: 0 0.50 INCH OR MORE: 5
MIN 0 OR BELOW: 0 1.00 INCH OR MORE: 0
[HDD (BASE 65) ]
TOTAL THIS MO. 0 CLEAR (SCALE 0-3) 8
DPTR FM NORMAL -13 PTCLDY (SCALE 4-7) 23
TOTAL FM JUL 1 0 CLOUDY (SCALE 8-10) 0
DPTR FM NORMAL -5
[CDD (BASE 65) ]
TOTAL THIS MO. 192
DPTR FM NORMAL 27 [PRESSURE DATA]
TOTAL FM JAN 1 258 HIGHEST SLP 30.18 ON 26
DPTR FM NORMAL -36 LOWEST SLP 29.78 ON 21
[REMARKS]
#FINAL-07-23#