000
CXUS51 KCTP 011212
CF6JST
PRELIMINARY LOCAL CLIMATOLOGICAL DATA (WS FORM: F-6)
STATION: JOHNSTOWN
MONTH: APRIL
YEAR: 2021
LATITUDE: 40 18 N
LONGITUDE: 78 50 W
TEMPERATURE IN F: :PCPN: SNOW: WIND :SUNSHINE: SKY :PK WND
================================================================================
1 2 3 4 5 6A 6B 7 8 9 10 11 12 13 14 15 16 17 18
12Z AVG MX 2MIN
DY MAX MIN AVG DEP HDD CDD WTR SNW DPTH SPD SPD DIR MIN PSBL S-S WX SPD DR
================================================================================
1 33 20 27 -15 38 0 0.03 M M 15.8 28 310 M M 10 128 34 300
2 34 18 26 -16 39 0 T M M 16.4 28 300 M M 3 37 290
3 47 22 35 -8 30 0 0.00 M M 7.9 16 270 M M 4 21 260
4 62 44 53 10 12 0 0.00 M M 15.6 24 300 M M 2 33 320
5 65 37 51 7 14 0 T M M 6.9 18 300 M M 3 28 320
6 72 47 60 16 5 0 T M M 5.9 20 280 M M 3 27 300
7 75 55 65 20 0 0 T M M 7.8 18 290 M M 4 24 280
8 70 52 61 16 4 0 T M M 11.0 21 140 M M 3 33 150
9 55 47 51 6 14 0 0.08 M M 8.7 18 140 M M 10 12 27 140
10 64 51 58 12 7 0 0.31 M M 10.8 18 160 M M 8 1 25 140
11 66 51 59 13 6 0 0.49 M M 8.1 23 180 M M 9 1 27 160
12 56 46 51 4 14 0 0.15 M M 7.5 20 270 M M 10 1 28 250
13 63 45 54 7 11 0 0.00 M M 6.4 15 290 M M 6 1 21 320
14 58 43 51 3 14 0 0.01 M M 7.1 14 250 M M 6 21 270
15 45 33 39 -9 26 0 0.02 M M 10.1 21 290 M M 10 1 27 280
16 43 34 39 -9 26 0 0.23 M M 13.8 23 290 M M 10 1 31 280
17 43 34 39 -10 26 0 T M M 8.0 17 300 M M 9 1 24 290
18 55 30 43 -6 22 0 T M M 5.9 13 310 M M 4 1 16 250
19 60 39 50 0 15 0 T M M 7.3 18 250 M M 4 23 240
20 64 43 54 4 11 0 T M M 10.2 22 250 M M 4 29 240
21 48 27 38 -13 27 0 0.01 M M 14.9 28 300 M M 8 18 35 300
22 40 26 33 -18 32 0 0.07 M M 14.6 30 300 M M 10 128 37 300
23 54 30 42 -9 23 0 0.00 M M 11.3 23 260 M M 0 30 250
24 56 37 47 -5 18 0 0.18 M M 6.4 15 170 M M 4 1 21 190
25 56 35 46 -6 19 0 0.03 M M 12.9 28 310 M M 7 12 36 320
26 57 30 44 -8 21 0 0.00 M M 9.2 18 320 M M 0 21 310
27 78 44 61 8 4 0 T M M 10.7 26 250 M M 1 35 260
28 74 63 69 16 0 4 0.12 M M 12.4 23 250 M M 5 13 30 280
29 67 49 58 4 7 0 0.73 M M 14.8 35 240 M M 10 123 50 230
30 52 35 44 -10 21 0 0.13 M M 19.8 37 310 M M 8 1 49 300
================================================================================
SM 1712 1167 506 4 2.59 M 318.2 M 175
================================================================================
AV 57.1 38.9 10.6 FASTST M M 6 MAX(MPH)
MISC ----> 37 310 50 230
================================================================================
NOTES:
# LAST OF SEVERAL OCCURRENCES
COLUMN 17 PEAK WIND IN M.P.H.
PRELIMINARY LOCAL CLIMATOLOGICAL DATA (WS FORM: F-6) , PAGE 2
STATION: JOHNSTOWN
MONTH: APRIL
YEAR: 2021
LATITUDE: 40 18 N
LONGITUDE: 78 50 W
[TEMPERATURE DATA] [PRECIPITATION DATA] SYMBOLS USED IN COLUMN 16
AVERAGE MONTHLY: 48.0 TOTAL FOR MONTH: 2.59 1 = FOG OR MIST
DPTR FM NORMAL: -0.1 DPTR FM NORMAL: -0.95 2 = FOG REDUCING VISIBILITY
HIGHEST: 78 ON 27 GRTST 24HR 0.84 ON 28-29 TO 1/4 MILE OR LESS
LOWEST: 18 ON 2 3 = THUNDER
SNOW, ICE PELLETS, HAIL 4 = ICE PELLETS
TOTAL MONTH: M 5 = HAIL
GRTST 24HR M ON M 6 = FREEZING RAIN OR DRIZZLE
GRTST DEPTH: M ON M 7 = DUSTSTORM OR SANDSTORM:
VSBY 1/2 MILE OR LESS
8 = SMOKE OR HAZE
[NO. OF DAYS WITH] [WEATHER - DAYS WITH] 9 = BLOWING SNOW
X = TORNADO
MAX 32 OR BELOW: 0 0.01 INCH OR MORE: 15
MAX 90 OR ABOVE: 0 0.10 INCH OR MORE: 8
MIN 32 OR BELOW: 8 0.50 INCH OR MORE: 1
MIN 0 OR BELOW: 0 1.00 INCH OR MORE: 0
[HDD (BASE 65) ]
TOTAL THIS MO. 506 CLEAR (SCALE 0-3) 7
DPTR FM NORMAL -5 PTCLDY (SCALE 4-7) 14
TOTAL FM JUL 1 5676 CLOUDY (SCALE 8-10) 9
DPTR FM NORMAL -356
[CDD (BASE 65) ]
TOTAL THIS MO. 4
DPTR FM NORMAL -2 [PRESSURE DATA]
TOTAL FM JAN 1 4 HIGHEST SLP 30.45 ON 3
DPTR FM NORMAL -2 LOWEST SLP 29.44 ON 11
[REMARKS]
#FINAL-04-21#
SENT TO FILL MISSING DAY IN ACIS DATABASE FOR PRECIP ON THE 19TH