000
CXUS51 KCTP 010820
CLSJST
CLIMATE REPORT
NATIONAL WEATHER SERVICE STATE COLLEGE PA
320 AM EST WED MAR 01 2023
...................................
...THE JOHNSTOWN CLIMATE SUMMARY FOR THE SEASON, FROM
12/1/2022 TO 2/28/2023...
CLIMATE NORMAL PERIOD 1991 TO 2020
CLIMATE RECORD PERIOD 1892 TO 2023
WEATHER OBSERVED NORMAL DEPART LAST YEAR`S
VALUE DATE(S) VALUE FROM VALUE DATE(S)
NORMAL
................................................................
TEMPERATURE (F)
RECORD
HIGH 80 01/26/1950
LOW -20 01/30/1977
HIGHEST 67 02/15 64 12/16
LOWEST -8 12/23 -2 01/22
12/24
01/27
AVG. MAXIMUM 41.3 35.8 5.5 38.6
AVG. MINIMUM 26.9 21.6 5.3 22.4
MEAN 34.1 28.7 5.4 30.5
DAYS MAX >= 90 0 0.0 0.0 0
DAYS MAX <= 32 23 42.1 -19.1 32
DAYS MIN <= 32 67 76.4 -9.4 71
DAYS MIN <= 0 2 3.2 -1.2 2
PRECIPITATION (INCHES)
RECORD
MAXIMUM 18.07 1937
MINIMUM 5.73 2015
TOTALS 9.33 7.75 1.58 11.00
DAILY AVG. 0.10 0.09 0.01 0.12
DAYS >= .01 45 43.8 1.2 39
DAYS >= .10 18 19.7 -1.7 20
DAYS >= .50 6 4.3 1.7 8
DAYS >= 1.00 1 0.7 0.3 2
GREATEST
24 HR. TOTAL 1.68 0MM03 TO 01/03 1.34
STORM TOTAL 1.68 1.23
(MM/DD(HH)) MM
DEGREE DAYS
HEATING TOTAL 2763 3262 -499 3084
SINCE 7/1 4066 4632 -566 MM
COOLING TOTAL 0 0 0 0
SINCE 1/1 0 0 0 MM
FREEZE DATES
RECORD
EARLIEST 08/31/1894
LATEST 05/27/1915
EARLIEST 10/19
LATEST 04/29
................................................................
WIND (MPH)
AVERAGE WIND SPEED 10.8
RESULTANT WIND SPEED/DIRECTION 7/250
HIGHEST WIND SPEED/DIRECTION 40/280 DATE 02/21
HIGHEST GUST SPEED/DIRECTION 60/260 DATE 12/23
SKY COVER
POSSIBLE SUNSHINE (PERCENT) MM
AVERAGE SKY COVER 0.66
NUMBER OF DAYS FAIR 19
NUMBER OF DAYS PC 23
NUMBER OF DAYS CLOUDY 48
WEATHER CONDITIONS. NUMBER OF DAYS WITH
THUNDERSTORM 2 MIXED PRECIP 0
HEAVY RAIN 8 RAIN 13
LIGHT RAIN 36 FREEZING RAIN 2
LT FREEZING RAIN 9 HAIL 0
HEAVY SNOW 3 SNOW 9
LIGHT SNOW 34 SLEET 1
FOG 57 FOG W/VIS <= 1/4 MILE 22
HAZE 13
- INDICATES NEGATIVE NUMBERS.
R INDICATES RECORD WAS SET OR TIED.
MM INDICATES DATA IS MISSING.
T INDICATES TRACE AMOUNT.
$$