000
CXHW53 PHFO 011250
CF6KOA
PRELIMINARY LOCAL CLIMATOLOGICAL DATA (WS FORM: F-6)
STATION: KONA HI
MONTH: DECEMBER
YEAR: 2021
LATITUDE: 19 38 N
LONGITUDE: 156 0 W
TEMPERATURE IN F: :PCPN: SNOW: WIND :SUNSHINE: SKY :PK WND
================================================================================
1 2 3 4 5 6A 6B 7 8 9 10 11 12 13 14 15 16 17 18
12Z AVG MX 2MIN
DY MAX MIN AVG DEP HDD CDD WTR SNW DPTH SPD SPD DIR MIN PSBL S-S WX SPD DR
================================================================================
1 84 72 78 1 0 13 T M M 6.3 13 280 M M 5 17 290
2 85 73 79 2 0 14 0.00 M M 7.0 13 210 M M 1 16 190
3 81 71 76 -1 0 11 0.89 M M 6.3 18 150 M M 6 1 21 150
4 75 68 72 -5 0 7 0.26 M M 7.0 14 300 M M 10 1 17 300
5 79 70 75 -2 0 10 0.49 M M 15.9 37 150 M M 8 1 53 150
6 85 74 80 3 0 15 0.01 M M 10.6 31 150 M M 8 38 150
7 84 75 80 3 0 15 0.04 M M 8.0 17 310 M M 8 1 21 310
8 85 73 79 2 0 14 T M M 9.5 17 270 M M 7 20 270
9 84 73 79 2 0 14 0.00 M M 6.4 12 230 M M 5 14 230
10 84 71 78 2 0 13 0.00 M M 6.6 14 200 M M 3 17 220
11 84 70 77 1 0 12 0.00 M M 5.8 12 140 M M 3 15 240
12 83 71 77 1 0 12 0.00 M M 8.3 23 10 M M 3 30 50
13 84 72 78 2 0 13 0.00 M M 7.6 16 70 M M 3 21 60
14 83 71 77 1 0 12 0.00 M M 6.9 14 160 M M 3 16 180
15 84 70 77 1 0 12 0.00 M M 6.9 14 120 M M 5 17 140
16 83 70 77 1 0 12 0.02 M M 5.4 14 200 M M 5 17 210
17 82 71 77 1 0 12 0.00 M M 6.9 14 320 M M 2 17 330
18 83 70 77 1 0 12 0.00 M M 6.9 12 230 M M 2 15 200
19 84 72 78 2 0 13 0.07 M M 7.2 21 30 M M 4 26 30
20 84 70 77 1 0 12 T M M 6.6 14 140 M M 3 17 160
21 82 69 76 0 0 11 0.01 M M 6.7 16 130 M M 5 19 130
22 80 68 74 -2 0 9 0.19 M M 8.3 20 350 M M 6 1 22 150
23 82 68 75 -1 0 10 0.00 M M 6.1 13 150 M M 3 14 220
24 83 69 76 0 0 11 0.00 M M 5.6 14 190 M M 2 17 200
25 82 66 74 -2 0 9 0.00 M M 7.0 17 50 M M 2 21 30
26 81 67 74 -2 0 9 0.00 M M 6.6 13 20 M M 3 15 220
27 82 70 76 0 0 11 0.00 M M 5.3 14 40 M M 4 16 50
28 82 69 76 0 0 11 0.00 M M 6.8 18 20 M M 4 24 40
29 81 69 75 0 0 10 0.00 M M 5.9 14 150 M M 3 16 150
30 81 73 77 2 0 12 T M M 6.1 13 130 M M 5 16 80
31 85 71 78 3 0 13 0.00 M M 7.8 22 170 M M 5 27 180
================================================================================
SM 2561 2186 0 364 1.98 M 224.3 M 136
================================================================================
AV 82.6 70.5 7.2 FASTST M M 4 MAX(MPH)
MISC ----> 37 150 53 150
================================================================================
NOTES:
# LAST OF SEVERAL OCCURRENCES
COLUMN 17 PEAK WIND IN M.P.H.
PRELIMINARY LOCAL CLIMATOLOGICAL DATA (WS FORM: F-6) , PAGE 2
STATION: KONA HI
MONTH: DECEMBER
YEAR: 2021
LATITUDE: 19 38 N
LONGITUDE: 156 0 W
[TEMPERATURE DATA] [PRECIPITATION DATA] SYMBOLS USED IN COLUMN 16
AVERAGE MONTHLY: 76.6 TOTAL FOR MONTH: 1.98 1 = FOG OR MIST
DPTR FM NORMAL: 0.4 DPTR FM NORMAL: 0.92 2 = FOG REDUCING VISIBILITY
HIGHEST: 85 ON 31, 8 GRTST 24HR 1.10 ON 3- 4 TO 1/4 MILE OR LESS
LOWEST: 66 ON 25 3 = THUNDER
SNOW, ICE PELLETS, HAIL 4 = ICE PELLETS
TOTAL MONTH: M 5 = HAIL
GRTST 24HR M ON M 6 = FREEZING RAIN OR DRIZZLE
GRTST DEPTH: M ON M 7 = DUSTSTORM OR SANDSTORM:
VSBY 1/2 MILE OR LESS
8 = SMOKE OR HAZE
[NO. OF DAYS WITH] [WEATHER - DAYS WITH] 9 = BLOWING SNOW
X = TORNADO
MAX 32 OR BELOW: 0 0.01 INCH OR MORE: 9
MAX 90 OR ABOVE: 0 0.10 INCH OR MORE: 4
MIN 32 OR BELOW: 0 0.50 INCH OR MORE: 1
MIN 0 OR BELOW: 0 1.00 INCH OR MORE: 0
[HDD (BASE 65) ]
TOTAL THIS MO. 0 CLEAR (SCALE 0-3) 9
DPTR FM NORMAL 0 PTCLDY (SCALE 4-7) 19
TOTAL FM JUL 1 0 CLOUDY (SCALE 8-10) 3
DPTR FM NORMAL 0
[CDD (BASE 65) ]
TOTAL THIS MO. 364
DPTR FM NORMAL 18 [PRESSURE DATA]
TOTAL FM JAN 1 5027 HIGHEST SLP 30.07 ON 9
DPTR FM NORMAL 188 LOWEST SLP 29.65 ON 4
[REMARKS]
#FINAL-12-21#