019
CXHW53 PHFO 011250
CF6KOA
PRELIMINARY LOCAL CLIMATOLOGICAL DATA (WS FORM: F-6)
STATION: KONA HI
MONTH: JULY
YEAR: 2020
LATITUDE: 19 38 N
LONGITUDE: 156 0 W
TEMPERATURE IN F: :PCPN: SNOW: WIND :SUNSHINE: SKY :PK WND
================================================================================
1 2 3 4 5 6A 6B 7 8 9 10 11 12 13 14 15 16 17 18
12Z AVG MX 2MIN
DY MAX MIN AVG DEP HDD CDD WTR SNW DPTH SPD SPD DIR MIN PSBL S-S WX SPD DR
================================================================================
1 88 75 82 2 0 17 0.00 0.0 M 9.1 24 60 M M M 29 50
2 87 77 82 2 0 17 0.00 0.0 M 8.5 20 40 M M M 28 30
3 85 73 79 -1 0 14 0.05 0.0 M 7.9 16 300 M M M 1 18 290
4 86 76 81 1 0 16 T 0.0 M 7.8 14 40 M M M 17 30
5 86 77 82 2 0 17 0.10 0.0 M 8.1 18 270 M M M 1 22 270
6 85 73 79 -1 0 14 T 0.0 M 8.3 15 50 M M M 21 50
7 86 74 80 0 0 15 T 0.0 M 9.4 20 150 M M M 22 150
8 86 74 80 0 0 15 0.01 0.0 M 6.4 15 140 M M M 19 150
9 87 73 80 0 0 15 0.00 0.0 M 7.4 15 20 M M M 20 20
10 86 76 81 1 0 16 0.03 0.0 M 6.3 12 110 M M M 15 200
11 85 75 80 0 0 15 T 0.0 M 7.3 24 30 M M M 32 110
12 88 74 81 1 0 16 0.32 0.0 M 9.2 18 200 M M M 22 190
13 86 71 79 -1 0 14 0.00 0.0 M 7.8 15 210 M M M 19 220
14 87 74 81 1 0 16 T 0.0 M 8.7 15 230 M M M 18 230
15 86 75 81 1 0 16 0.00 0.0 M 8.0 13 110 M M M 17 220
16 87 76 82 2 0 17 T 0.0 M 7.5 15 210 M M M 20 190
17 87 75 81 1 0 16 0.05 0.0 M 5.8 14 190 M M M 1 18 210
18 87 77 82 2 0 17 0.00 0.0 M 7.5 15 190 M M M 19 190
19 88 77 83 3 0 18 0.00 0.0 M 7.7 15 210 M M M 19 190
20 M M M M M M M M M M M M M M M M M
21 87 72 80 0 0 15 0.00 0.0 M 8.2 16 140 M M M 19 140
22 87 75 81 1 0 16 0.00 0.0 M 9.2 18 150 M M M 21 140
23 87 74 81 1 0 16 T 0.0 M 7.6 17 60 M M M 22 60
24 88 75 82 2 0 17 0.00 0.0 M 7.9 16 200 M M M 20 190
25 88 76 82 2 0 17 0.00 0.0 M 9.0 21 40 M M M 24 20
26 90 78 84 4 0 19 0.02 0.0 M 11.9 23 10 M M M 1 29 360
27 88 77 83 3 0 18 0.00 0.0 M 10.9 21 40 M M M 25 40
28 88 78 83 3 0 18 0.00 0.0 M 7.9 16 140 M M M 20 140
29 87 76 82 1 0 17 0.03 0.0 M 6.6 17 40 M M M 21 50
30 87 75 81 0 0 16 0.22 0.0 M 8.9 17 240 M M M 21 180
31 84 75 80 -1 0 15 0.00 0.0 M 6.8 15 40 M M M 18 30
================================================================================
SM 2604 2253 0 485 0.83 0.0 243.6 M M
================================================================================
AV 86.8 75.1 8.1 FASTST M M 0 MAX(MPH)
MISC ----> # 24 60 # 32 110
================================================================================
NOTES:
# LAST OF SEVERAL OCCURRENCES
COLUMN 17 PEAK WIND IN M.P.H.
PRELIMINARY LOCAL CLIMATOLOGICAL DATA (WS FORM: F-6) , PAGE 2
STATION: KONA HI
MONTH: JULY
YEAR: 2020
LATITUDE: 19 38 N
LONGITUDE: 156 0 W
[TEMPERATURE DATA] [PRECIPITATION DATA] SYMBOLS USED IN COLUMN 16
AVERAGE MONTHLY: 81.0 TOTAL FOR MONTH: 0.83 1 = FOG OR MIST
DPTR FM NORMAL: 0.9 DPTR FM NORMAL: 0.13 2 = FOG REDUCING VISIBILITY
HIGHEST: 90 ON 26 GRTST 24HR 0.32 ON 12-12 TO 1/4 MILE OR LESS
LOWEST: 71 ON 13 3 = THUNDER
SNOW, ICE PELLETS, HAIL 4 = ICE PELLETS
TOTAL MONTH: 0.0 INCH 5 = HAIL
GRTST 24HR 0.0 6 = FREEZING RAIN OR DRIZZLE
GRTST DEPTH: M ON M 7 = DUSTSTORM OR SANDSTORM:
VSBY 1/2 MILE OR LESS
8 = SMOKE OR HAZE
[NO. OF DAYS WITH] [WEATHER - DAYS WITH] 9 = BLOWING SNOW
X = TORNADO
MAX 32 OR BELOW: 0 0.01 INCH OR MORE: 9
MAX 90 OR ABOVE: 1 0.10 INCH OR MORE: 3
MIN 32 OR BELOW: 0 0.50 INCH OR MORE: 0
MIN 0 OR BELOW: 0 1.00 INCH OR MORE: 0
[HDD (BASE 65) ]
TOTAL THIS MO. 0 CLEAR (SCALE 0-3) 0
DPTR FM NORMAL 0 PTCLDY (SCALE 4-7) 0
TOTAL FM JUL 1 0 CLOUDY (SCALE 8-10) 0
DPTR FM NORMAL 0
[CDD (BASE 65) ]
TOTAL THIS MO. 485
DPTR FM NORMAL 18 [PRESSURE DATA]
TOTAL FM JAN 1 2674 HIGHEST SLP 30.03 ON 8
DPTR FM NORMAL 115 LOWEST SLP 29.86 ON 26
[REMARKS]
#FINAL-07-20#