000
CXUS55 KPUB 011210
CF6LAA
PRELIMINARY LOCAL CLIMATOLOGICAL DATA (WS FORM: F-6)
STATION: LAMAR CO
MONTH: SEPTEMBER
YEAR: 2023
LATITUDE: 38 4 N
LONGITUDE: 102 41 W
TEMPERATURE IN F: :PCPN: SNOW: WIND :SUNSHINE: SKY :PK WND
================================================================================
1 2 3 4 5 6A 6B 7 8 9 10 11 12 13 14 15 16 17 18
12Z AVG MX 2MIN
DY MAX MIN AVG DEP HDD CDD WTR SNW DPTH SPD SPD DIR MIN PSBL S-S WX SPD DR
================================================================================
1 105 59 82 8 0 17 0.00 M M 11.7 24 160 M M 0 38 180
2 103 67 85 12 0 20 0.00 M M 9.3 21 210 M M 0 28 230
3 101 52 77 4 0 12 0.00 M M 8.6 18 160 M M 0 27 160
4 103 58 81 8 0 16 0.00 M M 8.9 25 210 M M 0 33 210
5 87 53 70 -2 0 5 0.00 M M 7.4 17 20 M M 0 26 350
6 95 48 72 0 0 7 0.00 M M 9.8 20 160 M M 0 8 27 170
7 99 50 75 3 0 10 0.00 M M 7.3 16 40 M M 0 18 28 30
8 96 53 75 3 0 10 0.00 M M 7.6 17 130 M M 0 8 23 120
9 96 55 76 5 0 11 0.00 M M 7.8 20 150 M M 0 18 28 150
10 90 61 76 5 0 11 T M M 16.8 32 70 M M 2 8 46 60
11 66 54 60 -10 5 0 0.47 M M 7.4 16 40 M M 8 1 21 70
12 73 50 62 -8 3 0 0.00 M M 8.5 18 150 M M 4 12 28 180
13 81 53 67 -3 0 2 0.00 M M 9.4 21 140 M M 3 1 29 130
14 78 56 67 -2 0 2 0.00 M M 7.9 17 130 M M 5 1 23 120
15 68 55 62 -7 3 0 0.01 M M 4.9 12 20 M M 8 16 40
16 80 48 64 -4 1 0 0.00 M M 5.0 13 330 M M 0 1 19 330
17 88 42 65 -3 0 0 0.00 M M 5.6 13 160 M M 0 17 170
18 94 49 72 4 0 7 0.00 M M 6.5 16 280 M M 0 20 300
19 90 56 73 6 0 8 0.00 M M 8.4 18 310 M M 1 8 26 310
20 91 49 70 3 0 5 0.00 M M 9.9 24 170 M M 0 34 180
21 92 53 73 7 0 8 0.00 M M 7.5 21 180 M M 0 28 270
22 91 46 69 3 0 4 0.00 M M 6.1 15 140 M M 1 1 19 140
23 78 46 62 -3 3 0 0.00 M M 4.0 13 320 M M 0 18 310
24 83 41 62 -3 3 0 0.00 M M 5.7 14 180 M M 0 22 240
25 90 42 66 2 0 1 0.00 M M 7.8 17 180 M M 0 25 190
26 92 49 71 7 0 6 0.00 M M 5.6 18 90 M M 0 29 90
27 90 44 67 4 0 2 0.00 M M 4.8 15 140 M M 0 19 150
28 97 49 73 10 0 8 0.00 M M 9.6 26 180 M M 0 39 150
29 92 46 69 7 0 4 0.00 M M 8.2 21 180 M M 0 8 29 180
30 92 47 70 8 0 5 T M M 14.4 32 200 M M 0 8 45 210
================================================================================
SM 2681 1531 18 181 0.48 M 242.4 M 32
================================================================================
AV 89.4 51.0 8.1 FASTST M M 1 MAX(MPH)
MISC ----> # 32 70 46 60
================================================================================
NOTES:
# LAST OF SEVERAL OCCURRENCES
COLUMN 17 PEAK WIND IN M.P.H.
PRELIMINARY LOCAL CLIMATOLOGICAL DATA (WS FORM: F-6) , PAGE 2
STATION: LAMAR CO
MONTH: SEPTEMBER
YEAR: 2023
LATITUDE: 38 4 N
LONGITUDE: 102 41 W
[TEMPERATURE DATA] [PRECIPITATION DATA] SYMBOLS USED IN COLUMN 16
AVERAGE MONTHLY: 70.2 TOTAL FOR MONTH: 0.48 1 = FOG OR MIST
DPTR FM NORMAL: 2.0 DPTR FM NORMAL: -0.55 2 = FOG REDUCING VISIBILITY
HIGHEST: 105 ON 1 GRTST 24HR 0.47 ON 10-11 TO 1/4 MILE OR LESS
LOWEST: 41 ON 24 3 = THUNDER
SNOW, ICE PELLETS, HAIL 4 = ICE PELLETS
TOTAL MONTH: M 5 = HAIL
GRTST 24HR M ON M 6 = FREEZING RAIN OR DRIZZLE
GRTST DEPTH: M ON M 7 = DUSTSTORM OR SANDSTORM:
VSBY 1/2 MILE OR LESS
8 = SMOKE OR HAZE
[NO. OF DAYS WITH] [WEATHER - DAYS WITH] 9 = BLOWING SNOW
X = TORNADO
MAX 32 OR BELOW: 0 0.01 INCH OR MORE: 2
MAX 90 OR ABOVE: 20 0.10 INCH OR MORE: 1
MIN 32 OR BELOW: 0 0.50 INCH OR MORE: 0
MIN 0 OR BELOW: 0 1.00 INCH OR MORE: 0
[HDD (BASE 65) ]
TOTAL THIS MO. 18 CLEAR (SCALE 0-3) 26
DPTR FM NORMAL -42 PTCLDY (SCALE 4-7) 4
TOTAL FM JUL 1 18 CLOUDY (SCALE 8-10) 0
DPTR FM NORMAL -45
[CDD (BASE 65) ]
TOTAL THIS MO. 181
DPTR FM NORMAL 24 [PRESSURE DATA]
TOTAL FM JAN 1 1165 HIGHEST SLP 30.21 ON 12
DPTR FM NORMAL -138 LOWEST SLP 29.42 ON 4
[REMARKS]
#FINAL-09-23#