000
CXUS53 KGRR 011524
CLSLAN
WRKCLSLAN 000
TTAA00 GRR 011521
CLIMATE REPORT
NATIONAL WEATHER SERVICE GRAND RAPIDS, MICHIGAN
1111 AM EDT WED JUN 01 2022
...................................
...THE LANSING CLIMATE SUMMARY FOR THE SEASON, FROM
3/1/2022 TO 5/31/2022...
CLIMATE NORMAL PERIOD: 1991 TO 2020
CLIMATE RECORD PERIOD: 1864 TO 2022
WEATHER OBSERVED NORMAL DEPART LAST YEAR`S
VALUE DATE(S) VALUE FROM VALUE DATE(S)
NORMAL
................................................................
TEMPERATURE (F)
RECORD
HIGH 96 05/28/1874
LOW -25 03/02/1868
HIGHEST 90 05/31 85 5 90 05/25
LOWEST 11 03/12 3 8 14 03/02
AVG. MAXIMUM 58.3 57.1 1.2 60.7
AVG. MINIMUM 39.3 36.6 2.7 37.3
MEAN 48.8 46.9 1.9 49.0
DAYS MAX >= 90 1 0.2 0.8 1
DAYS MAX <= 32 4 5.5 -1.5 0
DAYS MIN <= 32 30 37.3 -7.3 31
DAYS MIN <= 0 0 0.7 -0.7 0
PRECIPITATION (INCHES)
RECORD
MAXIMUM 14.96 2011
MINIMUM 3.53 1958
TOTALS 11.28 9.05 2.23 4.48
DAILY AVG. 0.12 0.10 0.02 0.05
DAYS >= .01 46 35.9 10.1 MM
DAYS >= .10 28 20.3 7.7 MM
DAYS >= .50 6 5.6 0.4 MM
DAYS >= 1.00 2 1.4 0.6 MM
GREATEST
24 HR. TOTAL 1.80 05/26 TO 05/27
SNOWFALL (INCHES)
RECORDS
TOTAL 34.8 1877
SNOW DEPTH 20 03/05/1875
03/03/1875
TOTALS 7.3 7.6 -0.3 0.2
SINCE 7/1 58.1 50.2 7.9 MM
SNOWDEPTH AVG. 0 0
DAYS >= TRACE 21 6.7 14.3 MM
DAYS >= 1.0 3 2.4 0.6 MM
GREATEST
SNOW DEPTH 3 03/11 1 03/01
03/12
03/13
03/02
DEGREE DAYS
HEATING TOTAL 1579 1712 -133 1499
SINCE 7/1 5997 6563 -566 MM
COOLING TOTAL 117 46 71 10001
SINCE 1/1 117 46 71 MM
FREEZE DATES
RECORD
EARLIEST 08/03/1894
LATEST 07/15/1863
EARLIEST 10/24
LATEST 05/12
................................................................
WIND (MPH)
AVERAGE WIND SPEED 9.9
RESULTANT WIND SPEED/DIRECTION 3/220
HIGHEST WIND SPEED/DIRECTION 45/250 DATE 04/24
HIGHEST GUST SPEED/DIRECTION 66/250 DATE 04/24
SKY COVER
POSSIBLE SUNSHINE (PERCENT) MM
AVERAGE SKY COVER 0.53
NUMBER OF DAYS FAIR 30
NUMBER OF DAYS PC 32
NUMBER OF DAYS CLOUDY 30
AVERAGE RH (PERCENT) 64
WEATHER CONDITIONS. NUMBER OF DAYS WITH
THUNDERSTORM 9 MIXED PRECIP 0
HEAVY RAIN 9 RAIN 15
LIGHT RAIN 38 FREEZING RAIN 1
LT FREEZING RAIN 3 HAIL 0
HEAVY SNOW 0 SNOW 2
LIGHT SNOW 18 SLEET 0
FOG 43 FOG W/VIS <= 1/4 MILE 3
HAZE 30
- INDICATES NEGATIVE NUMBERS.
R INDICATES RECORD WAS SET OR TIED.
MM INDICATES DATA IS MISSING.
T INDICATES TRACE AMOUNT.
$$