000
CXUS56 KLOX 011630
CLMLAX
CLIMATE REPORT
NATIONAL WEATHER SERVICE LOS ANGELES/OXNARD
930 AM PDT FRI SEP 01 2023
...................................
...THE LOS ANGELES INTL AIRPORT CA CLIMATE SUMMARY FOR THE MONTH OF AUGUST 2023...
CLIMATE NORMAL PERIOD: 1991 TO 2020
CLIMATE RECORD PERIOD: 1944 TO 2023
WEATHER OBSERVED NORMAL DEPART LAST YEAR`S
VALUE DATE(S) VALUE FROM VALUE
NORMAL
..............................................................
TEMPERATURE (F)
HIGHEST 85 08/28
LOWEST 63 08/19
08/25
08/26
AVG. MAXIMUM 76.2 76.7 -0.5
AVG. MINIMUM 64.7 64.8 -0.1
MEAN 70.5 70.7 -0.2
DAYS MAX >= 90 0
DAYS MAX <= 32 0
DAYS MIN <= 32 0
DAYS MIN <= 0 0
PRECIPITATION (INCHES)
TOTALS 2.57 0.00 2.57
DAILY AVG. 0.08 0.00 0.08
DAYS >= .01 2
DAYS >= .10 1
DAYS >= .50 1
DAYS >= 1.00 1
GREATEST
24 HR. TOTAL 2.55 08/20 TO 08/21
DEGREE DAYS
HEATING TOTAL 0 1 -1 0
SINCE 7/1 4 2 2 MM
COOLING TOTAL 176 179 -3 228
SINCE 1/1 315 439 -124 MM
..............................................................
WIND (MPH)
AVERAGE WIND SPEED 7.8
HIGHEST WIND SPEED/DIRECTION 21/260 DATE 08/16
21/250 08/17
21/260 08/20
HIGHEST GUST SPEED/DIRECTION 28/140 DATE 08/21
SKY COVER
POSSIBLE SUNSHINE (PERCENT) MM
AVERAGE SKY COVER 0.45
NUMBER OF DAYS FAIR 12
NUMBER OF DAYS PC 15
NUMBER OF DAYS CLOUDY 4
AVERAGE RH (PERCENT) 79
WEATHER CONDITIONS. NUMBER OF DAYS WITH
THUNDERSTORM 1 MIXED PRECIP 0
HEAVY RAIN 1 RAIN 2
LIGHT RAIN 5 FREEZING RAIN 0
LT FREEZING RAIN 0 HAIL 0
HEAVY SNOW 0 SNOW 0
LIGHT SNOW 0 SLEET 0
FOG 19 FOG W/VIS <= 1/4 MILE 3
HAZE 12
- INDICATES NEGATIVE NUMBERS.
R INDICATES RECORD WAS SET OR TIED.
MM INDICATES DATA IS MISSING.
T INDICATES TRACE AMOUNT.
$$