000
CXUS54 KHGX 011515
CF6LBX
PRELIMINARY LOCAL CLIMATOLOGICAL DATA (WS FORM: F-6)
STATION: ANGLETON/LAKE_JACKS
MONTH: JULY
YEAR: 2020
LATITUDE: 29 6 N
LONGITUDE: 95 28 W
TEMPERATURE IN F: :PCPN: SNOW: WIND :SUNSHINE: SKY :PK WND
================================================================================
1 2 3 4 5 6A 6B 7 8 9 10 11 12 13 14 15 16 17 18
12Z AVG MX 2MIN
DY MAX MIN AVG DEP HDD CDD WTR SNW DPTH SPD SPD DIR MIN PSBL S-S WX SPD DR
================================================================================
1 91 80 86 4 0 21 0.00 0.0 0 13.8 22 180 M M 9 27 180
2 93 77 85 3 0 20 0.00 0.0 0 7.2 15 180 M M 7 1 18 190
3 95 73 84 2 0 19 0.00 0.0 0 3.2 13 40 M M 2 1 16 60
4 94 75 85 3 0 20 0.00 0.0 0 4.2 14 190 M M 1 18 17 190
5 91 75 83 1 0 18 0.00 0.0 0 6.9 18 190 M M 2 18 23 190
6 92 80 86 4 0 21 0.01 0.0 0 9.3 20 190 M M 2 23 180
7 92 79 86 4 0 21 0.00 0.0 0 9.8 22 180 M M 3 26 180
8 92 80 86 4 0 21 0.00 0.0 0 10.5 21 190 M M 7 1 26 170
9 92 79 86 4 0 21 0.00 0.0 0 9.8 21 180 M M 3 1 26 180
10 94 76 85 3 0 20 0.00 0.0 0 7.2 16 170 M M 2 1 18 190
11 96 77 87 5 0 22 0.00 0.0 0 5.9 18 170 M M 1 1 23 170
12 94 72 83 1 0 18 0.00 0.0 0 4.7 13 190 M M 2 18 17 210
13 94 78 86 4 0 21 0.00 0.0 0 7.5 18 170 M M 1 1 22 180
14 93 77 85 3 0 20 0.00 0.0 0 9.2 21 180 M M 2 1 27 200
15 93 78 86 4 0 21 0.00 0.0 0 8.7 20 180 M M 3 24 190
16 95 75 85 3 0 20 0.01 0.0 0 4.7 17 170 M M 2 1 22 180
17 88 75 82 0 0 17 0.13 0.0 0 4.7 16 150 M M 2 13 21 160
18 92 73 83 1 0 18 0.00 0.0 0 5.0 15 130 M M 2 1 20 130
19 92 74 83 1 0 18 0.05 0.0 0 5.1 16 110 M M 2 138 20 110
20 85 74 80 -2 0 15 0.15 0.0 0 5.7 20 100 M M 3 13 25 90
21 88 75 82 0 0 17 1.11 0.0 0 5.3 15 160 M M 5 13 22 160
22 89 76 83 1 0 18 0.61 0.0 0 3.3 17 190 M M 3 138 23 200
23 94 74 84 2 0 19 0.26 0.0 0 6.4 18 40 M M 1 13 25 40
24 90 78 84 2 0 19 0.11 0.0 0 11.6 23 60 M M 5 13 34 40
25 86 74 80 -2 0 15 0.97 0.0 0 10.9 31 130 M M 7 18 40 140
26 87 77 82 0 0 17 0.17 0.0 0 8.4 17 120 M M 5 138 24 120
27 89 75 82 0 0 17 0.22 0.0 0 5.1 14 140 M M 2 13 19 120
28 81 73 77 -5 0 12 2.06 0.0 0 2.6 22 200 M M 4 13 26 200
29 88 72 80 -2 0 15 0.00 0.0 0 5.7 21 180 M M 3 13 24 180
30 91 77 84 2 0 19 T 0.0 0 9.4 18 180 M M 2 22 180
31 92 75 84 2 0 19 0.00 0.0 0 6.9 17 190 M M 2 1 21 190
================================================================================
SM 2823 2353 0 579 5.86 0.0 218.7 M 97
================================================================================
AV 91.1 75.9 7.1 FASTST M M 3 MAX(MPH)
MISC ----> # 31 130 # 40 140
================================================================================
NOTES:
# LAST OF SEVERAL OCCURRENCES
COLUMN 17 PEAK WIND IN M.P.H.
PRELIMINARY LOCAL CLIMATOLOGICAL DATA (WS FORM: F-6) , PAGE 2
STATION: ANGLETON/LAKE_JACKS
MONTH: JULY
YEAR: 2020
LATITUDE: 29 6 N
LONGITUDE: 95 28 W
[TEMPERATURE DATA] [PRECIPITATION DATA] SYMBOLS USED IN COLUMN 16
AVERAGE MONTHLY: 83.5 TOTAL FOR MONTH: 5.86 1 = FOG OR MIST
DPTR FM NORMAL: 1.2 DPTR FM NORMAL: 1.30 2 = FOG REDUCING VISIBILITY
HIGHEST: 96 ON 11 GRTST 24HR 2.06 ON 28-28 TO 1/4 MILE OR LESS
LOWEST: 72 ON 29,12 3 = THUNDER
SNOW, ICE PELLETS, HAIL 4 = ICE PELLETS
TOTAL MONTH: 0.0 INCH 5 = HAIL
GRTST 24HR 0.0 6 = FREEZING RAIN OR DRIZZLE
GRTST DEPTH: 0 7 = DUSTSTORM OR SANDSTORM:
VSBY 1/2 MILE OR LESS
8 = SMOKE OR HAZE
[NO. OF DAYS WITH] [WEATHER - DAYS WITH] 9 = BLOWING SNOW
X = TORNADO
MAX 32 OR BELOW: 0 0.01 INCH OR MORE: 13
MAX 90 OR ABOVE: 22 0.10 INCH OR MORE: 10
MIN 32 OR BELOW: 0 0.50 INCH OR MORE: 4
MIN 0 OR BELOW: 0 1.00 INCH OR MORE: 2
[HDD (BASE 65) ]
TOTAL THIS MO. 0 CLEAR (SCALE 0-3) 22
DPTR FM NORMAL 0 PTCLDY (SCALE 4-7) 8
TOTAL FM JUL 1 0 CLOUDY (SCALE 8-10) 1
DPTR FM NORMAL 0
[CDD (BASE 65) ]
TOTAL THIS MO. 579
DPTR FM NORMAL 41 [PRESSURE DATA]
TOTAL FM JAN 1 1916 HIGHEST SLP 30.10 ON 17
DPTR FM NORMAL 326 LOWEST SLP 29.77 ON 25
[REMARKS]
#FINAL-07-20#