000
CXUS54 KLCH 011617
CF6LCH
PRELIMINARY LOCAL CLIMATOLOGICAL DATA (WS FORM: F-6)
STATION: LAKE CHARLES
MONTH: JUNE
YEAR: 2023
LATITUDE: 30 7 N
LONGITUDE: 93 13 W
TEMPERATURE IN F: :PCPN: SNOW: WIND :SUNSHINE: SKY :PK WND
================================================================================
1 2 3 4 5 6A 6B 7 8 9 10 11 12 13 14 15 16 17 18
12Z AVG MX 2MIN
DY MAX MIN AVG DEP HDD CDD WTR SNW DPTH SPD SPD DIR MIN PSBL S-S WX SPD DR
================================================================================
1 87 65 76 -4 0 11 0.00 0.0 M 3.5 17 180 M M 1 13 23 180
2 89 68 79 -1 0 14 0.00 0.0 M 4.8 10 110 M M 1 1 17 90
3 89 68 79 -1 0 14 0.21 0.0 M 7.3 21 20 M M 2 13 29 20
4 84 65 75 -6 0 10 0.00 0.0 M 4.9 16 240 M M 1 20 240
5 84 68 76 -5 0 11 0.75 0.0 M 5.3 31 90 M M 3 138 42 80
6 87 66 77 -4 0 12 0.00 0.0 M 4.8 10 80 M M 1 17 70
7 88 67 78 -3 0 13 0.03 0.0 M 4.4 20 160 M M 2 138 31 180
8 88 68 78 -3 0 13 0.31 0.0 M 4.1 20 270 M M 1 138 30 270
9 90 68 79 -3 0 14 0.00 0.0 M 5.8 12 190 M M 0 17 180
10 87 71 79 -3 0 14 0.11 0.0 M 7.5 18 190 M M 1 13 26 190
11 87 70 79 -3 0 14 T 0.0 M 8.3 18 200 M M 2 27 190
12 88 75 82 0 0 17 0.00 0.0 M 7.3 15 200 M M 2 23 190
13 89 71 80 -2 0 15 0.00 0.0 M 8.6 16 210 M M 2 1 23 220
14 88 79 84 2 0 19 0.00 0.0 M 12.5 24 210 M M 1 35 220
15 90 78 84 2 0 19 0.00 0.0 M 9.2 17 210 M M 3 18 24 180
16 90 78 84 2 0 19 0.00 0.0 M 9.8 20 210 M M 2 1 28 200
17 91 77 84 2 0 19 0.00 0.0 M 7.4 16 210 M M 2 1 26 220
18 90 80 85 3 0 20 0.00 0.0 M 10.9 22 200 M M 3 31 200
19 92 79 86 3 0 21 0.00 0.0 M 10.0 18 210 M M 3 27 270
20 92 78 85 2 0 20 0.00 0.0 M 8.9 18 210 M M 2 138 26 210
21 92 73 83 0 0 18 0.03 0.0 M 5.2 25 280 M M 4 138 37 290
22 91 72 82 -1 0 17 0.73 0.0 M 6.4 24 260 M M 2 13 34 260
23 91 73 82 -1 0 17 0.21 0.0 M 5.9 20 210 M M 3 13 31 210
24 90 74 82 -1 0 17 0.00 0.0 M 7.4 16 220 M M 2 1 24 170
25 91 80 86 3 0 21 0.00 0.0 M 10.4 18 200 M M 2 26 210
26 91 76 84 1 0 19 0.00 0.0 M 7.6 18 220 M M 1 1 27 220
27 92 76 84 1 0 19 0.00 0.0 M 7.6 15 240 M M 1 21 200
28 94 78 86 3 0 21 0.00 0.0 0 6.5 15 200 M M 1 21 180
29 95 77 86 3 0 21 0.00 0.0 M 5.1 14 190 M M 1 18 200
30 96 77 87 4 0 22 0.00 0.0 0 4.9 12 220 M M 1 1 17 210
================================================================================
SM 2693 2195 0 501 2.38 0.0 212.3 M 53
================================================================================
AV 89.8 73.2 7.1 FASTST M M 2 MAX(MPH)
MISC ----> 31 90 42 80
================================================================================
NOTES:
# LAST OF SEVERAL OCCURRENCES
COLUMN 17 PEAK WIND IN M.P.H.
PRELIMINARY LOCAL CLIMATOLOGICAL DATA (WS FORM: F-6) , PAGE 2
STATION: LAKE CHARLES
MONTH: JUNE
YEAR: 2023
LATITUDE: 30 7 N
LONGITUDE: 93 13 W
[TEMPERATURE DATA] [PRECIPITATION DATA] SYMBOLS USED IN COLUMN 16
AVERAGE MONTHLY: 81.5 TOTAL FOR MONTH: 2.38 1 = FOG OR MIST
DPTR FM NORMAL: -0.6 DPTR FM NORMAL: -4.16 2 = FOG REDUCING VISIBILITY
HIGHEST: 96 ON 30 GRTST 24HR 0.76 ON 21-22 TO 1/4 MILE OR LESS
LOWEST: 65 ON 4, 1 3 = THUNDER
SNOW, ICE PELLETS, HAIL 4 = ICE PELLETS
TOTAL MONTH: 0.0 INCH 5 = HAIL
GRTST 24HR 0.0 6 = FREEZING RAIN OR DRIZZLE
GRTST DEPTH: 0 7 = DUSTSTORM OR SANDSTORM:
VSBY 1/2 MILE OR LESS
8 = SMOKE OR HAZE
[NO. OF DAYS WITH] [WEATHER - DAYS WITH] 9 = BLOWING SNOW
X = TORNADO
MAX 32 OR BELOW: 0 0.01 INCH OR MORE: 8
MAX 90 OR ABOVE: 17 0.10 INCH OR MORE: 6
MIN 32 OR BELOW: 0 0.50 INCH OR MORE: 2
MIN 0 OR BELOW: 0 1.00 INCH OR MORE: 0
[HDD (BASE 65) ]
TOTAL THIS MO. 0 CLEAR (SCALE 0-3) 27
DPTR FM NORMAL 0 PTCLDY (SCALE 4-7) 3
TOTAL FM JUL 1 1225 CLOUDY (SCALE 8-10) 0
DPTR FM NORMAL -89
[CDD (BASE 65) ]
TOTAL THIS MO. 501
DPTR FM NORMAL -12 [PRESSURE DATA]
TOTAL FM JAN 1 1157 HIGHEST SLP 30.04 ON 30
DPTR FM NORMAL 22 LOWEST SLP 29.73 ON 14
[REMARKS]
#FINAL-06-23#