000
CXUS54 KLCH 010830
CF6LCH
PRELIMINARY LOCAL CLIMATOLOGICAL DATA (WS FORM: F-6)
STATION: LAKE CHARLES
MONTH: MAY
YEAR: 2022
LATITUDE: 30 7 N
LONGITUDE: 93 13 W
TEMPERATURE IN F: :PCPN: SNOW: WIND :SUNSHINE: SKY :PK WND
================================================================================
1 2 3 4 5 6A 6B 7 8 9 10 11 12 13 14 15 16 17 18
12Z AVG MX 2MIN
DY MAX MIN AVG DEP HDD CDD WTR SNW DPTH SPD SPD DIR MIN PSBL S-S WX SPD DR
================================================================================
1 86 70 78 6 0 13 0.02 0.0 M 7.7 20 110 M M 4 13 26 100
2 86 68 77 4 0 12 T 0.0 M 10.6 22 160 M M 4 18 31 160
3 87 69 78 5 0 13 0.00 0.0 0 8.3 18 180 M M 5 18 28 180
4 87 69 78 5 0 13 0.00 0.0 0 9.8 20 160 M M 5 18 28 170
5 86 66 76 2 0 11 0.26 0.0 M 11.5 35 320 M M 6 138 50 310
6 87 62 75 1 0 10 0.00 0.0 M 5.6 13 280 M M 1 18 20 280
7 87 69 78 4 0 13 0.00 0.0 M 5.8 14 210 M M 4 128 20 210
8 89 69 79 5 0 14 0.00 0.0 M 9.2 16 180 M M 4 18 23 200
9 90 74 82 7 0 17 0.00 0.0 M 11.4 20 150 M M 4 18 28 150
10 90 70 80 5 0 15 0.00 0.0 M 9.5 17 160 M M 2 18 23 190
11 89 65 77 2 0 12 0.00 0.0 M 6.3 16 180 M M 0 1 22 150
12 90 64 77 2 0 12 0.00 0.0 M 4.8 14 200 M M 1 1 19 230
13 89 67 78 2 0 13 0.00 0.0 M 6.6 16 200 M M 1 1 26 210
14 89 67 78 2 0 13 0.00 0.0 M 6.2 17 210 M M 1 1 24 200
15 89 66 78 2 0 13 0.00 0.0 M 6.1 18 200 M M 1 12 25 190
16 92 71 82 6 0 17 0.00 0.0 M 8.5 16 240 M M 0 1 23 250
17 90 68 79 2 0 14 0.00 0.0 M 5.9 16 210 M M 2 12 22 200
18 89 70 80 3 0 15 0.00 0.0 M 10.5 17 190 M M 2 18 26 210
19 89 75 82 5 0 17 0.00 0.0 M 12.2 21 180 M M 3 32 220
20 90 74 82 5 0 17 0.00 0.0 M 15.6 25 170 M M 4 18 36 170
21 91 75 83 5 0 18 0.03 0.0 M 14.5 23 160 M M 8 18 29 170
22 86 68 77 -1 0 12 0.83 0.0 M 12.7 25 350 M M 4 13 36 340
23 82 68 75 -3 0 10 0.00 0.0 M 8.8 15 40 M M 8 138 21 60
24 82 68 75 -3 0 10 0.98 0.0 M 7.8 24 170 M M 5 1238 35 190
25 85 63 74 -5 0 9 0.31 0.0 M 9.7 36 300 M M 2 13 45 300
26 89 59 74 -5 0 9 0.00 0.0 M 7.2 20 290 M M 0 28 310
27 91 62 77 -2 0 12 0.00 0.0 M 8.9 16 10 M M 0 22 20
28 88 60 74 -5 0 9 0.00 0.0 0 4.6 10 110 M M 0 14 210
29 87 63 75 -5 0 10 0.00 0.0 0 8.3 17 160 M M 1 1 26 180
30 89 70 80 0 0 15 0.00 0.0 0 11.7 22 150 M M 1 28 160
31 91 73 82 2 0 17 0.00 0.0 M 10.4 20 160 M M 2 1 28 140
================================================================================
SM 2732 2102 0 405 2.43 0.0 276.7 M 85
================================================================================
AV 88.1 67.8 8.9 FASTST M M 3 MAX(MPH)
MISC ----> 36 300 50 310
================================================================================
NOTES:
# LAST OF SEVERAL OCCURRENCES
COLUMN 17 PEAK WIND IN M.P.H.
PRELIMINARY LOCAL CLIMATOLOGICAL DATA (WS FORM: F-6) , PAGE 2
STATION: LAKE CHARLES
MONTH: MAY
YEAR: 2022
LATITUDE: 30 7 N
LONGITUDE: 93 13 W
[TEMPERATURE DATA] [PRECIPITATION DATA] SYMBOLS USED IN COLUMN 16
AVERAGE MONTHLY: 78.0 TOTAL FOR MONTH: 2.43 1 = FOG OR MIST
DPTR FM NORMAL: 1.6 DPTR FM NORMAL: -2.97 2 = FOG REDUCING VISIBILITY
HIGHEST: 92 ON 16 GRTST 24HR 1.29 ON 24-25 TO 1/4 MILE OR LESS
LOWEST: 59 ON 26 3 = THUNDER
SNOW, ICE PELLETS, HAIL 4 = ICE PELLETS
TOTAL MONTH: 0.0 INCH 5 = HAIL
GRTST 24HR 0.0 6 = FREEZING RAIN OR DRIZZLE
GRTST DEPTH: 0 7 = DUSTSTORM OR SANDSTORM:
VSBY 1/2 MILE OR LESS
8 = SMOKE OR HAZE
[NO. OF DAYS WITH] [WEATHER - DAYS WITH] 9 = BLOWING SNOW
X = TORNADO
MAX 32 OR BELOW: 0 0.01 INCH OR MORE: 6
MAX 90 OR ABOVE: 9 0.10 INCH OR MORE: 4
MIN 32 OR BELOW: 0 0.50 INCH OR MORE: 2
MIN 0 OR BELOW: 0 1.00 INCH OR MORE: 0
[HDD (BASE 65) ]
TOTAL THIS MO. 0 CLEAR (SCALE 0-3) 18
DPTR FM NORMAL -2 PTCLDY (SCALE 4-7) 13
TOTAL FM JUL 1 1317 CLOUDY (SCALE 8-10) 0
DPTR FM NORMAL 5
[CDD (BASE 65) ]
TOTAL THIS MO. 405
DPTR FM NORMAL 51 [PRESSURE DATA]
TOTAL FM JAN 1 626 HIGHEST SLP 30.21 ON 22
DPTR FM NORMAL 4 LOWEST SLP 29.76 ON 20
[REMARKS]
#FINAL-05-22#