000
CXUS54 KSHV 011300
CF6LFK
PRELIMINARY LOCAL CLIMATOLOGICAL DATA (WS FORM: F-6)
STATION: LUFKIN
MONTH: OCTOBER
YEAR: 2022
LATITUDE: 31 14 N
LONGITUDE: 94 45 W
TEMPERATURE IN F: :PCPN: SNOW: WIND :SUNSHINE: SKY :PK WND
================================================================================
1 2 3 4 5 6A 6B 7 8 9 10 11 12 13 14 15 16 17 18
12Z AVG MX 2MIN
DY MAX MIN AVG DEP HDD CDD WTR SNW DPTH SPD SPD DIR MIN PSBL S-S WX SPD DR
================================================================================
1 85 48 67 -6 0 2 0.00 0.0 0 3.3 12 80 M M 0 17 80
2 87 48 68 -4 0 3 0.00 0.0 0 3.0 10 90 M M 0 15 330
3 90 49 70 -2 0 5 0.00 0.0 0 2.7 12 30 M M 0 15 10
4 87 53 70 -2 0 5 0.00 0.0 0 1.8 12 110 M M 0 18 160
5 87 53 70 -2 0 5 0.00 0.0 0 1.6 12 150 M M 0 8 14 140
6 90 53 72 1 0 7 0.00 0.0 0 1.6 10 110 M M 0 15 10
7 91 57 74 3 0 9 0.00 0.0 0 3.1 10 350 M M 0 15 330
8 87 64 76 6 0 11 0.00 0.0 0 6.9 14 90 M M 0 19 80
9 87 58 73 3 0 8 0.00 0.0 0 2.3 9 40 M M 0 14 350
10 87 57 72 2 0 7 0.00 0.0 0 3.1 12 60 M M 0 18 120
11 86 55 71 2 0 6 0.00 0.0 0 4.7 17 150 M M 0 24 170
12 93 63 78 9 0 13 0.00 0.0 0 3.6 13 200 M M 4 12 22 170
13 89 56 73 5 0 8 0.04 0.0 0 5.7 18 70 M M 1 13 29 80
14 89 49 69 1 0 4 0.00 0.0 0 3.3 10 150 M M 0 15 160
15 92 60 76 8 0 11 0.00 0.0 0 6.3 15 160 M M 0 21 160
16 87 67 77 10 0 12 T 0.0 0 5.5 16 20 M M 3 1 26 350
17 77 56 67 0 0 2 0.36 0.0 0 6.9 15 20 M M 5 13 23 10
18 67 44 56 -11 9 0 0.00 0.0 0 6.5 17 360 M M 0 28 20
19 68 33 51 -15 14 0 0.00 0.0 0 2.3 14 280 M M 0 17 340
20 83 41 62 -4 3 0 0.00 0.0 0 5.5 16 220 M M 0 24 220
21 85 52 69 3 0 4 0.00 0.0 0 8.1 18 180 M M 0 27 180
22 86 57 72 7 0 7 0.00 0.0 0 11.4 25 170 M M 0 35 150
23 87 64 76 11 0 11 0.00 0.0 0 11.1 25 150 M M 3 36 140
24 80 69 75 11 0 10 0.29 0.0 0 11.6 23 260 M M 7 13 37 240
25 71 47 59 -5 6 0 0.05 0.0 0 7.1 24 290 M M 0 13 36 300
26 76 40 58 -6 7 0 0.00 0.0 0 1.4 12 10 M M 0 16 360
27 77 43 60 -3 5 0 0.00 0.0 0 3.7 12 80 M M 0 19 90
28 65 58 62 -1 3 0 0.92 0.0 0 7.4 18 90 M M 10 13 25 90
29 63 55 59 -4 6 0 0.05 0.0 0 5.8 12 240 M M 10 18 16 240
30 76 52 64 2 1 0 0.00 0.0 0 3.5 17 260 M M 5 12 25 250
31 77 51 64 2 1 0 0.00 0.0 0 1.8 6 60 M M 0 1 10 300
================================================================================
SM 2552 1652 55 150 1.71 0.0 152.6 M 48
================================================================================
AV 82.3 53.3 4.9 FASTST M M 2 MAX(MPH)
MISC ----> # 25 170 37 240
================================================================================
NOTES:
# LAST OF SEVERAL OCCURRENCES
COLUMN 17 PEAK WIND IN M.P.H.
PRELIMINARY LOCAL CLIMATOLOGICAL DATA (WS FORM: F-6) , PAGE 2
STATION: LUFKIN
MONTH: OCTOBER
YEAR: 2022
LATITUDE: 31 14 N
LONGITUDE: 94 45 W
[TEMPERATURE DATA] [PRECIPITATION DATA] SYMBOLS USED IN COLUMN 16
AVERAGE MONTHLY: 67.8 TOTAL FOR MONTH: 1.71 1 = FOG OR MIST
DPTR FM NORMAL: 0.4 DPTR FM NORMAL: -3.02 2 = FOG REDUCING VISIBILITY
HIGHEST: 93 ON 12 GRTST 24HR 0.92 ON 28-28 TO 1/4 MILE OR LESS
LOWEST: 33 ON 19 3 = THUNDER
SNOW, ICE PELLETS, HAIL 4 = ICE PELLETS
TOTAL MONTH: 0.0 INCH 5 = HAIL
GRTST 24HR 0.0 6 = FREEZING RAIN OR DRIZZLE
GRTST DEPTH: 0 7 = DUSTSTORM OR SANDSTORM:
VSBY 1/2 MILE OR LESS
8 = SMOKE OR HAZE
[NO. OF DAYS WITH] [WEATHER - DAYS WITH] 9 = BLOWING SNOW
X = TORNADO
MAX 32 OR BELOW: 0 0.01 INCH OR MORE: 6
MAX 90 OR ABOVE: 5 0.10 INCH OR MORE: 3
MIN 32 OR BELOW: 0 0.50 INCH OR MORE: 1
MIN 0 OR BELOW: 0 1.00 INCH OR MORE: 0
[HDD (BASE 65) ]
TOTAL THIS MO. 55 CLEAR (SCALE 0-3) 23
DPTR FM NORMAL -13 PTCLDY (SCALE 4-7) 6
TOTAL FM JUL 1 55 CLOUDY (SCALE 8-10) 2
DPTR FM NORMAL -14
[CDD (BASE 65) ]
TOTAL THIS MO. 150
DPTR FM NORMAL 8 [PRESSURE DATA]
TOTAL FM JAN 1 3187 HIGHEST SLP 30.37 ON 19
DPTR FM NORMAL 705 LOWEST SLP 29.72 ON 24
[REMARKS]
#FINAL-10-22#