506
CXUS56 KLOX 011655
CF6LGB
PRELIMINARY LOCAL CLIMATOLOGICAL DATA (WS FORM: F-6)
STATION: LONG BEACH AIRPORT CA
MONTH: AUGUST
YEAR: 2020
LATITUDE: 33 49 N
LONGITUDE: 118 9 W
TEMPERATURE IN F: :PCPN: SNOW: WIND :SUNSHINE: SKY :PK WND
================================================================================
1 2 3 4 5 6A 6B 7 8 9 10 11 12 13 14 15 16 17 18
12Z AVG MX 2MIN
DY MAX MIN AVG DEP HDD CDD WTR SNW DPTH SPD SPD DIR MIN PSBL S-S WX SPD DR
================================================================================
1 78 63 71 -3 0 6 0.00 0.0 0 4.9 15 150 M M 1 18 19 150
2 75 62 69 -5 0 4 0.00 0.0 0 4.9 12 200 M M 5 128 16 150
3 76 65 71 -3 0 6 0.00 0.0 0 5.4 13 190 M M 4 18 16 190
4 75 65 70 -4 0 5 0.00 0.0 0 5.4 12 180 M M 6 1 16 180
5 77 64 71 -3 0 6 0.00 0.0 0 5.1 13 290 M M 5 16 240
6 76 64 70 -4 0 5 0.00 0.0 0 5.7 12 300 M M 5 16 230
7 81 62 72 -2 0 7 0.00 0.0 0 5.8 14 290 M M 0 1 17 290
8 82 63 73 -1 0 8 0.00 0.0 0 5.8 14 290 M M 0 18 15 280
9 81 62 72 -2 0 7 0.00 0.0 0 6.8 13 290 M M 0 16 310
10 82 62 72 -2 0 7 0.00 0.0 0 6.2 15 320 M M 2 18 19 290
11 78 61 70 -4 0 5 0.00 0.0 0 6.3 16 320 M M 0 21 310
12 86 61 74 0 0 9 0.00 0.0 0 5.0 15 290 M M 0 18 18 280
13 93 69 81 7 0 16 0.00 0.0 0 4.8 14 300 M M 0 21 310
14 96 69 83 9 0 18 0.00 0.0 0 5.7 16 290 M M 0 19 290
15 90 71 81 7 0 16 0.00 0.0 0 5.5 13 150 M M 1 16 150
16 86 70 78 4 0 13 0.00 0.0 0 5.7 14 160 M M 2 19 160
17 89 70 80 6 0 15 0.00 0.0 0 4.6 14 310 M M 0 16 300
18 100 70 85 11 0 20 0.00 0.0 0 4.9 17 180 M M 3 18 22 190
19 94 73 84 10 0 19 0.00 0.0 0 6.3 15 310 M M 0 19 310
20 93 73 83 9 0 18 0.00 0.0 0 5.1 14 180 M M 3 20 150
21 86 72 79 5 0 14 0.00 0.0 0 4.6 14 180 M M 1 8 17 180
22 90 73 82 8 0 17 0.00 0.0 0 5.2 14 190 M M 1 8 19 180
23 91 73 82 8 0 17 0.00 0.0 0 6.3 16 310 M M 3 20 300
24 84 71 78 4 0 13 0.00 0.0 0 8.6 16 300 M M 4 18 19 290
25 87 70 79 5 0 14 0.00 0.0 0 7.0 17 300 M M 2 18 M M
26 89 67 78 4 0 13 0.00 0.0 0 6.1 14 310 M M 0 1 17 290
27 91 68 80 6 0 15 0.00 0.0 0 5.7 15 300 M M 0 8 19 300
28 85 64 75 1 0 10 0.00 0.0 0 6.2 14 300 M M 0 19 280
29 82 64 73 -1 0 8 0.00 0.0 0 5.9 16 300 M M 3 18 18 310
30 80 65 73 -1 0 8 0.00 0.0 0 6.2 14 290 M M 4 18 290
31 80 65 73 -1 0 8 0.00 0.0 0 6.5 14 300 M M 3 8 24 300
================================================================================
SM 2633 2071 0 347 0.00 0.0 178.2 M 58
================================================================================
AV 84.9 66.8 5.7 FASTST M M 2 MAX(MPH)
MISC ----> # 17 180 # 24 300
================================================================================
NOTES:
# LAST OF SEVERAL OCCURRENCES
COLUMN 17 PEAK WIND IN M.P.H.
PRELIMINARY LOCAL CLIMATOLOGICAL DATA (WS FORM: F-6) , PAGE 2
STATION: LONG BEACH AIRPORT CA
MONTH: AUGUST
YEAR: 2020
LATITUDE: 33 49 N
LONGITUDE: 118 9 W
[TEMPERATURE DATA] [PRECIPITATION DATA] SYMBOLS USED IN COLUMN 16
AVERAGE MONTHLY: 75.9 TOTAL FOR MONTH: 0.00 1 = FOG OR MIST
DPTR FM NORMAL: 1.6 DPTR FM NORMAL: -0.03 2 = FOG REDUCING VISIBILITY
HIGHEST: 100 ON 18 GRTST 24HR 0.00 ON 31-31 TO 1/4 MILE OR LESS
LOWEST: 61 ON 12,11 3 = THUNDER
SNOW, ICE PELLETS, HAIL 4 = ICE PELLETS
TOTAL MONTH: 0.0 INCH 5 = HAIL
GRTST 24HR 0.0 6 = FREEZING RAIN OR DRIZZLE
GRTST DEPTH: 0 7 = DUSTSTORM OR SANDSTORM:
VSBY 1/2 MILE OR LESS
8 = SMOKE OR HAZE
[NO. OF DAYS WITH] [WEATHER - DAYS WITH] 9 = BLOWING SNOW
X = TORNADO
MAX 32 OR BELOW: 0 0.01 INCH OR MORE: 0
MAX 90 OR ABOVE: 9 0.10 INCH OR MORE: 0
MIN 32 OR BELOW: 0 0.50 INCH OR MORE: 0
MIN 0 OR BELOW: 0 1.00 INCH OR MORE: 0
[HDD (BASE 65) ]
TOTAL THIS MO. 0 CLEAR (SCALE 0-3) 22
DPTR FM NORMAL 0 PTCLDY (SCALE 4-7) 9
TOTAL FM JUL 1 0 CLOUDY (SCALE 8-10) 0
DPTR FM NORMAL 0
[CDD (BASE 65) ]
TOTAL THIS MO. 347
DPTR FM NORMAL 57 [PRESSURE DATA]
TOTAL FM JAN 1 913 HIGHEST SLP M ON M
DPTR FM NORMAL 145 LOWEST SLP 29.64 ON 20
[REMARKS]
#FINAL-08-20#