000
CXUS55 KBOU 010754
CF6LIC
PRELIMINARY LOCAL CLIMATOLOGICAL DATA (WS FORM: F-6)
STATION: LIMON CO
MONTH: JULY
YEAR: 2020
LATITUDE: 39 10 N
LONGITUDE: 103 42 W
TEMPERATURE IN F: :PCPN: SNOW: WIND :SUNSHINE: SKY :PK WND
================================================================================
1 2 3 4 5 6A 6B 7 8 9 10 11 12 13 14 15 16 17 18
12Z AVG MX 2MIN
DY MAX MIN AVG DEP HDD CDD WTR SNW DPTH SPD SPD DIR MIN PSBL S-S WX SPD DR
================================================================================
1 86 41 64 -4 1 0 0.00 M M 10.6 25 150 M M 0 34 160
2 95 63 79 11 0 14 0.00 M M 15.2 33 150 M M 3 8 44 160
3 91 49 70 1 0 5 0.95 M M 13.3 32 330 M M 1 3 55 340
4 86 58 72 3 0 7 0.29 M M 12.5 26 140 M M 2 3 33 150
5 83 55 69 0 0 4 0.00 M M 5.8 17 160 M M 0 26 150
6 90 58 74 5 0 9 T M M 10.9 28 330 M M 1 3 43 340
7 93 58 76 7 0 11 T M M 15.0 38 160 M M 0 3 47 150
8 94 53 74 5 0 9 0.00 M M 8.3 20 340 M M 0 26 340
9 88 55 72 2 0 7 0.06 M M 14.6 29 150 M M 0 3 40 70
10 96 61 79 9 0 14 T M M 6.7 17 140 M M 3 13 22 140
11 91 59 75 5 0 10 T M M 11.7 25 340 M M 0 33 330
12 93 61 77 7 0 12 T M M 14.6 29 320 M M 4 13 40 330
13 97 58 78 8 0 13 0.00 M M 8.7 38 10 M M 0 50 10
14 84 55 70 0 0 5 0.05 M M 9.0 28 20 M M 1 13 45 20
15 78 56 67 -3 0 2 0.00 M M 9.5 20 140 M M 3 1 30 90
16 93 53 73 3 0 8 T M M 6.7 24 10 M M 1 3 35 230
17 95 53 74 4 0 9 0.00 M M 6.9 25 330 M M 1 34 320
18 96 54 75 5 0 10 T M M 8.9 21 70 M M 0 27 60
19 91 61 76 6 0 11 0.39 M M 6.9 31 360 M M 2 38 37 360
20 91 55 73 3 0 8 T M M 7.2 29 140 M M 0 38 130
21 86 54 70 0 0 5 0.00 M M 12.5 29 160 M M 1 45 160
22 93 57 75 5 0 10 T M M 11.3 22 170 M M 1 12 31 160
23 92 55 74 4 0 9 0.00 M M 10.7 32 150 M M 1 42 130
24 94 60 77 7 0 12 0.02 M M 10.1 25 20 M M 2 3 33 290
25 92 54 73 3 0 8 0.01 M M 9.1 33 310 M M 3 3 46 300
26 85 59 72 2 0 7 0.08 M M 5.4 18 30 M M 4 13 23 50
27 81 60 71 1 0 6 0.00 M M 8.4 21 130 M M 5 12 28 120
28 84 53 69 -1 0 4 0.44 M M 9.2 29 300 M M 3 123 37 290
29 91 53 72 2 0 7 0.00 M M 10.2 25 340 M M 0 33 320
30 76 54 65 -5 0 0 0.00 M M 11.7 28 10 M M 2 38 10
31 86 47 67 -3 0 2 0.00 0.0 0 6.7 21 30 M M 2 28 330
================================================================================
SM 2771 1722 1 238 2.29 0.0 308.3 M 46
================================================================================
AV 89.4 55.6 9.9 FASTST M M 1 MAX(MPH)
MISC ----> # 38 160 # 55 340
================================================================================
NOTES:
# LAST OF SEVERAL OCCURRENCES
COLUMN 17 PEAK WIND IN M.P.H.
PRELIMINARY LOCAL CLIMATOLOGICAL DATA (WS FORM: F-6) , PAGE 2
STATION: LIMON CO
MONTH: JULY
YEAR: 2020
LATITUDE: 39 10 N
LONGITUDE: 103 42 W
[TEMPERATURE DATA] [PRECIPITATION DATA] SYMBOLS USED IN COLUMN 16
AVERAGE MONTHLY: 72.5 TOTAL FOR MONTH: 2.29 1 = FOG OR MIST
DPTR FM NORMAL: 2.8 DPTR FM NORMAL: -0.19 2 = FOG REDUCING VISIBILITY
HIGHEST: 97 ON 13 GRTST 24HR 0.95 ON 3- 3 TO 1/4 MILE OR LESS
LOWEST: 41 ON 1 3 = THUNDER
SNOW, ICE PELLETS, HAIL 4 = ICE PELLETS
TOTAL MONTH: 0.0 INCH 5 = HAIL
GRTST 24HR 0.0 6 = FREEZING RAIN OR DRIZZLE
GRTST DEPTH: 0 7 = DUSTSTORM OR SANDSTORM:
VSBY 1/2 MILE OR LESS
8 = SMOKE OR HAZE
[NO. OF DAYS WITH] [WEATHER - DAYS WITH] 9 = BLOWING SNOW
X = TORNADO
MAX 32 OR BELOW: 0 0.01 INCH OR MORE: 9
MAX 90 OR ABOVE: 19 0.10 INCH OR MORE: 4
MIN 32 OR BELOW: 0 0.50 INCH OR MORE: 1
MIN 0 OR BELOW: 0 1.00 INCH OR MORE: 0
[HDD (BASE 65) ]
TOTAL THIS MO. 1 CLEAR (SCALE 0-3) 28
DPTR FM NORMAL M PTCLDY (SCALE 4-7) 3
TOTAL FM JUL 1 1 CLOUDY (SCALE 8-10) 0
DPTR FM NORMAL M
[CDD (BASE 65) ]
TOTAL THIS MO. 238
DPTR FM NORMAL 89 [PRESSURE DATA]
TOTAL FM JAN 1 355 HIGHEST SLP 30.21 ON 30
DPTR FM NORMAL 212 LOWEST SLP 29.62 ON 13
[REMARKS]
#FINAL-07-20#