000
CXUS54 KLZK 011130
CF6LIT
PRELIMINARY LOCAL CLIMATOLOGICAL DATA (WS FORM: F-6)
STATION: LITTLE ROCK ADAMS FIELD
MONTH: MAY
YEAR: 2022
LATITUDE: 34 43 N
LONGITUDE: 92 14 W
TEMPERATURE IN F: :PCPN: SNOW: WIND :SUNSHINE: SKY :PK WND
================================================================================
1 2 3 4 5 6A 6B 7 8 9 10 11 12 13 14 15 16 17 18
12Z AVG MX 2MIN
DY MAX MIN AVG DEP HDD CDD WTR SNW DPTH SPD SPD DIR MIN PSBL S-S WX SPD DR
================================================================================
1 85 53 69 3 0 4 0.00 0.0 0 1.3 12 330 M M 4 15 330
2 76 59 68 2 0 3 0.03 0.0 0 5.9 18 200 M M 9 38 24 190
3 76 63 70 4 0 5 0.76 0.0 0 9.7 23 290 M M 10 135 30 290
4 75 59 67 1 0 2 0.00 0.0 0 9.5 16 80 M M 8 20 80
5 69 63 66 -1 0 1 0.84 0.0 0 6.1 26 320 M M 10 13 35 320
6 74 60 67 0 0 2 0.01 0.0 0 12.8 26 310 M M 6 1 34 310
7 80 55 68 1 0 3 0.00 0.0 0 6.3 14 120 M M 1 17 110
8 80 58 69 1 0 4 0.00 0.0 0 9.5 18 160 M M 7 23 150
9 90 67 79 11 0 14 0.00 0.0 0 9.2 18 200 M M 3 18 25 220
10 90 72 81 13 0 16 0.00 0.0 0 8.9 20 200 M M 4 18 27 200
11 94 70 82 14 0 17 0.00 0.0 0 5.0 13 220 M M 2 18 16 180
12 94 71 83 14 0 18 0.00 0.0 0 3.8 9 210 M M 1 9 210
13 97 71 84 15 0 19 0.00 0.0 0 6.2 17 120 M M 3 18 25 160
14 89 69 79 10 0 14 T 0.0 0 5.6 12 180 M M 7 3 12 180
15 90 66 78 8 0 13 0.42 0.0 0 5.4 44 320 M M 8 13 55 320
16 83 65 74 4 0 9 0.37 0.0 0 5.6 14 70 M M 5 3 22 310
17 83 61 72 2 0 7 0.00 0.0 0 6.1 20 120 M M 6 24 120
18 91 65 78 8 0 13 0.00 0.0 0 7.2 20 180 M M 5 23 210
19 91 73 82 11 0 17 0.00 0.0 0 11.5 23 220 M M 5 8 30 230
20 90 73 82 11 0 17 0.00 0.0 0 13.2 24 220 M M 5 8 32 190
21 91 64 78 7 0 13 0.81 0.0 0 10.0 36 320 M M 8 13 54 310
22 67 60 64 -8 1 0 0.69 0.0 0 10.1 18 30 M M 10 13 24 40
23 75 57 66 -6 0 1 0.00 0.0 0 8.6 16 90 M M 9 20 110
24 76 64 70 -2 0 5 0.78 0.0 0 8.4 15 90 M M 10 138 20 160
25 82 65 74 1 0 9 0.20 0.0 0 12.1 24 160 M M 8 1 32 170
26 70 58 64 -9 1 0 0.00 0.0 0 11.6 24 280 M M 7 30 280
27 82 55 69 -4 0 4 0.00 0.0 0 7.3 16 330 M M 2 23 320
28 84 59 72 -2 0 7 0.00 0.0 0 4.9 14 160 M M 4 17 170
29 89 63 76 2 0 11 0.00 0.0 0 8.4 17 160 M M 1 24 140
30 90 67 79 5 0 14 0.00 0.0 0 10.5 22 210 M M 4 29 240
31 91 68 80 6 0 15 0.00 0.0 0 6.2 16 210 M M 4 23 180
================================================================================
SM 2594 1973 2 277 4.91 0.0 246.9 M 176
================================================================================
AV 83.7 63.6 8.0 FASTST M M 6 MAX(MPH)
MISC ----> 44 320 55 320
================================================================================
NOTES:
# LAST OF SEVERAL OCCURRENCES
COLUMN 17 PEAK WIND IN M.P.H.
PRELIMINARY LOCAL CLIMATOLOGICAL DATA (WS FORM: F-6) , PAGE 2
STATION: LITTLE ROCK ADAMS FIELD
MONTH: MAY
YEAR: 2022
LATITUDE: 34 43 N
LONGITUDE: 92 14 W
[TEMPERATURE DATA] [PRECIPITATION DATA] SYMBOLS USED IN COLUMN 16
AVERAGE MONTHLY: 73.7 TOTAL FOR MONTH: 4.91 1 = FOG OR MIST
DPTR FM NORMAL: 3.8 DPTR FM NORMAL: -0.17 2 = FOG REDUCING VISIBILITY
HIGHEST: 97 ON 13 GRTST 24HR 1.50 ON 21-22 TO 1/4 MILE OR LESS
LOWEST: 53 ON 1 3 = THUNDER
SNOW, ICE PELLETS, HAIL 4 = ICE PELLETS
TOTAL MONTH: 0.0 INCH 5 = HAIL
GRTST 24HR 0.0 6 = FREEZING RAIN OR DRIZZLE
GRTST DEPTH: 0 7 = DUSTSTORM OR SANDSTORM:
VSBY 1/2 MILE OR LESS
8 = SMOKE OR HAZE
[NO. OF DAYS WITH] [WEATHER - DAYS WITH] 9 = BLOWING SNOW
X = TORNADO
MAX 32 OR BELOW: 0 0.01 INCH OR MORE: 10
MAX 90 OR ABOVE: 12 0.10 INCH OR MORE: 8
MIN 32 OR BELOW: 0 0.50 INCH OR MORE: 5
MIN 0 OR BELOW: 0 1.00 INCH OR MORE: 0
[HDD (BASE 65) ]
TOTAL THIS MO. 2 CLEAR (SCALE 0-3) 6
DPTR FM NORMAL -28 PTCLDY (SCALE 4-7) 17
TOTAL FM JUL 1 2527 CLOUDY (SCALE 8-10) 8
DPTR FM NORMAL -635
[CDD (BASE 65) ]
TOTAL THIS MO. 277
DPTR FM NORMAL 95 [PRESSURE DATA]
TOTAL FM JAN 1 372 HIGHEST SLP 30.26 ON 22
DPTR FM NORMAL 129 LOWEST SLP 29.61 ON 19
[REMARKS]
#FINAL-05-22#