169
CXUS54 KLZK 011130
CF6LLQ
PRELIMINARY LOCAL CLIMATOLOGICAL DATA (WS FORM: F-6)
STATION: MONTICELLO
MONTH: MARCH
YEAR: 2021
LATITUDE: 33 37 N
LONGITUDE: 91 45 W
TEMPERATURE IN F: :PCPN: SNOW: WIND :SUNSHINE: SKY :PK WND
================================================================================
1 2 3 4 5 6A 6B 7 8 9 10 11 12 13 14 15 16 17 18
12Z AVG MX 2MIN
DY MAX MIN AVG DEP HDD CDD WTR SNW DPTH SPD SPD DIR MIN PSBL S-S WX SPD DR
================================================================================
1 60 43 52 0 13 0 1.70 0.0 0 5.3 13 50 M M 8 13 23 20
2 48 34 41 -11 24 0 0.07 0.0 0 3.9 13 50 M M 4 17 40
3 64 31 48 -4 17 0 0.00 0.0 0 2.7 10 260 M M 0 14 270
4 72 38 55 3 10 0 0.00 0.0 0 3.4 10 150 M M 0 15 160
5 60 43 52 -1 13 0 0.01 0.0 0 6.7 16 50 M M 5 21 40
6 59 36 48 -5 17 0 0.00 0.0 M 6.4 20 60 M M 1 26 50
7 64 32 48 -5 17 0 0.00 0.0 M 2.5 14 90 M M 0 18 80
8 70 35 53 0 12 0 0.00 0.0 0 4.8 13 200 M M 0 19 160
9 73 49 61 7 4 0 0.00 0.0 0 7.9 17 150 M M 1 25 150
10 77 58 68 14 0 3 0.00 0.0 0 9.9 18 200 M M 6 28 200
11 77 64 71 17 0 6 0.00 0.0 0 8.2 16 180 M M 8 23 200
12 80 61 71 17 0 6 0.00 0.0 M 5.5 13 190 M M 7 18 190
13 78 61 70 15 0 5 0.00 0.0 0 4.2 16 50 M M 6 19 50
14 76 56 66 11 0 1 0.00 0.0 M 5.7 16 140 M M 4 1 24 290
15 80 55 68 13 0 3 0.52 0.0 M 5.4 18 210 M M 3 1 27 210
16 81 54 68 13 0 3 0.00 0.0 M 3.1 12 150 M M 2 17 150
17 76 58 67 11 0 2 0.22 0.0 0 7.9 20 260 M M 6 13 29 310
18 58 47 53 -3 12 0 0.00 0.0 0 13.3 23 260 M M 9 34 270
19 54 45 50 -6 15 0 0.04 0.0 0 6.8 15 50 M M 10 8 19 60
20 62 44 53 -3 12 0 0.00 0.0 0 3.5 15 50 M M 6 19 40
21 70 38 54 -3 11 0 0.00 0.0 0 3.3 10 110 M M 0 18 110
22 71 43 57 0 8 0 T 0.0 0 6.5 20 130 M M M 29 140
23 79 55 67 10 0 2 0.29 0.0 0 8.1 21 140 M M 4 13 34 130
24 79 55 67 10 0 2 0.03 0.0 0 5.8 13 130 M M 4 123 20 140
25 76 52 64 6 1 0 0.31 0.0 0 5.8 22 270 M M 6 13 33 280
26 76 47 62 4 3 0 0.00 0.0 0 3.9 12 150 M M 0 17 120
27 80 63 72 14 0 7 2.45 0.0 M 8.4 28 210 M M 9 13 37 210
28 68 44 56 -2 9 0 0.12 0.0 0 5.8 17 330 M M 2 13 26 320
29 69 39 54 -5 11 0 M M M 3.9 10 110 M M 0 18 99
30 72 45 59 0 6 0 0.35 M M 5.0 13 190 M M 7 138 16 170
31 71 39 55 -4 10 0 0.41 M M 7.1 21 40 M M 6 13 30 310
================================================================================
SM 2180 1464 225 40 6.52 0.0 180.7 M 124
================================================================================
AV 70.3 47.2 5.8 FASTST M M 4 MAX(MPH)
MISC ----> 28 210 37 210
================================================================================
NOTES:
# LAST OF SEVERAL OCCURRENCES
COLUMN 17 PEAK WIND IN M.P.H.
PRELIMINARY LOCAL CLIMATOLOGICAL DATA (WS FORM: F-6) , PAGE 2
STATION: MONTICELLO
MONTH: MARCH
YEAR: 2021
LATITUDE: 33 37 N
LONGITUDE: 91 45 W
[TEMPERATURE DATA] [PRECIPITATION DATA] SYMBOLS USED IN COLUMN 16
AVERAGE MONTHLY: 58.8 TOTAL FOR MONTH: 6.52 1 = FOG OR MIST
DPTR FM NORMAL: 3.4 DPTR FM NORMAL: 1.39 2 = FOG REDUCING VISIBILITY
HIGHEST: 81 ON 16 GRTST 24HR 2.90 ON 28- 1 TO 1/4 MILE OR LESS
LOWEST: 31 ON 3 3 = THUNDER
SNOW, ICE PELLETS, HAIL 4 = ICE PELLETS
TOTAL MONTH: 0.0 INCH 5 = HAIL
GRTST 24HR 0.0 6 = FREEZING RAIN OR DRIZZLE
GRTST DEPTH: 0 7 = DUSTSTORM OR SANDSTORM:
VSBY 1/2 MILE OR LESS
8 = SMOKE OR HAZE
[NO. OF DAYS WITH] [WEATHER - DAYS WITH] 9 = BLOWING SNOW
X = TORNADO
MAX 32 OR BELOW: 0 0.01 INCH OR MORE: 13
MAX 90 OR ABOVE: 0 0.10 INCH OR MORE: 9
MIN 32 OR BELOW: 2 0.50 INCH OR MORE: 3
MIN 0 OR BELOW: 0 1.00 INCH OR MORE: 2
[HDD (BASE 65) ]
TOTAL THIS MO. 225 CLEAR (SCALE 0-3) 11
DPTR FM NORMAL -96 PTCLDY (SCALE 4-7) 16
TOTAL FM JUL 1 2536 CLOUDY (SCALE 8-10) 4
DPTR FM NORMAL -12
[CDD (BASE 65) ]
TOTAL THIS MO. 40
DPTR FM NORMAL 17 [PRESSURE DATA]
TOTAL FM JAN 1 43 HIGHEST SLP 30.52 ON 8
DPTR FM NORMAL 15 LOWEST SLP 29.54 ON 17
[REMARKS]
#FINAL-03-21#