000
CXUS53 KOAX 010930
CF6LNK
PRELIMINARY LOCAL CLIMATOLOGICAL DATA (WS FORM: F-6)
STATION: LINCOLN NE
MONTH: OCTOBER
YEAR: 2022
LATITUDE: 40 50 N
LONGITUDE: 96 45 W
TEMPERATURE IN F: :PCPN: SNOW: WIND :SUNSHINE: SKY :PK WND
================================================================================
1 2 3 4 5 6A 6B 7 8 9 10 11 12 13 14 15 16 17 18
12Z AVG MX 2MIN
DY MAX MIN AVG DEP HDD CDD WTR SNW DPTH SPD SPD DIR MIN PSBL S-S WX SPD DR
================================================================================
1 83 56 70 9 0 5 0.00 0.0 0 10.2 17 130 M M 0 24 120
2 84 55 70 10 0 5 0.00 0.0 0 8.5 17 130 M M 0 28 170
3 86 51 69 9 0 4 0.00 0.0 0 9.7 21 180 M M 0 30 170
4 83 52 68 8 0 3 T 0.0 0 6.4 17 290 M M 3 26 200
5 78 49 64 5 1 0 T 0.0 0 6.3 18 350 M M 2 18 24 320
6 73 46 60 2 5 0 0.00 0.0 0 10.1 24 350 M M 0 36 350
7 60 30 45 -13 20 0 0.01 0.0 0 8.2 16 40 M M 3 21 10
8 70 25 48 -10 17 0 0.00 0.0 0 6.9 18 210 M M 1 26 230
9 79 38 59 2 6 0 0.00 0.0 0 3.4 13 330 M M 0 18 320
10 81 36 59 2 6 0 0.00 0.0 0 5.8 18 170 M M 0 26 180
11 85 56 71 15 0 6 0.50 0.0 0 15.6 32 330 M M 2 13 44 330
12 70 49 60 4 5 0 0.01 0.0 0 13.8 35 330 M M 2 51 320
13 63 38 51 -4 14 0 0.00 0.0 0 15.7 33 310 M M 0 47 300
14 68 30 49 -6 16 0 T 0.0 0 12.1 31 320 M M 3 43 310
15 76 29 53 -1 12 0 0.00 0.0 0 8.6 23 330 M M 1 31 240
16 62 30 46 -8 19 0 0.00 0.0 0 10.2 25 350 M M 3 32 330
17 52 26 39 -14 26 0 0.00 0.0 0 13.2 25 360 M M 0 8 33 350
18 46 18 32 -21 33 0 0.00 0.0 0 8.0 17 350 M M 0 24 360
19 65 16 41 -11 24 0 0.00 0.0 0 2.2 12 230 M M 0 15 190
20 78 32 55 3 10 0 0.00 0.0 0 4.0 14 300 M M 0 19 300
21 79 40 60 9 5 0 0.00 0.0 0 4.6 14 210 M M 0 8 20 200
22 82 34 58 7 7 0 0.00 0.0 0 9.0 20 180 M M 0 8 26 160
23 89 61 75 25 0 10 0.00 0.0 0 22.4 39 180 M M 1 8 56 190
24 77 32 55 5 10 0 0.09 0.0 0 7.4 30 200 M M 3 44 190
25 64 27 46 -4 19 0 0.00 0.0 0 7.7 25 330 M M 0 32 350
26 60 28 44 -5 21 0 T 0.0 0 5.8 20 140 M M 2 25 150
27 65 47 56 7 9 0 T 0.0 0 12.0 21 140 M M 8 27 140
28 67 41 54 6 11 0 0.00 0.0 0 2.0 9 120 M M 5 8 13 120
29 72 30 51 3 14 0 0.00 0.0 0 3.2 10 150 M M 0 15 170
30 71 41 56 9 9 0 0.00 0.0 0 5.4 15 360 M M 1 19 50
31 73 32 53 6 12 0 0.00 0.0 0 4.9 14 220 M M 0 18 220
================================================================================
SM 2241 1175 331 33 0.61 0.0 263.3 M 40
================================================================================
AV 72.3 37.9 8.5 FASTST M M 1 MAX(MPH)
MISC ----> 39 180 56 190
================================================================================
NOTES:
# LAST OF SEVERAL OCCURRENCES
COLUMN 17 PEAK WIND IN M.P.H.
PRELIMINARY LOCAL CLIMATOLOGICAL DATA (WS FORM: F-6) , PAGE 2
STATION: LINCOLN NE
MONTH: OCTOBER
YEAR: 2022
LATITUDE: 40 50 N
LONGITUDE: 96 45 W
[TEMPERATURE DATA] [PRECIPITATION DATA] SYMBOLS USED IN COLUMN 16
AVERAGE MONTHLY: 55.1 TOTAL FOR MONTH: 0.61 1 = FOG OR MIST
DPTR FM NORMAL: 1.3 DPTR FM NORMAL: -1.53 2 = FOG REDUCING VISIBILITY
HIGHEST: 89 ON 23 GRTST 24HR 0.51 ON 11-12 TO 1/4 MILE OR LESS
LOWEST: 16 ON 19 3 = THUNDER
SNOW, ICE PELLETS, HAIL 4 = ICE PELLETS
TOTAL MONTH: 0.0 INCH 5 = HAIL
GRTST 24HR 0.0 6 = FREEZING RAIN OR DRIZZLE
GRTST DEPTH: 0 7 = DUSTSTORM OR SANDSTORM:
VSBY 1/2 MILE OR LESS
8 = SMOKE OR HAZE
[NO. OF DAYS WITH] [WEATHER - DAYS WITH] 9 = BLOWING SNOW
X = TORNADO
MAX 32 OR BELOW: 0 0.01 INCH OR MORE: 4
MAX 90 OR ABOVE: 0 0.10 INCH OR MORE: 1
MIN 32 OR BELOW: 14 0.50 INCH OR MORE: 1
MIN 0 OR BELOW: 0 1.00 INCH OR MORE: 0
[HDD (BASE 65) ]
TOTAL THIS MO. 331 CLEAR (SCALE 0-3) 27
DPTR FM NORMAL -36 PTCLDY (SCALE 4-7) 4
TOTAL FM JUL 1 373 CLOUDY (SCALE 8-10) 0
DPTR FM NORMAL -74
[CDD (BASE 65) ]
TOTAL THIS MO. 33
DPTR FM NORMAL 13 [PRESSURE DATA]
TOTAL FM JAN 1 1546 HIGHEST SLP 30.58 ON 7
DPTR FM NORMAL 277 LOWEST SLP 29.26 ON 23
[REMARKS]
#FINAL-10-22#