000
CXUS53 KMKX 010810
CF6LNR
PRELIMINARY LOCAL CLIMATOLOGICAL DATA (WS FORM: F-6)
STATION: LONE ROCK WI
MONTH: APRIL
YEAR: 2021
LATITUDE: 43 12 N
LONGITUDE: 90 11 W
TEMPERATURE IN F: :PCPN: SNOW: WIND :SUNSHINE: SKY :PK WND
================================================================================
1 2 3 4 5 6A 6B 7 8 9 10 11 12 13 14 15 16 17 18
12Z AVG MX 2MIN
DY MAX MIN AVG DEP HDD CDD WTR SNW DPTH SPD SPD DIR MIN PSBL S-S WX SPD DR
================================================================================
1 43 19 31 -10 34 0 0.00 M M 4.7 14 340 M M 0 21 310
2 53 19 36 -6 29 0 0.00 M M 8.4 23 180 M M 0 32 170
3 73 32 53 11 12 0 0.00 M M 5.3 16 200 M M 0 24 210
4 78 32 55 12 10 0 0.00 M M 6.3 23 190 M M 0 31 160
5 79 52 66 23 0 1 0.00 M M 6.7 17 170 M M 0 26 240
6 81 54 68 24 0 3 0.00 M M 6.3 20 210 M M 2 29 210
7 75 53 64 20 1 0 0.00 M M 8.1 22 170 M M 3 29 160
8 65 48 57 13 8 0 0.27 M M 9.2 22 170 M M 10 1 29 160
9 58 48 53 8 12 0 0.30 M M 7.0 17 270 M M 10 1 24 270
10 52 46 49 4 16 0 0.34 M M 11.0 23 350 M M 10 18 36 350
11 53 47 50 4 15 0 0.39 0.0 0 10.3 22 330 M M 10 1 31 340
12 52 33 43 -3 22 0 0.00 0.0 0 9.0 22 280 M M 6 32 260
13 49 32 41 -5 24 0 T M M 11.4 22 280 M M 10 31 280
14 42 32 37 -10 28 0 0.01 M M 8.6 17 280 M M 9 25 290
15 50 31 41 -6 24 0 T M M 8.1 18 320 M M 8 24 300
16 63 31 47 -1 18 0 0.00 M M 4.6 18 340 M M 1 8 25 340
17 61 29 45 -3 20 0 0.00 M M 2.9 14 10 M M 0 19 340
18 64 31 48 -1 17 0 0.00 M M 5.3 18 270 M M 4 29 270
19 51 35 43 -6 22 0 0.02 M M 11.0 21 290 M M 9 30 270
20 44 28 36 -13 29 0 0.00 M M 3.4 14 300 M M 7 20 290
21 45 24 35 -15 30 0 0.00 M M 7.6 22 280 M M 5 29 290
22 64 24 44 -6 21 0 0.00 M M 5.5 22 290 M M 4 30 310
23 61 35 48 -3 17 0 0.00 M M 6.3 20 220 M M 7 27 210
24 62 38 50 -1 15 0 0.00 M M 7.2 20 340 M M 7 30 290
25 51 28 40 -11 25 0 T M M 6.8 20 110 M M 3 26 110
26 76 37 57 5 8 0 T M M 9.9 22 110 M M 4 30 100
27 80 46 63 11 2 0 0.00 M M 6.7 20 30 M M 4 26 20
28 68 47 58 6 7 0 0.00 M M 6.0 14 60 M M 4 18 320
29 73 47 60 7 5 0 0.00 M M 8.0 28 310 M M 4 3 39 360
30 64 44 54 1 11 0 M M M 8.1 20 360 M M 0 32 10
================================================================================
SM 1830 1102 482 4 1.33 0.0 219.7 M 141
================================================================================
AV 61.0 36.7 7.3 FASTST M M 5 MAX(MPH)
MISC ----> 28 310 39 360
================================================================================
NOTES:
# LAST OF SEVERAL OCCURRENCES
COLUMN 17 PEAK WIND IN M.P.H.
PRELIMINARY LOCAL CLIMATOLOGICAL DATA (WS FORM: F-6) , PAGE 2
STATION: LONE ROCK WI
MONTH: APRIL
YEAR: 2021
LATITUDE: 43 12 N
LONGITUDE: 90 11 W
[TEMPERATURE DATA] [PRECIPITATION DATA] SYMBOLS USED IN COLUMN 16
AVERAGE MONTHLY: 48.9 TOTAL FOR MONTH: 1.33 1 = FOG OR MIST
DPTR FM NORMAL: 1.5 DPTR FM NORMAL: -2.21 2 = FOG REDUCING VISIBILITY
HIGHEST: 81 ON 6 GRTST 24HR 0.72 ON 10-11 TO 1/4 MILE OR LESS
LOWEST: 19 ON 2, 1 3 = THUNDER
SNOW, ICE PELLETS, HAIL 4 = ICE PELLETS
TOTAL MONTH: 0.0 INCH 5 = HAIL
GRTST 24HR 0.0 6 = FREEZING RAIN OR DRIZZLE
GRTST DEPTH: 0 7 = DUSTSTORM OR SANDSTORM:
VSBY 1/2 MILE OR LESS
8 = SMOKE OR HAZE
[NO. OF DAYS WITH] [WEATHER - DAYS WITH] 9 = BLOWING SNOW
X = TORNADO
MAX 32 OR BELOW: 0 0.01 INCH OR MORE: 6
MAX 90 OR ABOVE: 0 0.10 INCH OR MORE: 4
MIN 32 OR BELOW: 14 0.50 INCH OR MORE: 0
MIN 0 OR BELOW: 0 1.00 INCH OR MORE: 0
[HDD (BASE 65) ]
TOTAL THIS MO. 482 CLEAR (SCALE 0-3) 10
DPTR FM NORMAL -46 PTCLDY (SCALE 4-7) 13
TOTAL FM JUL 1 6667 CLOUDY (SCALE 8-10) 7
DPTR FM NORMAL -352
[CDD (BASE 65) ]
TOTAL THIS MO. 4
DPTR FM NORMAL 2 [PRESSURE DATA]
TOTAL FM JAN 1 4 HIGHEST SLP M ON M
DPTR FM NORMAL 2 LOWEST SLP 29.32 ON 11
[REMARKS]
#FINAL-04-21#