000
CXUS53 KLMK 010710
CF6LOU
PRELIMINARY LOCAL CLIMATOLOGICAL DATA (WS FORM: F-6)
STATION: LOUISVILLE BOWMAN KY
MONTH: OCTOBER
YEAR: 2022
LATITUDE: 38 13 N
LONGITUDE: 85 39 W
TEMPERATURE IN F: :PCPN: SNOW: WIND :SUNSHINE: SKY :PK WND
================================================================================
1 2 3 4 5 6A 6B 7 8 9 10 11 12 13 14 15 16 17 18
12Z AVG MX 2MIN
DY MAX MIN AVG DEP HDD CDD WTR SNW DPTH SPD SPD DIR MIN PSBL S-S WX SPD DR
================================================================================
1 77 47 62 -3 3 0 0.00 M M 6.9 18 10 M M 0 24 20
2 75 52 64 0 1 0 0.00 M M 8.1 17 10 M M 0 27 10
3 74 47 61 -3 4 0 0.00 M M 5.7 14 50 M M 0 8 21 20
4 74 39 57 -6 8 0 0.00 M M 1.3 10 30 M M 0 15 340
5 78 42 60 -3 5 0 0.00 M M 0.5 7 10 M M 0 1 11 290
6 80 48 64 1 1 0 T M M 2.4 15 200 M M 4 18 22 190
7 68 48 58 -4 7 0 0.00 M M 6.9 16 310 M M 2 23 340
8 61 39 50 -12 15 0 0.00 M M 3.2 12 310 M M 0 16 320
9 66 34 50 -12 15 0 0.00 M M 3.5 14 240 M M 0 18 240
10 75 40 58 -3 7 0 0.00 M M 1.8 12 170 M M 1 1 16 190
11 77 44 61 0 4 0 0.00 M M 4.7 12 190 M M 0 18 190
12 82 59 71 11 0 6 T M M 10.0 23 200 M M 5 32 170
13 69 45 57 -3 8 0 0.00 M M 8.7 24 250 M M 4 35 250
14 71 36 54 -6 11 0 0.00 M M 8.6 24 220 M M 0 35 220
15 69 46 58 -1 7 0 0.00 M M 6.1 15 220 M M 1 23 220
16 73 41 57 -2 8 0 0.00 M M 4.8 16 230 M M 3 23 240
17 55 39 47 -11 18 0 0.00 M M 8.7 22 280 M M 4 8 32 310
18 47 35 41 -17 24 0 0.01 M M 9.0 16 280 M M 10 1 27 290
19 57 33 45 -13 20 0 0.00 M M 8.7 17 270 M M 1 24 220
20 61 28 45 -12 20 0 0.00 M M 6.7 18 190 M M 2 27 210
21 73 41 57 0 8 0 0.00 M M 7.9 18 180 M M 0 25 190
22 80 52 66 10 0 1 0.00 M M 8.1 21 170 M M 0 30 170
23 79 56 68 12 0 3 0.00 M M 7.2 18 170 M M 1 26 160
24 81 48 65 9 0 0 0.00 M M 6.3 20 160 M M 0 25 170
25 78 58 68 13 0 3 0.45 M M 10.3 22 160 M M 6 1 30 160
26 59 38 49 -6 16 0 0.01 M M 8.0 21 240 M M 7 1 31 250
27 61 32 47 -7 18 0 0.00 M M 6.3 15 30 M M 0 1 20 70
28 70 38 54 0 11 0 0.00 M M 1.9 9 60 M M 0 14 40
29 72 38 55 1 10 0 0.00 M M 2.7 10 120 M M 0 1 13 50
30 63 47 55 2 10 0 0.67 M M 3.5 10 140 M M 7 1 16 130
31 66 57 62 9 3 0 0.32 M M 7.7 22 210 M M 10 1 30 220
================================================================================
SM 2171 1347 262 13 1.46 M 186.2 M 68
================================================================================
AV 70.0 43.5 6.0 FASTST M M 2 MAX(MPH)
MISC ----> # 24 250 # 35 250
================================================================================
NOTES:
# LAST OF SEVERAL OCCURRENCES
COLUMN 17 PEAK WIND IN M.P.H.
PRELIMINARY LOCAL CLIMATOLOGICAL DATA (WS FORM: F-6) , PAGE 2
STATION: LOUISVILLE BOWMAN KY
MONTH: OCTOBER
YEAR: 2022
LATITUDE: 38 13 N
LONGITUDE: 85 39 W
[TEMPERATURE DATA] [PRECIPITATION DATA] SYMBOLS USED IN COLUMN 16
AVERAGE MONTHLY: 56.7 TOTAL FOR MONTH: 1.46 1 = FOG OR MIST
DPTR FM NORMAL: -2.1 DPTR FM NORMAL: -2.19 2 = FOG REDUCING VISIBILITY
HIGHEST: 82 ON 12 GRTST 24HR 0.67 ON 30-30 TO 1/4 MILE OR LESS
LOWEST: 28 ON 20 3 = THUNDER
SNOW, ICE PELLETS, HAIL 4 = ICE PELLETS
TOTAL MONTH: M 5 = HAIL
GRTST 24HR M ON M 6 = FREEZING RAIN OR DRIZZLE
GRTST DEPTH: M ON M 7 = DUSTSTORM OR SANDSTORM:
VSBY 1/2 MILE OR LESS
8 = SMOKE OR HAZE
[NO. OF DAYS WITH] [WEATHER - DAYS WITH] 9 = BLOWING SNOW
X = TORNADO
MAX 32 OR BELOW: 0 0.01 INCH OR MORE: 5
MAX 90 OR ABOVE: 0 0.10 INCH OR MORE: 3
MIN 32 OR BELOW: 2 0.50 INCH OR MORE: 1
MIN 0 OR BELOW: 0 1.00 INCH OR MORE: 0
[HDD (BASE 65) ]
TOTAL THIS MO. 262 CLEAR (SCALE 0-3) 22
DPTR FM NORMAL 30 PTCLDY (SCALE 4-7) 7
TOTAL FM JUL 1 301 CLOUDY (SCALE 8-10) 2
DPTR FM NORMAL 37
[CDD (BASE 65) ]
TOTAL THIS MO. 13
DPTR FM NORMAL -25 [PRESSURE DATA]
TOTAL FM JAN 1 1653 HIGHEST SLP M ON M
DPTR FM NORMAL 112 LOWEST SLP 29.63 ON 25
[REMARKS]
#FINAL-10-22#