435
CXUS53 KLMK 010710
CF6LOU
PRELIMINARY LOCAL CLIMATOLOGICAL DATA (WS FORM: F-6)
STATION: LOUISVILLE BOWMAN KY
MONTH: MARCH
YEAR: 2021
LATITUDE: 38 13 N
LONGITUDE: 85 39 W
TEMPERATURE IN F: :PCPN: SNOW: WIND :SUNSHINE: SKY :PK WND
================================================================================
1 2 3 4 5 6A 6B 7 8 9 10 11 12 13 14 15 16 17 18
12Z AVG MX 2MIN
DY MAX MIN AVG DEP HDD CDD WTR SNW DPTH SPD SPD DIR MIN PSBL S-S WX SPD DR
================================================================================
1 59 36 48 6 17 0 T M M 8.1 18 290 M M 2 1 29 330
2 49 27 38 -4 27 0 0.00 M M 3.8 10 80 M M 0 13 10
3 65 28 47 4 18 0 0.00 M M 4.9 15 230 M M 0 21 240
4 58 36 47 4 18 0 0.00 M M 6.7 18 40 M M 0 27 30
5 49 28 39 -4 26 0 0.00 M M 5.7 14 30 M M 0 8 20 50
6 52 31 42 -2 23 0 0.00 M M 4.8 14 20 M M 0 20 310
7 56 30 43 -1 22 0 0.00 M M 2.5 12 30 M M 2 17 310
8 67 29 48 4 17 0 0.00 M M 4.5 15 220 M M 0 20 220
9 70 37 54 9 11 0 0.00 M M 5.5 20 220 M M 0 26 210
10 73 50 62 17 3 0 0.00 M M 13.5 25 180 M M 1 35 180
11 70 59 65 20 0 0 1.32 M M 12.5 25 200 M M 9 13 36 200
12 64 49 57 11 8 0 0.49 M M 6.1 15 10 M M 7 1 22 340
13 59 43 51 5 14 0 0.00 M M 6.7 18 40 M M 4 24 50
14 50 36 43 -3 22 0 0.05 M M 3.9 17 60 M M 6 23 60
15 49 39 44 -3 21 0 0.33 M M 11.5 23 90 M M 9 1 33 90
16 72 39 56 9 9 0 0.00 M M 3.4 16 280 M M 3 18 20 290
17 65 40 53 6 12 0 0.16 M M 6.3 20 180 M M 4 18 27 160
18 69 42 56 8 9 0 0.33 M M 10.5 23 210 M M 9 1 31 220
19 56 36 46 -2 19 0 T M M 13.8 24 20 M M 3 36 350
20 63 31 47 -1 18 0 0.00 M M 4.1 10 70 M M 0 14 70
21 68 32 50 1 15 0 0.00 M M 2.4 12 140 M M 0 16 90
22 70 42 56 7 9 0 0.00 M M 3.8 16 140 M M 4 22 130
23 69 47 58 9 7 0 0.01 M M 8.0 18 180 M M 7 27 190
24 76 55 66 16 0 1 0.00 M M 11.0 22 220 M M 5 28 210
25 68 48 58 8 7 0 0.56 M M 7.7 26 230 M M 6 13 40 230
26 64 47 56 6 9 0 T M M 8.8 26 240 M M 6 37 250
27 75 40 58 7 7 0 0.01 M M 6.1 18 180 M M 2 1 25 180
28 66 41 54 3 11 0 0.02 M M 11.8 24 290 M M 7 1 37 300
29 61 33 47 -4 18 0 0.00 M M 3.5 13 160 M M 0 17 130
30 76 44 60 8 5 0 0.49 M M 10.7 25 180 M M 2 1 35 200
31 59 40 50 -2 15 0 0.53 M M 10.5 22 290 M M 6 1 39 340
================================================================================
SM 1967 1215 417 1 4.30 M 223.1 M 104
================================================================================
AV 63.5 39.2 7.2 FASTST M M 3 MAX(MPH)
MISC ----> # 26 230 40 230
================================================================================
NOTES:
# LAST OF SEVERAL OCCURRENCES
COLUMN 17 PEAK WIND IN M.P.H.
PRELIMINARY LOCAL CLIMATOLOGICAL DATA (WS FORM: F-6) , PAGE 2
STATION: LOUISVILLE BOWMAN KY
MONTH: MARCH
YEAR: 2021
LATITUDE: 38 13 N
LONGITUDE: 85 39 W
[TEMPERATURE DATA] [PRECIPITATION DATA] SYMBOLS USED IN COLUMN 16
AVERAGE MONTHLY: 51.3 TOTAL FOR MONTH: 4.30 1 = FOG OR MIST
DPTR FM NORMAL: 4.3 DPTR FM NORMAL: 0.14 2 = FOG REDUCING VISIBILITY
HIGHEST: 76 ON 30,24 GRTST 24HR 1.81 ON 11-12 TO 1/4 MILE OR LESS
LOWEST: 27 ON 2 3 = THUNDER
SNOW, ICE PELLETS, HAIL 4 = ICE PELLETS
TOTAL MONTH: M 5 = HAIL
GRTST 24HR M ON M 6 = FREEZING RAIN OR DRIZZLE
GRTST DEPTH: M ON M 7 = DUSTSTORM OR SANDSTORM:
VSBY 1/2 MILE OR LESS
8 = SMOKE OR HAZE
[NO. OF DAYS WITH] [WEATHER - DAYS WITH] 9 = BLOWING SNOW
X = TORNADO
MAX 32 OR BELOW: 0 0.01 INCH OR MORE: 12
MAX 90 OR ABOVE: 0 0.10 INCH OR MORE: 8
MIN 32 OR BELOW: 8 0.50 INCH OR MORE: 3
MIN 0 OR BELOW: 0 1.00 INCH OR MORE: 1
[HDD (BASE 65) ]
TOTAL THIS MO. 417 CLEAR (SCALE 0-3) 16
DPTR FM NORMAL -145 PTCLDY (SCALE 4-7) 12
TOTAL FM JUL 1 3681 CLOUDY (SCALE 8-10) 3
DPTR FM NORMAL -243
[CDD (BASE 65) ]
TOTAL THIS MO. 1
DPTR FM NORMAL -3 [PRESSURE DATA]
TOTAL FM JAN 1 1 HIGHEST SLP M ON M
DPTR FM NORMAL -3 LOWEST SLP 29.50 ON 18
[REMARKS]
#FINAL-03-21#