537
CXUS53 KLMK 030406
CF6LOU
PRELIMINARY LOCAL CLIMATOLOGICAL DATA (WS FORM: F-6)
STATION: LOUISVILLE BOWMAN KY
MONTH: NOVEMBER
YEAR: 2020
LATITUDE: 38 13 N
LONGITUDE: 85 39 W
TEMPERATURE IN F: :PCPN: SNOW: WIND :SUNSHINE: SKY :PK WND
================================================================================
1 2 3 4 5 6A 6B 7 8 9 10 11 12 13 14 15 16 17 18
12Z AVG MX 2MIN
DY MAX MIN AVG DEP HDD CDD WTR SNW DPTH SPD SPD DIR MIN PSBL S-S WX SPD DR
================================================================================
1 57 37 47 -6 18 0 0.00 M M 13.0 30 290 M M 2 43 280
2 51 28 40 -13 25 0 0.00 M M 4.8 15 230 M M 0 22 220
3 66 35 51 -2 14 0 0.00 M M 6.0 12 210 M M 0 17 200
4 73 41 57 5 8 0 0.00 M M 5.9 15 170 M M 0 20 170
5 68 46 57 5 8 0 0.00 M M 4.0 12 180 M M 0 15 180
6 71 39 55 3 10 0 0.00 M M 1.8 8 150 M M 0 18 10 150
7 76 40 58 7 7 0 0.00 M M 1.3 7 160 M M 0 18 10 190
8 81 48 65 14 0 0 0.00 M M 2.3 10 120 M M 0 1 13 130
9 81 51 66 16 0 1 0.00 M M 2.7 14 170 M M 4 18 130
10 80 61 71 21 0 6 0.13 M M 9.9 24 180 M M 6 1 33 170
11 70 43 57 8 8 0 0.17 M M 6.0 18 320 M M 7 1 29 320
12 58 35 47 -2 18 0 0.00 M M 4.5 14 50 M M 0 18 18 30
13 60 35 48 -1 17 0 0.00 M M 3.3 14 270 M M 1 8 20 280
14 61 33 47 -1 18 0 0.01 M M 4.5 15 180 M M 5 23 180
15 67 43 55 7 10 0 0.65 M M 16.1 31 250 M M 6 13 48 240
16 58 36 47 0 18 0 0.00 M M 8.0 15 200 M M 0 23 220
17 50 31 41 -6 24 0 0.00 M M 8.0 17 280 M M 1 27 310
18 52 30 41 -5 24 0 0.00 M M 5.2 15 160 M M 2 19 150
19 68 40 54 8 11 0 0.00 M M 12.1 22 190 M M 0 32 180
20 66 47 57 11 8 0 0.00 M M 9.0 20 210 M M 6 29 210
21 61 48 55 10 10 0 0.08 M M 5.0 13 30 M M 10 18 17 30
22 57 39 48 3 17 0 0.13 M M 7.6 21 270 M M 10 18 28 270
23 51 35 43 -1 22 0 0.00 M M 2.7 10 270 M M 3 13 270
24 56 42 49 5 16 0 T M M 6.6 15 170 M M 3 19 170
25 64 48 56 13 9 0 0.97 M M 11.7 26 250 M M 9 1 41 250
26 55 50 53 10 12 0 0.00 M M 5.8 15 240 M M 10 22 240
27 59 47 53 10 12 0 0.00 M M 3.4 9 110 M M 6 14 320
28 51 35 43 1 22 0 0.00 M M 2.1 8 330 M M 1 18 13 320
29 53 30 42 0 23 0 0.11 M M 3.1 13 320 M M 2 18 19 330
30 43 31 37 -4 28 0 0.65 M M 10.2 20 290 M M 10 1 30 280
================================================================================
SM 1864 1204 417 7 2.90 M 186.6 M 104
================================================================================
AV 62.1 40.1 6.2 FASTST M M 3 MAX(MPH)
MISC ----> 31 250 48 240
================================================================================
NOTES:
# LAST OF SEVERAL OCCURRENCES
COLUMN 17 PEAK WIND IN M.P.H.
PRELIMINARY LOCAL CLIMATOLOGICAL DATA (WS FORM: F-6) , PAGE 2
STATION: LOUISVILLE BOWMAN KY
MONTH: NOVEMBER
YEAR: 2020
LATITUDE: 38 13 N
LONGITUDE: 85 39 W
[TEMPERATURE DATA] [PRECIPITATION DATA] SYMBOLS USED IN COLUMN 16
AVERAGE MONTHLY: 51.1 TOTAL FOR MONTH: 2.90 1 = FOG OR MIST
DPTR FM NORMAL: 3.6 DPTR FM NORMAL: -0.71 2 = FOG REDUCING VISIBILITY
HIGHEST: 81 ON 9, 8 GRTST 24HR 0.97 ON 25-25 TO 1/4 MILE OR LESS
LOWEST: 28 ON 2 3 = THUNDER
SNOW, ICE PELLETS, HAIL 4 = ICE PELLETS
TOTAL MONTH: M 5 = HAIL
GRTST 24HR M ON M 6 = FREEZING RAIN OR DRIZZLE
GRTST DEPTH: M ON M 7 = DUSTSTORM OR SANDSTORM:
VSBY 1/2 MILE OR LESS
8 = SMOKE OR HAZE
[NO. OF DAYS WITH] [WEATHER - DAYS WITH] 9 = BLOWING SNOW
X = TORNADO
MAX 32 OR BELOW: 0 0.01 INCH OR MORE: 9
MAX 90 OR ABOVE: 0 0.10 INCH OR MORE: 7
MIN 32 OR BELOW: 5 0.50 INCH OR MORE: 3
MIN 0 OR BELOW: 0 1.00 INCH OR MORE: 0
[HDD (BASE 65) ]
TOTAL THIS MO. 417 CLEAR (SCALE 0-3) 17
DPTR FM NORMAL -111 PTCLDY (SCALE 4-7) 8
TOTAL FM JUL 1 680 CLOUDY (SCALE 8-10) 5
DPTR FM NORMAL -124
[CDD (BASE 65) ]
TOTAL THIS MO. 7
DPTR FM NORMAL 5 [PRESSURE DATA]
TOTAL FM JAN 1 1538 HIGHEST SLP 30.66 ON 18
DPTR FM NORMAL 94 LOWEST SLP 29.56 ON 15
[REMARKS]
#FINAL-11-20#