000
CXUS55 KLMK 010857
CLMLOU
CLIMATE REPORT
NATIONAL WEATHER SERVICE LOUISVILLE KY
457 AM EDT FRI SEP 01 2023
...................................
...THE LOUISVILLE BOWMAN KY CLIMATE SUMMARY FOR THE MONTH OF AUGUST 2023...
CLIMATE NORMAL PERIOD 1991 TO 2020
CLIMATE RECORD PERIOD 9999 TO 9999
WEATHER OBSERVED NORMAL DEPART LAST YEAR`S
VALUE DATE(S) VALUE FROM VALUE DATE(S)
NORMAL
................................................................
TEMPERATURE (F)
RECORD
HIGH MM MM
LOW 56 08/19/2023
HIGHEST 98 08/25 MM MM 95 08/28
LOWEST 56R 08/19 MM MM 59 08/13
08/31
AVG. MAXIMUM 85.2 87.1 -1.9 87.0
AVG. MINIMUM 66.0 68.1 -2.1 68.2
MEAN 75.6 77.6 -2.0 77.6
DAYS MAX >= 90 7 10.8 -3.8 8
DAYS MAX <= 32 0 0.0 0.0 0
DAYS MIN <= 32 0 0.0 0.0 0
DAYS MIN <= 0 0 0.0 0.0 0
PRECIPITATION (INCHES)
RECORD
MAXIMUM 3.86 2021
TOTALS 4.19 3.53 0.66 2.59
DAILY AVG. 0.14 0.11 0.03 0.08
DAYS >= .01 10 9.3 0.7 10
DAYS >= .10 8 5.5 2.5 5
DAYS >= .50 4 2.8 1.2 1
DAYS >= 1.00 1 1.4 -0.4 1
GREATEST
24 HR. TOTAL 1.61 08/25 TO 08/26
DEGREE DAYS
HEATING TOTAL 0 0 0 0
SINCE 7/1 0 0 0 MM
COOLING TOTAL 338 391 -53 400
SINCE 1/1 1038 1309 -271 MM
................................................................
WIND (MPH)
AVERAGE WIND SPEED 5.5
HIGHEST WIND SPEED/DIRECTION 40/010 DATE 08/25
HIGHEST GUST SPEED/DIRECTION 67/010 DATE 08/25
SKY COVER
POSSIBLE SUNSHINE (PERCENT) MM
AVERAGE SKY COVER 0.29
NUMBER OF DAYS FAIR 18
NUMBER OF DAYS PC 13
NUMBER OF DAYS CLOUDY 0
AVERAGE RH (PERCENT) 73
WEATHER CONDITIONS. NUMBER OF DAYS WITH
THUNDERSTORM 6 MIXED PRECIP 0
HEAVY RAIN 6 RAIN 6
LIGHT RAIN 12 FREEZING RAIN 0
LT FREEZING RAIN 0 HAIL 0
HEAVY SNOW 0 SNOW 0
LIGHT SNOW 0 SLEET 0
FOG 15 FOG W/VIS <= 1/4 MILE 1
HAZE 5
- INDICATES NEGATIVE NUMBERS.
R INDICATES RECORD WAS SET OR TIED.
MM INDICATES DATA IS MISSING.
T INDICATES TRACE AMOUNT.
$$