044
CXUS54 KCRP 011444
CF6LRD
PRELIMINARY LOCAL CLIMATOLOGICAL DATA (WS FORM: F-6)
STATION: LAREDO
MONTH: JULY
YEAR: 2020
LATITUDE: 27 31 N
LONGITUDE: 99 28 W
TEMPERATURE IN F: :PCPN: SNOW: WIND :SUNSHINE: SKY :PK WND
================================================================================
1 2 3 4 5 6A 6B 7 8 9 10 11 12 13 14 15 16 17 18
12Z AVG MX 2MIN
DY MAX MIN AVG DEP HDD CDD WTR SNW DPTH SPD SPD DIR MIN PSBL S-S WX SPD DR
================================================================================
1 101 80 91 3 0 26 0.00 0.0 0 M M M M M 1 M M
2 104 79 92 4 0 27 0.00 0.0 0 M M M M M 0 M M
3 102 76 89 1 0 24 0.00 0.0 0 M M M M M 3 M M
4 105 77 91 3 0 26 0.00 0.0 0 M M M M M 0 M M
5 106 76 91 3 0 26 0.00 0.0 0 M M M M M 0 M M
6 104 78 91 3 0 26 0.00 0.0 0 M M M M M 0 M M
7 103 81 92 4 0 27 0.00 0.0 0 M M M M M 2 M M
8 102 81 92 4 0 27 0.00 0.0 0 M M M M M 1 M M
9 104 81 93 5 0 28 0.00 0.0 0 M M M M M 2 M M
10 108 80 94 6 0 29 0.00 0.0 0 M M M M M 1 M M
11 107 78 93 5 0 28 0.00 0.0 0 M M M M M 0 M M
12 107 78 93 5 0 28 0.00 0.0 0 M M M M M 0 M M
13 110 76 93 5 0 28 0.00 0.0 0 M M M M M 0 M M
14 108 77 93 5 0 28 0.00 0.0 0 M M M M M 0 M M
15 105 79 92 4 0 27 0.00 0.0 0 M M M M M 0 M M
16 104 80 92 4 0 27 0.00 0.0 0 M M M M M 3 M M
17 105 80 93 5 0 28 0.00 0.0 0 M M M M M 2 M M
18 100 79 90 2 0 25 0.03 0.0 0 M M M M M 5 38 M M
19 100 76 88 0 0 23 0.00 0.0 0 M M M M M 3 M M
20 103 75 89 1 0 24 0.00 0.0 0 M M M M M 1 M M
21 102 78 90 2 0 25 0.00 0.0 0 M M M M M M M M
22 103 80 92 4 0 27 0.00 0.0 0 M M M M M 1 M M
23 103 79 91 3 0 26 0.00 0.0 0 M M M M M 2 3 M M
24 104 77 91 3 0 26 0.00 0.0 0 M M M M M 2 M M
25 94 75 85 -3 0 20 T 0.0 0 M M M M M 5 M M
26 88 74 81 -7 0 16 0.77 0.0 0 M M M M M 10 1 M M
27 96 75 86 -2 0 21 0.29 0.0 0 M M M M M 6 3 M M
28 96 75 86 -3 0 21 0.15 0.0 0 M M M M M 6 123 M M
29 94 74 84 -5 0 19 T 0.0 0 M M M M M 3 M M
30 96 76 86 -3 0 21 0.00 0.0 0 M M M M M 4 M M
31 98 78 88 -1 0 23 0.00 0.0 0 M M M M M 1 M M
================================================================================
SM 3162 2408 0 777 1.24 0.0 M M 64
================================================================================
AV102.0 77.7 M FASTST M M 2 MAX(MPH)
MISC ----> M M M M
================================================================================
NOTES:
# LAST OF SEVERAL OCCURRENCES
COLUMN 17 PEAK WIND IN M.P.H.
PRELIMINARY LOCAL CLIMATOLOGICAL DATA (WS FORM: F-6) , PAGE 2
STATION: LAREDO
MONTH: JULY
YEAR: 2020
LATITUDE: 27 31 N
LONGITUDE: 99 28 W
[TEMPERATURE DATA] [PRECIPITATION DATA] SYMBOLS USED IN COLUMN 16
AVERAGE MONTHLY: 89.8 TOTAL FOR MONTH: 1.24 1 = FOG OR MIST
DPTR FM NORMAL: 1.8 DPTR FM NORMAL: -0.77 2 = FOG REDUCING VISIBILITY
HIGHEST: 110 ON 13 GRTST 24HR 0.77 ON 26-26 TO 1/4 MILE OR LESS
LOWEST: 74 ON 29,26 3 = THUNDER
SNOW, ICE PELLETS, HAIL 4 = ICE PELLETS
TOTAL MONTH: 0.0 INCH 5 = HAIL
GRTST 24HR 0.0 6 = FREEZING RAIN OR DRIZZLE
GRTST DEPTH: 0 7 = DUSTSTORM OR SANDSTORM:
VSBY 1/2 MILE OR LESS
8 = SMOKE OR HAZE
[NO. OF DAYS WITH] [WEATHER - DAYS WITH] 9 = BLOWING SNOW
X = TORNADO
MAX 32 OR BELOW: 0 0.01 INCH OR MORE: 4
MAX 90 OR ABOVE: 30 0.10 INCH OR MORE: 3
MIN 32 OR BELOW: 0 0.50 INCH OR MORE: 1
MIN 0 OR BELOW: 0 1.00 INCH OR MORE: 0
[HDD (BASE 65) ]
TOTAL THIS MO. 0 CLEAR (SCALE 0-3) 24
DPTR FM NORMAL 0 PTCLDY (SCALE 4-7) 5
TOTAL FM JUL 1 0 CLOUDY (SCALE 8-10) 1
DPTR FM NORMAL 0
[CDD (BASE 65) ]
TOTAL THIS MO. 777
DPTR FM NORMAL 64 [PRESSURE DATA]
TOTAL FM JAN 1 2809 HIGHEST SLP 30.06 ON 17
DPTR FM NORMAL 293 LOWEST SLP 29.77 ON 25
[REMARKS]
#FINAL-07-20#