000
CXUS54 KEPZ 011030
CF6LRU
PRELIMINARY LOCAL CLIMATOLOGICAL DATA (WS FORM: F-6)
STATION: LAS CRUCES
MONTH: OCTOBER
YEAR: 2021
LATITUDE: 32 17 N
LONGITUDE: 106 46 W
TEMPERATURE IN F: :PCPN: SNOW: WIND :SUNSHINE: SKY :PK WND
================================================================================
1 2 3 4 5 6A 6B 7 8 9 10 11 12 13 14 15 16 17 18
12Z AVG MX 2MIN
DY MAX MIN AVG DEP HDD CDD WTR SNW DPTH SPD SPD DIR MIN PSBL S-S WX SPD DR
================================================================================
1 74 50 62 M 3 0 0.00 M M 5.1 10 250 M M 3 16 280
2 77 47 62 M 3 0 0.00 M M 4.1 8 340 M M 0 M M
3 81 49 65 M 0 0 0.00 M M 4.5 10 120 M M 0 18 120
4 84 53 69 M 0 4 0.00 M M 4.5 7 90 M M 1 8 M M
5 85 61 73 M 0 8 0.00 M M 6.4 12 80 M M 3 20 110
6 85 58 72 M 0 7 0.00 M M 6.4 13 230 M M 2 21 230
7 86 50 68 M 0 3 0.00 M M 4.8 15 220 M M 0 20 170
8 88 53 71 M 0 6 0.00 M M 5.4 14 240 M M 0 18 220
9 89 58 74 M 0 9 0.00 M M 9.9 16 270 M M 0 25 250
10 75 50 63 M 2 0 0.00 M M 15.1 27 260 M M 0 39 260
11 80 38 59 M 6 0 0.00 M M 11.0 28 230 M M 0 33 230
12 82 50 66 M 0 1 0.00 M M 20.1 39 220 M M 3 8 52 220
13 71 42 57 M 8 0 0.00 M M 5.4 14 230 M M 2 20 240
14 73 41 57 M 8 0 0.00 M M 13.3 22 260 M M 0 29 260
15 71 46 59 M 6 0 0.00 M M 8.7 16 10 M M 0 23 340
16 74 42 58 M 7 0 0.00 M M 7.2 15 130 M M 0 21 130
17 78 43 61 M 4 0 0.00 M M 5.7 8 170 M M 0 17 130
18 82 49 66 M 0 1 0.00 M M 8.7 22 230 M M 0 30 230
19 78 49 64 M 1 0 0.00 M M 9.0 17 250 M M 0 24 270
20 80 44 62 M 3 0 0.00 M M 3.5 8 330 M M 0 M M
21 83 47 65 M 0 0 0.00 M M 4.3 9 330 M M 0 M M
22 83 49 66 M 0 1 0.00 M M 3.4 8 320 M M 1 16 130
23 80 52 66 M 0 1 0.00 M M 11.2 22 240 M M 0 32 230
24 79 50 65 M 0 0 0.00 M M 10.0 18 260 M M 0 24 250
25 85 48 67 M 0 2 0.00 M M 6.3 13 180 M M 0 20 220
26 73 53 63 M 2 0 0.00 M M 22.2 35 260 M M 0 51 270
27 68 36 52 M 13 0 0.00 M M 10.7 18 300 M M 0 23 300
28 72 44 58 M 7 0 0.00 M M 6.0 15 340 M M 0 21 330
29 75 39 57 M 8 0 0.00 M M 3.2 8 320 M M 0 M M
30 81 39 60 M 5 0 0.00 M M 4.8 12 280 M M 0 17 260
31 78 45 62 M 3 0 0.00 M M 5.4 10 240 M M 0 17 330
================================================================================
SM 2450 1475 89 43 0.00 M 246.2 M 15
================================================================================
AV 79.0 47.6 7.9 FASTST M M 0 MAX(MPH)
MISC ----> 39 220 52 220
================================================================================
NOTES:
# LAST OF SEVERAL OCCURRENCES
COLUMN 17 PEAK WIND IN M.P.H.
PRELIMINARY LOCAL CLIMATOLOGICAL DATA (WS FORM: F-6) , PAGE 2
STATION: LAS CRUCES
MONTH: OCTOBER
YEAR: 2021
LATITUDE: 32 17 N
LONGITUDE: 106 46 W
[TEMPERATURE DATA] [PRECIPITATION DATA] SYMBOLS USED IN COLUMN 16
AVERAGE MONTHLY: 63.3 TOTAL FOR MONTH: 0.00 1 = FOG OR MIST
DPTR FM NORMAL: 0.0 DPTR FM NORMAL: M 2 = FOG REDUCING VISIBILITY
HIGHEST: 89 ON 9 GRTST 24HR 0.00 ON 1- 1 TO 1/4 MILE OR LESS
LOWEST: 36 ON 27 3 = THUNDER
SNOW, ICE PELLETS, HAIL 4 = ICE PELLETS
TOTAL MONTH: M 5 = HAIL
GRTST 24HR M ON M 6 = FREEZING RAIN OR DRIZZLE
GRTST DEPTH: M ON M 7 = DUSTSTORM OR SANDSTORM:
VSBY 1/2 MILE OR LESS
8 = SMOKE OR HAZE
[NO. OF DAYS WITH] [WEATHER - DAYS WITH] 9 = BLOWING SNOW
X = TORNADO
MAX 32 OR BELOW: 0 0.01 INCH OR MORE: 0
MAX 90 OR ABOVE: 0 0.10 INCH OR MORE: 0
MIN 32 OR BELOW: 0 0.50 INCH OR MORE: 0
MIN 0 OR BELOW: 0 1.00 INCH OR MORE: 0
[HDD (BASE 65) ]
TOTAL THIS MO. 89 CLEAR (SCALE 0-3) 30
DPTR FM NORMAL M PTCLDY (SCALE 4-7) 1
TOTAL FM JUL 1 91 CLOUDY (SCALE 8-10) 0
DPTR FM NORMAL M
[CDD (BASE 65) ]
TOTAL THIS MO. 43
DPTR FM NORMAL M [PRESSURE DATA]
TOTAL FM JAN 1 2005 HIGHEST SLP M ON M
DPTR FM NORMAL M LOWEST SLP M ON M
[REMARKS]
#FINAL-10-21#