000
CXUS53 KARX 012111
CF6LSE
PRELIMINARY LOCAL CLIMATOLOGICAL DATA (WS FORM: F-6)
STATION: LA CROSSE WI
MONTH: AUGUST
YEAR: 2022
LATITUDE: 43 52 N
LONGITUDE: 91 15 W
TEMPERATURE IN F: :PCPN: SNOW: WIND :SUNSHINE: SKY :PK WND
================================================================================
1 2 3 4 5 6A 6B 7 8 9 10 11 12 13 14 15 16 17 18
12Z AVG MX 2MIN
DY MAX MIN AVG DEP HDD CDD WTR SNW DPTH SPD SPD DIR MIN PSBL S-S WX SPD DR
================================================================================
1 84 67 76 2 0 11 0.00 0.0 0 9.0 17 320 M M 3 22 310
2 92 62 77 3 0 12 0.00 0.0 0 12.6 26 180 M M 0 40 200
3 93 67 80 6 0 15 0.08 0.0 0 9.2 21 310 M M 1 138 28 300
4 86 62 74 0 0 9 0.00 0.0 0 5.1 10 290 M M 0 16 300
5 89 64 77 3 0 12 0.00 0.0 0 7.3 18 180 M M 0 24 170
6 88 73 81 7 0 16 0.28 0.0 0 7.0 35 270 M M 4 138 46 280
7 85 74 80 6 0 15 0.06 0.0 0 6.5 13 190 M M 9 3 17 190
8 79 60 70 -4 0 5 0.68 0.0 0 10.4 29 310 M M 7 13 36 310
9 83 58 71 -3 0 6 0.00 0.0 0 3.5 10 170 M M 3 12 15 170
10 88 63 76 2 0 11 0.00 0.0 0 5.4 9 50 M M 2 1 14 360
11 83 62 73 -1 0 8 0.00 0.0 0 2.4 9 100 M M 1 14 100
12 68 61 65 -9 0 0 0.07 0.0 0 7.8 16 170 M M 3 22 150
13 74 64 69 -4 0 4 T 0.0 0 9.9 21 170 M M 9 18 33 170
14 73 64 69 -4 0 4 0.00 0.0 0 5.7 13 340 M M 10 1 17 340
15 79 61 70 -3 0 5 0.00 0.0 0 2.3 9 290 M M 4 128 13 290
16 82 61 72 -1 0 7 0.00 0.0 0 3.9 13 110 M M 3 12 19 110
17 84 58 71 -2 0 6 0.00 0.0 0 4.1 9 210 M M 1 1 12 230
18 84 61 73 0 0 8 0.15 0.0 0 6.7 22 270 M M 5 13 29 280
19 77 62 70 -3 0 5 0.25 0.0 0 7.4 16 270 M M 7 13 23 270
20 80 62 71 -1 0 6 T 0.0 0 5.1 9 330 M M 5 M M
21 80 63 72 0 0 7 0.00 0.0 0 6.3 12 330 M M 6 1 15 290
22 84 61 73 1 0 8 0.00 0.0 0 3.6 12 330 M M 4 17 320
23 84 60 72 0 0 7 0.00 0.0 0 4.1 10 200 M M 3 12 14 210
24 84 62 73 1 0 8 0.63 0.0 0 7.4 21 170 M M 6 13 26 170
25 81 63 72 0 0 7 0.00 0.0 0 8.0 18 340 M M 7 25 330
26 81 56 69 -2 0 4 0.00 0.0 0 3.6 10 110 M M 1 1 14 110
27 76 64 70 -1 0 5 1.11 0.0 0 9.4 22 120 M M 7 13 34 100
28 82 67 75 4 0 10 0.19 0.0 0 8.4 21 170 M M 7 1 29 150
29 84 68 76 5 0 11 T 0.0 0 12.0 23 290 M M 1 32 280
30 80 61 71 1 0 6 0.00 0.0 0 9.5 20 310 M M 0 27 300
31 89 60 75 5 0 10 0.00 0.0 0 5.5 10 290 M M 0 M M
================================================================================
SM 2556 1951 0 248 3.50 0.0 209.1 M 119
================================================================================
AV 82.5 62.9 6.7 FASTST M M 4 MAX(MPH)
MISC ----> 35 270 46 280
================================================================================
NOTES:
# LAST OF SEVERAL OCCURRENCES
COLUMN 17 PEAK WIND IN M.P.H.
PRELIMINARY LOCAL CLIMATOLOGICAL DATA (WS FORM: F-6) , PAGE 2
STATION: LA CROSSE WI
MONTH: AUGUST
YEAR: 2022
LATITUDE: 43 52 N
LONGITUDE: 91 15 W
[TEMPERATURE DATA] [PRECIPITATION DATA] SYMBOLS USED IN COLUMN 16
AVERAGE MONTHLY: 72.7 TOTAL FOR MONTH: 3.50 1 = FOG OR MIST
DPTR FM NORMAL: -0.1 DPTR FM NORMAL: -0.40 2 = FOG REDUCING VISIBILITY
HIGHEST: 93 ON 3 GRTST 24HR 1.24 ON 27-28 TO 1/4 MILE OR LESS
LOWEST: 56 ON 26 3 = THUNDER
SNOW, ICE PELLETS, HAIL 4 = ICE PELLETS
TOTAL MONTH: 0.0 INCH 5 = HAIL
GRTST 24HR 0.0 6 = FREEZING RAIN OR DRIZZLE
GRTST DEPTH: 0 7 = DUSTSTORM OR SANDSTORM:
VSBY 1/2 MILE OR LESS
8 = SMOKE OR HAZE
[NO. OF DAYS WITH] [WEATHER - DAYS WITH] 9 = BLOWING SNOW
X = TORNADO
MAX 32 OR BELOW: 0 0.01 INCH OR MORE: 10
MAX 90 OR ABOVE: 2 0.10 INCH OR MORE: 7
MIN 32 OR BELOW: 0 0.50 INCH OR MORE: 3
MIN 0 OR BELOW: 0 1.00 INCH OR MORE: 1
[HDD (BASE 65) ]
TOTAL THIS MO. 0 CLEAR (SCALE 0-3) 16
DPTR FM NORMAL -8 PTCLDY (SCALE 4-7) 12
TOTAL FM JUL 1 0 CLOUDY (SCALE 8-10) 3
DPTR FM NORMAL -5
[CDD (BASE 65) ]
TOTAL THIS MO. 248
DPTR FM NORMAL 0 [PRESSURE DATA]
TOTAL FM JAN 1 896 HIGHEST SLP 30.29 ON 12
DPTR FM NORMAL 65 LOWEST SLP 29.60 ON 3
[REMARKS]
#FINAL-08-22#