000
CXUS53 KARX 010900
CF6LSE
PRELIMINARY LOCAL CLIMATOLOGICAL DATA (WS FORM: F-6)
STATION: LA CROSSE WI
MONTH: JULY
YEAR: 2021
LATITUDE: 43 52 N
LONGITUDE: 91 15 W
TEMPERATURE IN F: :PCPN: SNOW: WIND :SUNSHINE: SKY :PK WND
================================================================================
1 2 3 4 5 6A 6B 7 8 9 10 11 12 13 14 15 16 17 18
12Z AVG MX 2MIN
DY MAX MIN AVG DEP HDD CDD WTR SNW DPTH SPD SPD DIR MIN PSBL S-S WX SPD DR
================================================================================
1 88 65 77 3 0 12 T 0.0 0 3.2 15 30 M M 1 22 360
2 83 62 73 -2 0 8 0.00 0.0 0 4.4 10 40 M M 0 16 40
3 89 65 77 2 0 12 0.00 0.0 0 5.3 9 260 M M 0 13 260
4 94 70 82 7 0 17 0.00 0.0 0 10.1 21 240 M M 1 28 200
5 95 79 87 12 0 22 0.00 0.0 0 7.1 20 230 M M 2 32 200
6 93 71 82 7 0 17 0.24 0.0 0 6.0 26 350 M M 3 13 35 350
7 72 64 68 -7 0 3 0.32 0.0 0 6.0 13 20 M M 10 1 19 20
8 75 62 69 -6 0 4 0.01 0.0 0 4.1 10 80 M M 8 1 13 70
9 77 63 70 -5 0 5 0.00 0.0 0 5.3 14 200 M M 8 17 190
10 82 60 71 -4 0 6 0.00 0.0 0 3.5 14 60 M M 4 19 70
11 85 53 69 -6 0 4 0.00 0.0 0 4.7 14 70 M M 0 1 22 60
12 82 55 69 -6 0 4 0.00 0.0 0 4.4 13 60 M M 3 18 50
13 88 66 77 2 0 12 0.00 0.0 0 4.9 15 270 M M 2 20 250
14 76 69 73 -2 0 8 2.09 0.0 0 7.4 22 300 M M 7 13 30 300
15 80 62 71 -4 0 6 0.02 0.0 0 6.1 14 340 M M 6 1 20 350
16 86 59 73 -2 0 8 0.00 0.0 0 2.9 8 100 M M 1 1 14 20
17 87 62 75 0 0 10 0.00 0.0 0 2.9 9 100 M M 1 1 14 110
18 85 60 73 -2 0 8 0.00 0.0 0 2.7 10 120 M M 1 1 14 70
19 86 61 74 -1 0 9 0.00 0.0 0 3.3 10 300 M M 1 1 15 310
20 91 67 79 4 0 14 0.00 0.0 0 5.5 12 330 M M 1 16 20
21 79 69 74 -1 0 9 0.00 0.0 0 6.3 13 140 M M 6 18 16 130
22 89 71 80 5 0 15 0.03 0.0 0 8.9 16 180 M M 4 8 22 180
23 94 74 84 9 0 19 0.00 0.0 0 9.8 18 200 M M 0 8 27 170
24 91 68 80 5 0 15 0.11 0.0 0 7.5 18 310 M M 3 18 25 220
25 92 62 77 2 0 12 0.00 0.0 0 5.5 18 320 M M 0 24 330
26 94 67 81 6 0 16 0.00 0.0 0 6.6 14 230 M M 0 20 220
27 89 68 79 4 0 14 1.35 0.0 0 7.8 26 330 M M 4 13 34 330
28 86 69 78 3 0 13 1.01 0.0 0 7.8 30 340 M M 3 13 40 20
29 87 69 78 3 0 13 0.01 0.0 0 6.1 17 340 M M 3 138 24 340
30 76 65 71 -4 0 6 0.00 0.0 0 5.6 12 210 M M 3 8 17 180
31 83 64 74 0 0 9 0.02 0.0 0 5.7 12 270 M M 5 18 16 240
================================================================================
SM 2654 2021 0 330 5.21 0.0 177.4 M 91
================================================================================
AV 85.6 65.2 5.7 FASTST M M 3 MAX(MPH)
MISC ----> 30 340 40 20
================================================================================
NOTES:
# LAST OF SEVERAL OCCURRENCES
COLUMN 17 PEAK WIND IN M.P.H.
PRELIMINARY LOCAL CLIMATOLOGICAL DATA (WS FORM: F-6) , PAGE 2
STATION: LA CROSSE WI
MONTH: JULY
YEAR: 2021
LATITUDE: 43 52 N
LONGITUDE: 91 15 W
[TEMPERATURE DATA] [PRECIPITATION DATA] SYMBOLS USED IN COLUMN 16
AVERAGE MONTHLY: 75.4 TOTAL FOR MONTH: 5.21 1 = FOG OR MIST
DPTR FM NORMAL: 0.4 DPTR FM NORMAL: 0.98 2 = FOG REDUCING VISIBILITY
HIGHEST: 95 ON 5 GRTST 24HR 2.11 ON 14-15 TO 1/4 MILE OR LESS
LOWEST: 53 ON 11 3 = THUNDER
SNOW, ICE PELLETS, HAIL 4 = ICE PELLETS
TOTAL MONTH: 0.0 INCH 5 = HAIL
GRTST 24HR 0.0 6 = FREEZING RAIN OR DRIZZLE
GRTST DEPTH: 0 7 = DUSTSTORM OR SANDSTORM:
VSBY 1/2 MILE OR LESS
8 = SMOKE OR HAZE
[NO. OF DAYS WITH] [WEATHER - DAYS WITH] 9 = BLOWING SNOW
X = TORNADO
MAX 32 OR BELOW: 0 0.01 INCH OR MORE: 11
MAX 90 OR ABOVE: 8 0.10 INCH OR MORE: 6
MIN 32 OR BELOW: 0 0.50 INCH OR MORE: 3
MIN 0 OR BELOW: 0 1.00 INCH OR MORE: 3
[HDD (BASE 65) ]
TOTAL THIS MO. 0 CLEAR (SCALE 0-3) 19
DPTR FM NORMAL -3 PTCLDY (SCALE 4-7) 11
TOTAL FM JUL 1 0 CLOUDY (SCALE 8-10) 1
DPTR FM NORMAL 0
[CDD (BASE 65) ]
TOTAL THIS MO. 330
DPTR FM NORMAL 19 [PRESSURE DATA]
TOTAL FM JAN 1 788 HIGHEST SLP 30.24 ON 18
DPTR FM NORMAL 205 LOWEST SLP 29.74 ON 28
[REMARKS]
#FINAL-07-21#