000
CXUS53 KARX 011419
CLMLSE
CLIMATE REPORT
NATIONAL WEATHER SERVICE LA CROSSE WI
919 AM CDT WED NOV 01 2023
...................................
...THE LA CROSSE WI CLIMATE SUMMARY FOR THE MONTH OF OCTOBER 2023...
CLIMATE NORMAL PERIOD 1991 TO 2020
CLIMATE RECORD PERIOD 1872 TO 2023
WEATHER OBSERVED NORMAL DEPART LAST YEAR`S
VALUE DATE(S) VALUE FROM VALUE DATE(S)
NORMAL
................................................................
TEMPERATURE (F)
RECORD
HIGH 93 10/06/1963
LOW 6 10/25/1887
HIGHEST 91 10/01 81 10/22
LOWEST 25 10/31 23 10/19
AVG. MAXIMUM 61.5 61.6 -0.1 62.7
AVG. MINIMUM 44.8 41.9 2.9 39.6
MEAN 53.2 51.7 1.5 51.1
DAYS MAX >= 90 1 0.0 1.0 0
DAYS MAX <= 32 0 0.0 0.0 0
DAYS MIN <= 32 3 5.2 -2.2 2
DAYS MIN <= 0 0 0.0 0.0 0
PRECIPITATION (INCHES)
RECORD
MAXIMUM 12.09 1900
TOTALS 3.38 2.49 0.89 1.04
DAYS >= .01 11 9.2 1.8 3
DAYS >= .10 6 5.0 1.0 1
DAYS >= .50 3 1.6 1.4 1
DAYS >= 1.00 1 0.6 0.4 0
GREATEST
24 HR. TOTAL 1.93 10/12 TO 10/13 0.95 10/24 TO 10/24
SNOWFALL (INCHES)
RECORDS
TOTAL 7.0 1917
SNOW DEPTH 4 10/29/1917
TOTALS 1.1 0.3 0.8 T
SINCE 7/1 1.1 0.3 0.8 MM
SNOWDEPTH AVG. T 0
DAYS >= TRACE 2 0.3 1.7 1
DAYS >= 1.0 1 0.1 0.9 0
GREATEST
SNOW DEPTH T 0
DEGREE DAYS
HEATING TOTAL 392 422 -30 425
SINCE 7/1 418 539 -121 MM
COOLING TOTAL 35 12 23 5
SINCE 1/1 1052 942 110 MM
................................................................
WIND (MPH)
AVERAGE WIND SPEED 8.6
HIGHEST WIND SPEED/DIRECTION 26/080 DATE 10/13
HIGHEST GUST SPEED/DIRECTION 41/080 DATE 10/13
AVERAGE RH (PERCENT) 70
WEATHER CONDITIONS. NUMBER OF DAYS WITH
THUNDERSTORM 2 MIXED PRECIP 0
HEAVY RAIN 2 RAIN 4
LIGHT RAIN 9 FREEZING RAIN 0
LT FREEZING RAIN 0 HAIL 0
HEAVY SNOW 0 SNOW 1
LIGHT SNOW 2 SLEET 0
FOG 14 FOG W/VIS <= 1/4 MILE 1
HAZE 2
- INDICATES NEGATIVE NUMBERS.
R INDICATES RECORD WAS SET OR TIED.
MM INDICATES DATA IS MISSING.
T INDICATES TRACE AMOUNT.
$$
BOYNE