468
CXUS54 KFWD 010731
CF6LUD
PRELIMINARY LOCAL CLIMATOLOGICAL DATA (WS FORM: F-6)
STATION: DECATUR
MONTH: APRIL
YEAR: 2020
LATITUDE: 33 15 N
LONGITUDE: 97 30 W
TEMPERATURE IN F: :PCPN: SNOW: WIND :SUNSHINE: SKY :PK WND
================================================================================
1 2 3 4 5 6A 6B 7 8 9 10 11 12 13 14 15 16 17 18
12Z AVG MX 2MIN
DY MAX MIN AVG DEP HDD CDD WTR SNW DPTH SPD SPD DIR MIN PSBL S-S WX SPD DR
================================================================================
1 68 48 58 0 7 0 0.00 0.0 0 10.7 17 170 M M 0 25 170
2 67 58 63 5 2 0 0.00 0.0 0 14.2 18 160 M M 6 25 150
3 65 37 51 -7 14 0 0.14 0.0 0 9.3 16 160 M M 10 1 24 160
4 45 37 41 -17 24 0 0.11 0.0 0 4.7 9 350 M M 10 1 M M
5 62 45 54 -5 11 0 0.00 0.0 0 4.2 8 130 M M 10 12 M M
6 69 59 64 5 1 0 0.00 0.0 0 7.6 14 190 M M 7 1 22 150
7 86 65 76 17 0 11 0.00 0.0 0 9.0 13 230 M M 2 1 17 230
8 92 69 81 21 0 16 0.00 0.0 0 8.0 14 240 M M 0 21 240
9 73 60 67 7 0 2 0.00 0.0 0 8.8 14 60 M M 0 20 40
10 71 52 62 2 3 0 0.00 0.0 0 8.7 15 50 M M 0 8 18 50
11 68 56 62 2 3 0 0.15 0.0 0 10.0 15 160 M M 6 1 20 120
12 78 40 59 -2 6 0 0.06 0.0 0 10.2 21 310 M M 5 18 31 310
13 54 35 45 -16 20 0 0.00 0.0 0 9.0 13 10 M M 0 23 340
14 55 37 46 -15 19 0 0.00 0.0 0 5.9 10 360 M M 6 16 360
15 62 35 49 -13 16 0 0.00 0.0 0 4.1 9 140 M M 0 M M
16 73 46 60 -2 5 0 0.00 0.0 0 13.3 21 160 M M 0 29 170
17 63 42 53 -9 12 0 0.00 0.0 0 7.7 21 170 M M 5 25 170
18 63 37 50 -12 15 0 0.00 0.0 0 5.4 12 150 M M 6 17 150
19 80 58 69 6 0 4 0.00 0.0 0 7.2 13 310 M M 5 1 18 310
20 75 51 63 0 2 0 0.00 0.0 0 3.5 7 90 M M 4 12 M M
21 83 57 70 7 0 5 0.00 0.0 0 8.9 16 110 M M 4 22 120
22 88 60 74 10 0 9 0.01 0.0 0 11.2 17 240 M M 4 1 28 270
23 83 55 69 5 0 4 0.00 0.0 0 6.3 13 130 M M 0 17 300
24 86 62 74 10 0 9 0.00 0.0 0 10.4 15 320 M M 0 27 280
25 76 52 64 -1 1 0 0.00 0.0 0 6.0 13 360 M M 0 8 18 360
26 83 55 69 4 0 4 0.00 0.0 0 7.2 14 160 M M 0 21 150
27 84 63 74 9 0 9 0.00 0.0 0 14.2 25 140 M M 0 32 140
28 90 66 78 13 0 13 0.53 0.0 0 11.9 16 170 M M 2 3 27 190
29 77 57 67 1 0 2 0.00 0.0 0 8.5 23 320 M M 1 35 320
30 82 50 66 0 0 1 0.00 0.0 0 5.0 10 140 M M 0 16 140
================================================================================
SM 2201 1544 161 89 1.00 0.0 251.1 M 93
================================================================================
AV 73.4 51.5 8.4 FASTST M M 3 MAX(MPH)
MISC ----> # 25 140 # 35 320
================================================================================
NOTES:
# LAST OF SEVERAL OCCURRENCES
COLUMN 17 PEAK WIND IN M.P.H.
PRELIMINARY LOCAL CLIMATOLOGICAL DATA (WS FORM: F-6) , PAGE 2
STATION: DECATUR
MONTH: APRIL
YEAR: 2020
LATITUDE: 33 15 N
LONGITUDE: 97 30 W
[TEMPERATURE DATA] [PRECIPITATION DATA] SYMBOLS USED IN COLUMN 16
AVERAGE MONTHLY: 62.4 TOTAL FOR MONTH: 1.00 1 = FOG OR MIST
DPTR FM NORMAL: 0.6 DPTR FM NORMAL: -2.22 2 = FOG REDUCING VISIBILITY
HIGHEST: 92 ON 8 GRTST 24HR 0.53 ON 28-28 TO 1/4 MILE OR LESS
LOWEST: 35 ON 15,13 3 = THUNDER
SNOW, ICE PELLETS, HAIL 4 = ICE PELLETS
TOTAL MONTH: 0.0 INCH 5 = HAIL
GRTST 24HR 0.0 6 = FREEZING RAIN OR DRIZZLE
GRTST DEPTH: 0 7 = DUSTSTORM OR SANDSTORM:
VSBY 1/2 MILE OR LESS
8 = SMOKE OR HAZE
[NO. OF DAYS WITH] [WEATHER - DAYS WITH] 9 = BLOWING SNOW
X = TORNADO
MAX 32 OR BELOW: 0 0.01 INCH OR MORE: 6
MAX 90 OR ABOVE: 2 0.10 INCH OR MORE: 4
MIN 32 OR BELOW: 0 0.50 INCH OR MORE: 1
MIN 0 OR BELOW: 0 1.00 INCH OR MORE: 0
[HDD (BASE 65) ]
TOTAL THIS MO. 161 CLEAR (SCALE 0-3) 16
DPTR FM NORMAL 12 PTCLDY (SCALE 4-7) 11
TOTAL FM JUL 1 2324 CLOUDY (SCALE 8-10) 3
DPTR FM NORMAL -597
[CDD (BASE 65) ]
TOTAL THIS MO. 89
DPTR FM NORMAL 36 [PRESSURE DATA]
TOTAL FM JAN 1 157 HIGHEST SLP M ON M
DPTR FM NORMAL 92 LOWEST SLP M ON M
[REMARKS]
#FINAL-04-20#