000
CXUS53 KTOP 010910
CF6LWC
PRELIMINARY LOCAL CLIMATOLOGICAL DATA (WS FORM: F-6)
STATION: LAWRENCE KS
MONTH: DECEMBER
YEAR: 2021
LATITUDE: 39 0 N
LONGITUDE: 95 13 W
TEMPERATURE IN F: :PCPN: SNOW: WIND :SUNSHINE: SKY :PK WND
================================================================================
1 2 3 4 5 6A 6B 7 8 9 10 11 12 13 14 15 16 17 18
12Z AVG MX 2MIN
DY MAX MIN AVG DEP HDD CDD WTR SNW DPTH SPD SPD DIR MIN PSBL S-S WX SPD DR
================================================================================
1 67 30 49 11 16 0 0.00 M M 4.8 14 260 M M 0 8 18 250
2 73 33 53 16 12 0 0.00 M M 2.8 8 290 M M 0 8 11 360
3 68 32 50 13 15 0 0.00 M M 6.2 18 350 M M 0 18 23 340
4 54 37 46 10 19 0 T M M 9.4 17 100 M M 2 23 60
5 67 40 54 18 11 0 T M M 13.1 35 340 M M 5 49 340
6 40 27 34 -2 31 0 0.00 M M 11.1 33 340 M M 0 44 340
7 44 25 35 -1 30 0 0.00 M M 7.1 16 200 M M 0 8 23 190
8 55 20 38 3 27 0 0.00 M M 5.9 15 160 M M 0 18 19 160
9 65 33 49 14 16 0 0.00 M M 7.4 17 290 M M 0 8 28 140
10 69 34 52 17 13 0 T M M 15.9 33 300 M M 5 8 44 300
11 49 23 36 2 29 0 0.00 M M 11.8 33 310 M M 3 46 320
12 57 25 41 7 24 0 0.00 M M 10.6 23 200 M M 0 33 190
13 58 27 43 9 22 0 0.00 M M 6.6 14 150 M M 0 8 17 150
14 66 38 52 18 13 0 0.00 M M 10.2 22 180 M M 4 33 160
15 75 43 59 26 6 0 0.08 M M 24.9 45 230 M M 5 38 72 230
16 50 23 37 4 28 0 0.00 M M 7.0 23 290 M M 0 30 290
17 47 23 35 2 30 0 0.00 M M 7.7 16 110 M M 6 21 90
18 34 24 29 -4 36 0 0.00 M M 11.4 22 340 M M 6 28 330
19 40 14 27 -5 38 0 0.00 M M 7.6 15 160 M M 3 21 160
20 49 22 36 4 29 0 0.00 M M 7.6 17 350 M M 0 8 22 340
21 49 15 32 0 33 0 0.00 M M 4.5 18 290 M M 0 8 24 280
22 56 16 36 4 29 0 0.00 M M 6.8 18 220 M M 0 18 24 210
23 61 33 47 15 18 0 0.00 M M 9.2 18 200 M M 1 12 26 200
24 74 31 53 22 12 0 0.00 M M 8.1 22 220 M M 2 12 34 210
25 58 30 44 13 21 0 0.00 M M 5.5 15 360 M M 0 18 23 350
26 68 27 48 17 17 0 0.00 M M 11.0 30 160 M M 0 1 43 160
27 64 35 50 19 15 0 0.00 M M 9.7 23 320 M M 0 35 300
28 61 23 42 11 23 0 0.13 M M 12.7 21 140 M M 3 1 28 140
29 36 20 28 -2 37 0 0.00 M M 7.2 15 40 M M 5 20 50
30 48 28 38 8 27 0 0.00 M M 5.5 14 220 M M 5 18 17 220
31 60 30 45 15 20 0 0.00 M M 8.7 21 340 M M 2 18 27 350
================================================================================
SM 1762 861 697 0 0.21 M 278.0 M 57
================================================================================
AV 56.8 27.8 9.0 FASTST M M 2 MAX(MPH)
MISC ----> 45 230 72 230
================================================================================
NOTES:
# LAST OF SEVERAL OCCURRENCES
COLUMN 17 PEAK WIND IN M.P.H.
PRELIMINARY LOCAL CLIMATOLOGICAL DATA (WS FORM: F-6) , PAGE 2
STATION: LAWRENCE KS
MONTH: DECEMBER
YEAR: 2021
LATITUDE: 39 0 N
LONGITUDE: 95 13 W
[TEMPERATURE DATA] [PRECIPITATION DATA] SYMBOLS USED IN COLUMN 16
AVERAGE MONTHLY: 42.3 TOTAL FOR MONTH: 0.21 1 = FOG OR MIST
DPTR FM NORMAL: 8.9 DPTR FM NORMAL: -1.17 2 = FOG REDUCING VISIBILITY
HIGHEST: 75 ON 15 GRTST 24HR 0.13 ON 28-28 TO 1/4 MILE OR LESS
LOWEST: 14 ON 19 3 = THUNDER
SNOW, ICE PELLETS, HAIL 4 = ICE PELLETS
TOTAL MONTH: M 5 = HAIL
GRTST 24HR M ON M 6 = FREEZING RAIN OR DRIZZLE
GRTST DEPTH: M ON M 7 = DUSTSTORM OR SANDSTORM:
VSBY 1/2 MILE OR LESS
8 = SMOKE OR HAZE
[NO. OF DAYS WITH] [WEATHER - DAYS WITH] 9 = BLOWING SNOW
X = TORNADO
MAX 32 OR BELOW: 0 0.01 INCH OR MORE: 2
MAX 90 OR ABOVE: 0 0.10 INCH OR MORE: 1
MIN 32 OR BELOW: 22 0.50 INCH OR MORE: 0
MIN 0 OR BELOW: 0 1.00 INCH OR MORE: 0
[HDD (BASE 65) ]
TOTAL THIS MO. 697 CLEAR (SCALE 0-3) 22
DPTR FM NORMAL -282 PTCLDY (SCALE 4-7) 9
TOTAL FM JUL 1 1476 CLOUDY (SCALE 8-10) 0
DPTR FM NORMAL -503
[CDD (BASE 65) ]
TOTAL THIS MO. 0
DPTR FM NORMAL 0 [PRESSURE DATA]
TOTAL FM JAN 1 1644 HIGHEST SLP 30.43 ON 18
DPTR FM NORMAL 181 LOWEST SLP 29.31 ON 10
[REMARKS]
#FINAL-12-21#