000
CXUS53 KTOP 011258
CF6LWC
PRELIMINARY LOCAL CLIMATOLOGICAL DATA (WS FORM: F-6)
STATION: LAWRENCE KS
MONTH: JUNE
YEAR: 2020
LATITUDE: 39 0 N
LONGITUDE: 95 13 W
TEMPERATURE IN F: :PCPN: SNOW: WIND :SUNSHINE: SKY :PK WND
================================================================================
1 2 3 4 5 6A 6B 7 8 9 10 11 12 13 14 15 16 17 18
12Z AVG MX 2MIN
DY MAX MIN AVG DEP HDD CDD WTR SNW DPTH SPD SPD DIR MIN PSBL S-S WX SPD DR
================================================================================
1 86 66 76 6 0 11 0.00 M M 12.2 23 200 M M 0 35 180
2 90 68 79 9 0 14 0.00 M M 9.9 20 210 M M 0 29 170
3 92 72 82 11 0 17 0.00 M M 7.8 18 220 M M 1 24 230
4 89 66 78 7 0 13 0.31 M M 8.3 41 310 M M 1 13 58 310
5 93 67 80 9 0 15 0.09 M M 6.6 35 290 M M 1 13 50 290
6 94 71 83 11 0 18 0.00 M M 7.9 16 140 M M 0 24 160
7 93 70 82 10 0 17 0.00 M M 10.0 18 150 M M 0 8 26 140
8 94 71 83 11 0 18 0.00 M M 10.7 18 110 M M 0 29 150
9 92 65 79 7 0 14 0.00 M M 10.2 30 210 M M 2 42 200
10 79 55 67 -6 0 2 0.03 M M 14.9 31 330 M M 5 18 44 340
11 90 50 70 -3 0 5 0.00 M M 5.5 18 200 M M 0 25 200
12 93 62 78 5 0 13 0.00 M M 4.7 16 210 M M 1 23 210
13 93 63 78 4 0 13 0.00 M M 8.6 21 160 M M 0 25 160
14 95 70 83 9 0 18 0.00 M M 9.2 17 150 M M 0 25 170
15 93 69 81 7 0 16 0.00 M M 8.2 20 160 M M 0 8 29 170
16 93 68 81 7 0 16 0.00 M M 10.4 17 150 M M 0 1 26 160
17 93 69 81 7 0 16 0.00 M M 11.6 22 150 M M 1 28 140
18 93 69 81 6 0 16 0.02 M M 11.1 24 160 M M 1 3 33 150
19 77 67 72 -3 0 7 0.46 M M 4.1 13 320 M M 6 138 16 320
20 86 64 75 0 0 10 0.00 M M 4.2 10 310 M M 4 128 16 320
21 89 65 77 2 0 12 0.00 M M 5.8 16 160 M M 0 1 20 200
22 89 63 76 0 0 11 0.03 M M 8.1 32 350 M M 1 44 360
23 84 60 72 -4 0 7 0.00 M M 8.5 21 350 M M 2 1 29 350
24 88 58 73 -3 0 8 0.06 M M 4.1 13 20 M M 2 18 18 20
25 94 66 80 4 0 15 0.50 M M 9.2 21 200 M M 2 13 30 210
26 94 66 80 4 0 15 0.00 M M 8.8 20 260 M M 0 29 280
27 82 67 75 -1 0 10 4.18 M M 9.0 31 350 M M 5 13 46 30
28 91 74 83 6 0 18 0.00 M M 11.2 25 170 M M 2 18 37 170
29 89 77 83 6 0 18 0.00 M M 11.1 21 160 M M 7 28 170
30 92 76 84 7 0 19 0.00 M M 11.6 23 180 M M 5 35 160
================================================================================
SM 2700 1994 0 402 5.68 M 263.5 M 49
================================================================================
AV 90.0 66.5 8.8 FASTST M M 2 MAX(MPH)
MISC ----> # 41 310 # 58 310
================================================================================
NOTES:
# LAST OF SEVERAL OCCURRENCES
COLUMN 17 PEAK WIND IN M.P.H.
PRELIMINARY LOCAL CLIMATOLOGICAL DATA (WS FORM: F-6) , PAGE 2
STATION: LAWRENCE KS
MONTH: JUNE
YEAR: 2020
LATITUDE: 39 0 N
LONGITUDE: 95 13 W
[TEMPERATURE DATA] [PRECIPITATION DATA] SYMBOLS USED IN COLUMN 16
AVERAGE MONTHLY: 78.2 TOTAL FOR MONTH: 5.68 1 = FOG OR MIST
DPTR FM NORMAL: 4.3 DPTR FM NORMAL: 0.22 2 = FOG REDUCING VISIBILITY
HIGHEST: 95 ON 14 GRTST 24HR 4.18 ON 27-27 TO 1/4 MILE OR LESS
LOWEST: 50 ON 11 3 = THUNDER
SNOW, ICE PELLETS, HAIL 4 = ICE PELLETS
TOTAL MONTH: M 5 = HAIL
GRTST 24HR M ON M 6 = FREEZING RAIN OR DRIZZLE
GRTST DEPTH: M ON M 7 = DUSTSTORM OR SANDSTORM:
VSBY 1/2 MILE OR LESS
8 = SMOKE OR HAZE
[NO. OF DAYS WITH] [WEATHER - DAYS WITH] 9 = BLOWING SNOW
X = TORNADO
MAX 32 OR BELOW: 0 0.01 INCH OR MORE: 9
MAX 90 OR ABOVE: 19 0.10 INCH OR MORE: 4
MIN 32 OR BELOW: 0 0.50 INCH OR MORE: 2
MIN 0 OR BELOW: 0 1.00 INCH OR MORE: 1
[HDD (BASE 65) ]
TOTAL THIS MO. 0 CLEAR (SCALE 0-3) 24
DPTR FM NORMAL -8 PTCLDY (SCALE 4-7) 6
TOTAL FM JUL 1 4904 CLOUDY (SCALE 8-10) 0
DPTR FM NORMAL -188
[CDD (BASE 65) ]
TOTAL THIS MO. 402
DPTR FM NORMAL 127 [PRESSURE DATA]
TOTAL FM JAN 1 480 HIGHEST SLP 30.26 ON 12
DPTR FM NORMAL 86 LOWEST SLP 29.37 ON 9
[REMARKS]
#FINAL-06-20#
PRECIPITATION ON JULY 19, 25, AND 27 FROM BACKUP SITE
KUSK1 DUE TO UNREPRESENTATIVE DATA