000
CXUS56 KOTX 020143
CF6LWS
PRELIMINARY LOCAL CLIMATOLOGICAL DATA (WS FORM: F-6)
STATION: LEWISTON ID AIRPORT
MONTH: APRIL
YEAR: 2022
LATITUDE: 46 22 N
LONGITUDE: 117 1 W
TEMPERATURE IN F: :PCPN: SNOW: WIND :SUNSHINE: SKY :PK WND
================================================================================
1 2 3 4 5 6A 6B 7 8 9 10 11 12 13 14 15 16 17 18
12Z AVG MX 2MIN
DY MAX MIN AVG DEP HDD CDD WTR SNW DPTH SPD SPD DIR MIN PSBL S-S WX SPD DR
================================================================================
1 60 31 46 -2 19 0 0.00 0.0 0 3.1 8 220 M M 0 13 340
2 58 40 49 0 16 0 0.09 0.0 0 8.5 24 310 M M 5 1 32 280
3 61 36 49 0 16 0 0.00 0.0 0 6.4 17 320 M M 3 22 320
4 57 41 49 0 16 0 0.04 0.0 0 16.6 43 280 M M 8 59 270
5 56 38 47 -2 18 0 0.00 0.0 0 12.0 23 270 M M 2 29 280
6 59 34 47 -2 18 0 0.00 0.0 0 5.4 12 50 M M 1 17 40
7 75 38 57 7 8 0 0.00 0.0 0 8.3 14 80 M M 0 18 80
8 61 42 52 2 13 0 0.00 0.0 0 11.9 30 260 M M 3 38 290
9 54 36 45 -5 20 0 0.00 0.0 0 11.3 29 250 M M 5 36 260
10 48 33 41 -9 24 0 0.03 0.6 0 7.2 20 180 M M 6 128 25 290
11 44 34 39 -11 26 0 0.24 T T 11.1 21 50 M M 9 1 28 40
12 43 33 38 -12 27 0 T 0.0 0 6.0 13 80 M M 9 16 10
13 49 32 41 -10 24 0 0.08 T 0 8.5 17 160 M M 8 1 23 50
14 45 30 38 -13 27 0 0.07 T 0 7.1 23 290 M M 7 1 29 330
15 48 27 38 -13 27 0 0.00 0.0 0 3.6 13 240 M M 2 20 240
16 48 31 40 -11 25 0 T 0.0 0 6.2 24 290 M M 8 33 300
17 55 32 44 -8 21 0 0.00 0.0 0 6.7 16 60 M M 2 8 20 30
18 62 40 51 -1 14 0 0.00 0.0 0 6.9 29 310 M M 4 38 290
19 58 40 49 -3 16 0 0.25 0.0 0 6.5 25 230 M M 7 1 33 230
20 61 36 49 -3 16 0 0.00 0.0 0 6.7 22 300 M M 5 30 300
21 59 41 50 -3 15 0 0.01 0.0 0 5.6 17 290 M M 7 24 290
22 63 35 49 -4 16 0 T 0.0 0 5.8 21 290 M M 1 27 290
23 65 41 53 0 12 0 0.00 0.0 0 5.9 18 290 M M 3 24 300
24 70 41 56 2 9 0 0.00 0.0 0 5.3 12 30 M M 0 16 30
25 72 45 59 5 6 0 0.27 0.0 0 5.7 18 300 M M 3 1 24 290
26 59 43 51 -3 14 0 0.32 0.0 0 5.0 25 310 M M 7 1 32 320
27 54 41 48 -6 17 0 0.00 0.0 0 9.8 M M M M 4 M M
28 59 37 48 -7 17 0 0.01 0.0 0 4.6 18 300 M M 6 26 300
29 60 45 53 -2 12 0 0.01 0.0 0 5.6 14 180 M M 6 18 180
30 60 45 53 -2 12 0 0.54 0.0 0 8.8 17 260 M M 10 1 22 280
================================================================================
SM 1723 1118 521 0 1.96 0.6 222.1 M 141
================================================================================
AV 57.4 37.3 7.4 FASTST M M 5 MAX(MPH)
MISC ----> 43 280 59 270
================================================================================
NOTES:
# LAST OF SEVERAL OCCURRENCES
COLUMN 17 PEAK WIND IN M.P.H.
PRELIMINARY LOCAL CLIMATOLOGICAL DATA (WS FORM: F-6) , PAGE 2
STATION: LEWISTON ID AIRPORT
MONTH: APRIL
YEAR: 2022
LATITUDE: 46 22 N
LONGITUDE: 117 1 W
[TEMPERATURE DATA] [PRECIPITATION DATA] SYMBOLS USED IN COLUMN 16
AVERAGE MONTHLY: 47.4 TOTAL FOR MONTH: 1.96 1 = FOG OR MIST
DPTR FM NORMAL: -4.2 DPTR FM NORMAL: 0.52 2 = FOG REDUCING VISIBILITY
HIGHEST: 75 ON 7 GRTST 24HR 0.59 ON 25-26 TO 1/4 MILE OR LESS
LOWEST: 27 ON 15 3 = THUNDER
SNOW, ICE PELLETS, HAIL 4 = ICE PELLETS
TOTAL MONTH: 0.6 INCH 5 = HAIL
GRTST 24HR 0.6 ON 10-10 6 = FREEZING RAIN OR DRIZZLE
GRTST DEPTH: T 7 = DUSTSTORM OR SANDSTORM:
VSBY 1/2 MILE OR LESS
8 = SMOKE OR HAZE
[NO. OF DAYS WITH] [WEATHER - DAYS WITH] 9 = BLOWING SNOW
X = TORNADO
MAX 32 OR BELOW: 0 0.01 INCH OR MORE: 13
MAX 90 OR ABOVE: 0 0.10 INCH OR MORE: 5
MIN 32 OR BELOW: 6 0.50 INCH OR MORE: 1
MIN 0 OR BELOW: 0 1.00 INCH OR MORE: 0
[HDD (BASE 65) ]
TOTAL THIS MO. 521 CLEAR (SCALE 0-3) 10
DPTR FM NORMAL 114 PTCLDY (SCALE 4-7) 17
TOTAL FM JUL 1 4605 CLOUDY (SCALE 8-10) 3
DPTR FM NORMAL -127
[CDD (BASE 65) ]
TOTAL THIS MO. 0
DPTR FM NORMAL -2 [PRESSURE DATA]
TOTAL FM JAN 1 0 HIGHEST SLP 30.59 ON 6
DPTR FM NORMAL -2 LOWEST SLP 29.38 ON 11
[REMARKS]
#FINAL-04-22#