000
CXUS53 KGID 011436
CF6LXN
PRELIMINARY LOCAL CLIMATOLOGICAL DATA (WS FORM: F-6)
STATION: LEXINGTON NE
MONTH: JUNE
YEAR: 2023
LATITUDE: 40 47 N
LONGITUDE: 99 46 W
TEMPERATURE IN F: :PCPN: SNOW: WIND :SUNSHINE: SKY :PK WND
================================================================================
1 2 3 4 5 6A 6B 7 8 9 10 11 12 13 14 15 16 17 18
12Z AVG MX 2MIN
DY MAX MIN AVG DEP HDD CDD WTR SNW DPTH SPD SPD DIR MIN PSBL S-S WX SPD DR
================================================================================
1 78 62 70 M 0 5 0.00 M M 10.5 20 150 M M 1 25 150
2 75 60 68 M 0 3 T M M 11.5 22 170 M M 5 27 170
3 82 58 70 M 0 5 0.13 M M 7.0 31 150 M M 6 1 41 150
4 84 56 70 M 0 5 T M M 7.0 16 90 M M 2 1 31 90
5 82 59 71 M 0 6 0.46 M M 3.4 22 230 M M 4 1 35 230
6 84 55 70 M 0 5 0.00 M M 3.4 7 140 M M 2 1 M M
7 87 57 72 M 0 7 0.00 M M 2.6 10 190 M M 1 1 M M
8 89 56 73 M 0 8 0.00 M M 4.3 9 70 M M 1 1 M M
9 91 62 77 M 0 12 T M M 6.1 15 30 M M 4 1 25 130
10 82 58 70 M 0 5 0.18 M M 6.2 14 30 M M 5 1 21 30
11 73 50 62 M 3 0 0.06 M M 11.8 18 40 M M 5 1 23 30
12 74 44 59 M 6 0 0.00 M M 3.7 7 140 M M 0 M M
13 78 46 62 M 3 0 0.00 M M 3.1 8 90 M M 4 M M
14 82 50 66 M 0 1 0.00 M M 3.7 7 150 M M 0 M M
15 89 51 70 M 0 5 0.00 M M 4.7 15 180 M M 1 1 17 160
16 82 60 71 M 0 6 T M M 8.6 17 20 M M 2 22 360
17 74 57 66 M 0 1 0.63 M M 6.8 21 230 M M 4 17 360
18 87 55 71 M 0 6 0.00 M M 6.6 15 220 M M 0 1 17 220
19 93 64 79 M 0 14 0.00 M M 13.2 23 160 M M 0 30 170
20 90 66 78 M 0 13 0.00 M M 13.0 20 150 M M 6 28 140
21 78 66 72 M 0 7 0.27 M M 8.2 14 80 M M 3 13 20 80
22 84 63 74 M 0 9 0.06 M M 4.5 10 120 M M 5 1 21 170
23 89 64 77 M 0 12 0.00 M M 10.2 20 150 M M 3 1 27 150
24 89 61 75 M 0 10 T M M 12.9 24 280 M M 1 33 290
25 83 57 70 M 0 5 0.00 M M 10.7 18 340 M M 0 28 350
26 84 53 69 M 0 4 0.00 M M 5.7 12 100 M M 1 M M
27 88 62 75 M 0 10 T M M 14.8 30 150 M M 3 37 150
28 90 64 77 M 0 12 0.00 M M 8.3 13 80 M M 1 20 20
29 87 65 76 M 0 11 0.20 M M 9.4 22 50 M M 1 3 29 330
30 79 63 71 M 0 6 0.73 M M 7.0 15 260 M M 3 27 210
================================================================================
SM 2507 1744 12 193 2.72 M 228.9 M 74
================================================================================
AV 83.6 58.1 7.6 FASTST M M 2 MAX(MPH)
MISC ----> 31 150 M M
================================================================================
NOTES:
# LAST OF SEVERAL OCCURRENCES
COLUMN 17 PEAK WIND IN M.P.H.
PRELIMINARY LOCAL CLIMATOLOGICAL DATA (WS FORM: F-6) , PAGE 2
STATION: LEXINGTON NE
MONTH: JUNE
YEAR: 2023
LATITUDE: 40 47 N
LONGITUDE: 99 46 W
[TEMPERATURE DATA] [PRECIPITATION DATA] SYMBOLS USED IN COLUMN 16
AVERAGE MONTHLY: 70.9 TOTAL FOR MONTH: 2.72 1 = FOG OR MIST
DPTR FM NORMAL: M DPTR FM NORMAL: M 2 = FOG REDUCING VISIBILITY
HIGHEST: 93 ON 19 GRTST 24HR 0.73 ON 30-30 TO 1/4 MILE OR LESS
LOWEST: 44 ON 12 3 = THUNDER
SNOW, ICE PELLETS, HAIL 4 = ICE PELLETS
TOTAL MONTH: M 5 = HAIL
GRTST 24HR M ON M 6 = FREEZING RAIN OR DRIZZLE
GRTST DEPTH: M ON M 7 = DUSTSTORM OR SANDSTORM:
VSBY 1/2 MILE OR LESS
8 = SMOKE OR HAZE
[NO. OF DAYS WITH] [WEATHER - DAYS WITH] 9 = BLOWING SNOW
X = TORNADO
MAX 32 OR BELOW: 0 0.01 INCH OR MORE: 9
MAX 90 OR ABOVE: 4 0.10 INCH OR MORE: 7
MIN 32 OR BELOW: 0 0.50 INCH OR MORE: 2
MIN 0 OR BELOW: 0 1.00 INCH OR MORE: 0
[HDD (BASE 65) ]
TOTAL THIS MO. 12 CLEAR (SCALE 0-3) 17
DPTR FM NORMAL M PTCLDY (SCALE 4-7) 13
TOTAL FM JUL 1 6276 CLOUDY (SCALE 8-10) 0
DPTR FM NORMAL M
[CDD (BASE 65) ]
TOTAL THIS MO. 193
DPTR FM NORMAL M [PRESSURE DATA]
TOTAL FM JAN 1 247 HIGHEST SLP M ON M
DPTR FM NORMAL M LOWEST SLP M ON M
[REMARKS]
#FINAL-06-23#