000
CXUS53 KGID 011306
CF6LXN
PRELIMINARY LOCAL CLIMATOLOGICAL DATA (WS FORM: F-6)
STATION: LEXINGTON NE
MONTH: AUGUST
YEAR: 2022
LATITUDE: 40 47 N
LONGITUDE: 99 46 W
TEMPERATURE IN F: :PCPN: SNOW: WIND :SUNSHINE: SKY :PK WND
================================================================================
1 2 3 4 5 6A 6B 7 8 9 10 11 12 13 14 15 16 17 18
12Z AVG MX 2MIN
DY MAX MIN AVG DEP HDD CDD WTR SNW DPTH SPD SPD DIR MIN PSBL S-S WX SPD DR
================================================================================
1 94 64 79 M 0 14 0.00 M M 5.9 15 160 M M 0 1 21 150
2 98 65 82 M 0 17 0.00 M M 6.4 14 150 M M 0 25 160
3 95 67 81 M 0 16 0.00 M M 7.4 15 280 M M 0 18 10
4 91 61 76 M 0 11 0.00 M M 8.8 15 160 M M 0 21 160
5 96 71 84 M 0 19 0.00 M M 12.8 21 150 M M 0 27 150
6 94 71 83 M 0 18 T M M 10.3 16 40 M M 1 23 50
7 73 61 67 M 0 2 0.19 M M 8.4 13 350 M M 8 1 18 350
8 82 54 68 M 0 3 0.00 M M 5.6 9 80 M M 0 M M
9 90 58 74 M 0 9 0.00 M M 6.8 14 140 M M 0 1 17 140
10 95 60 78 M 0 13 0.00 M M 6.6 14 150 M M 0 18 150
11 93 64 79 M 0 14 0.00 M M 8.7 16 140 M M 0 22 140
12 96 61 79 M 0 14 0.00 M M 10.1 17 150 M M 0 23 160
13 93 62 78 M 0 13 0.00 M M 8.3 13 100 M M 0 18 70
14 91 65 78 M 0 13 0.00 M M 9.9 15 100 M M 1 1 21 100
15 78 64 71 M 0 6 0.23 M M 9.2 17 50 M M 6 1 21 50
16 66 62 64 M 1 0 0.01 M M 7.3 13 40 M M 10 1 16 40
17 80 62 71 M 0 6 0.00 M M 4.5 9 160 M M 5 1 M M
18 92 54 73 M 0 8 0.00 M M 4.2 9 240 M M 0 1 M M
19 86 57 72 M 0 7 0.01 M M 4.4 9 10 M M 3 1 M M
20 82 54 68 M 0 3 0.00 M M 6.5 12 40 M M 1 16 30
21 85 53 69 M 0 4 0.00 M M 5.3 12 120 M M 0 1 16 120
22 89 55 72 M 0 7 0.00 M M 6.3 13 140 M M 0 17 110
23 92 55 74 M 0 9 0.00 M M 6.0 16 150 M M 1 21 170
24 92 60 76 M 0 11 0.00 M M 6.2 14 160 M M 0 17 150
25 94 61 78 M 0 13 0.00 M M 8.9 14 150 M M 1 17 150
26 97 64 81 M 0 16 0.00 M M 9.6 18 200 M M 0 1 25 210
27 86 67 77 M 0 12 0.01 M M 13.2 21 170 M M 2 27 160
28 101 64 83 M 0 18 0.00 M M 7.1 15 320 M M 0 1 18 180
29 89 59 74 M 0 9 0.00 M M 7.2 16 60 M M 0 20 60
30 90 54 72 M 0 7 0.00 M M 5.3 12 130 M M 0 M M
31 99 58 79 M 0 14 0.18 M M 7.1 23 170 M M 1 3 58 170
================================================================================
SM 2779 1887 1 326 0.63 M 234.3 M 40
================================================================================
AV 89.6 60.9 7.6 FASTST M M 1 MAX(MPH)
MISC ----> 23 170 M M
================================================================================
NOTES:
# LAST OF SEVERAL OCCURRENCES
COLUMN 17 PEAK WIND IN M.P.H.
PRELIMINARY LOCAL CLIMATOLOGICAL DATA (WS FORM: F-6) , PAGE 2
STATION: LEXINGTON NE
MONTH: AUGUST
YEAR: 2022
LATITUDE: 40 47 N
LONGITUDE: 99 46 W
[TEMPERATURE DATA] [PRECIPITATION DATA] SYMBOLS USED IN COLUMN 16
AVERAGE MONTHLY: 75.3 TOTAL FOR MONTH: 0.63 1 = FOG OR MIST
DPTR FM NORMAL: M DPTR FM NORMAL: M 2 = FOG REDUCING VISIBILITY
HIGHEST: 101 ON 28 GRTST 24HR 0.23 ON 15-15 TO 1/4 MILE OR LESS
LOWEST: 53 ON 21 3 = THUNDER
SNOW, ICE PELLETS, HAIL 4 = ICE PELLETS
TOTAL MONTH: M 5 = HAIL
GRTST 24HR M ON M 6 = FREEZING RAIN OR DRIZZLE
GRTST DEPTH: M ON M 7 = DUSTSTORM OR SANDSTORM:
VSBY 1/2 MILE OR LESS
8 = SMOKE OR HAZE
[NO. OF DAYS WITH] [WEATHER - DAYS WITH] 9 = BLOWING SNOW
X = TORNADO
MAX 32 OR BELOW: 0 0.01 INCH OR MORE: 6
MAX 90 OR ABOVE: 20 0.10 INCH OR MORE: 3
MIN 32 OR BELOW: 0 0.50 INCH OR MORE: 0
MIN 0 OR BELOW: 0 1.00 INCH OR MORE: 0
[HDD (BASE 65) ]
TOTAL THIS MO. 1 CLEAR (SCALE 0-3) 27
DPTR FM NORMAL M PTCLDY (SCALE 4-7) 3
TOTAL FM JUL 1 1 CLOUDY (SCALE 8-10) 1
DPTR FM NORMAL M
[CDD (BASE 65) ]
TOTAL THIS MO. 326
DPTR FM NORMAL M [PRESSURE DATA]
TOTAL FM JAN 1 1058 HIGHEST SLP M ON M
DPTR FM NORMAL M LOWEST SLP M ON M
[REMARKS]
#FINAL-08-22#