153
CXUS55 KEAX 010736
CF6LXT
PRELIMINARY LOCAL CLIMATOLOGICAL DATA (WS FORM: F-6)
STATION: LEE`S SUMMIT MO
MONTH: SEPTEMBER
YEAR: 2020
LATITUDE: 38 57 N
LONGITUDE: 94 22 W
TEMPERATURE IN F: :PCPN: SNOW: WIND :SUNSHINE: SKY :PK WND
================================================================================
1 2 3 4 5 6A 6B 7 8 9 10 11 12 13 14 15 16 17 18
12Z AVG MX 2MIN
DY MAX MIN AVG DEP HDD CDD WTR SNW DPTH SPD SPD DIR MIN PSBL S-S WX SPD DR
================================================================================
1 85 69 77 3 0 12 0.00 M M 7.5 17 220 M M 7 26 250
2 86 68 77 4 0 12 0.00 M M 2.8 9 210 M M 2 12 13 120
3 87 65 76 3 0 11 0.00 M M 8.6 20 320 M M 2 1 24 330
4 84 57 71 -2 0 6 0.00 M M 5.1 12 140 M M 0 14 100
5 91 69 80 8 0 15 0.49 M M 7.9 15 200 M M 3 13 24 190
6 92 75 84 12 0 19 0.00 M M 16.7 28 200 M M 0 39 210
7 92 73 83 11 0 18 0.00 M M 9.5 21 200 M M 2 30 190
8 78 54 66 -5 0 1 0.01 M M 14.7 23 30 M M 10 18 30 20
9 58 52 55 -16 10 0 0.09 M M 12.0 18 10 M M 10 13 23 10
10 59 55 57 -13 8 0 1.24 M M 9.2 15 20 M M 10 1 19 20
11 64 56 60 -10 5 0 0.17 M M 3.8 9 220 M M 10 1 11 300
12 77 62 70 0 0 5 0.02 M M 6.4 15 200 M M 7 1 20 190
13 78 56 67 -2 0 2 0.00 M M 4.0 12 50 M M 1 12 17 340
14 80 58 69 0 0 4 0.00 M M 5.1 13 90 M M 0 18 80
15 81 58 70 2 0 5 0.00 M M 4.3 9 150 M M 0 1 13 140
16 82 60 71 3 0 6 0.00 M M 3.5 13 20 M M 0 1 16 20
17 74 58 66 -2 0 1 0.00 M M 7.8 15 20 M M 0 19 30
18 74 53 64 -3 1 0 0.00 M M 6.1 14 60 M M 0 18 60
19 72 54 63 -4 2 0 0.00 M M 7.5 14 160 M M 0 20 150
20 75 54 65 -1 0 0 0.00 M M 8.9 15 140 M M 0 19 140
21 79 57 68 2 0 3 0.00 M M 6.8 15 170 M M 1 23 170
22 77 59 68 2 0 3 0.00 M M 6.7 13 230 M M 0 17 230
23 78 64 71 6 0 6 0.00 M M 5.0 12 220 M M 8 14 190
24 81 57 69 4 0 4 0.00 M M 8.0 15 200 M M 0 22 220
25 87 61 74 10 0 9 0.00 M M 12.1 21 210 M M 0 27 210
26 89 64 77 13 0 12 0.00 M M 14.8 26 200 M M 1 34 190
27 72 53 63 -1 2 0 1.28 M M 9.8 24 350 M M 7 138 39 20
28 68 51 60 -3 5 0 T M M 10.2 23 330 M M 2 32 330
29 72 45 59 -4 6 0 0.00 M M 8.6 17 270 M M 1 24 240
30 77 52 65 3 0 0 0.00 M M 11.3 25 340 M M 0 37 340
================================================================================
SM 2349 1769 39 154 3.30 M 244.7 M 84
================================================================================
AV 78.3 59.0 8.2 FASTST M M 3 MAX(MPH)
MISC ----> 28 200 39 20
================================================================================
NOTES:
# LAST OF SEVERAL OCCURRENCES
COLUMN 17 PEAK WIND IN M.P.H.
PRELIMINARY LOCAL CLIMATOLOGICAL DATA (WS FORM: F-6) , PAGE 2
STATION: LEE`S SUMMIT MO
MONTH: SEPTEMBER
YEAR: 2020
LATITUDE: 38 57 N
LONGITUDE: 94 22 W
[TEMPERATURE DATA] [PRECIPITATION DATA] SYMBOLS USED IN COLUMN 16
AVERAGE MONTHLY: 68.6 TOTAL FOR MONTH: 3.30 1 = FOG OR MIST
DPTR FM NORMAL: 0.4 DPTR FM NORMAL: -1.10 2 = FOG REDUCING VISIBILITY
HIGHEST: 92 ON 7, 6 GRTST 24HR 1.28 ON 27-27 TO 1/4 MILE OR LESS
LOWEST: 45 ON 29 3 = THUNDER
SNOW, ICE PELLETS, HAIL 4 = ICE PELLETS
TOTAL MONTH: M 5 = HAIL
GRTST 24HR M ON M 6 = FREEZING RAIN OR DRIZZLE
GRTST DEPTH: M ON M 7 = DUSTSTORM OR SANDSTORM:
VSBY 1/2 MILE OR LESS
8 = SMOKE OR HAZE
[NO. OF DAYS WITH] [WEATHER - DAYS WITH] 9 = BLOWING SNOW
X = TORNADO
MAX 32 OR BELOW: 0 0.01 INCH OR MORE: 7
MAX 90 OR ABOVE: 3 0.10 INCH OR MORE: 4
MIN 32 OR BELOW: 0 0.50 INCH OR MORE: 2
MIN 0 OR BELOW: 0 1.00 INCH OR MORE: 2
[HDD (BASE 65) ]
TOTAL THIS MO. 39 CLEAR (SCALE 0-3) 22
DPTR FM NORMAL -11 PTCLDY (SCALE 4-7) 4
TOTAL FM JUL 1 39 CLOUDY (SCALE 8-10) 4
DPTR FM NORMAL -12
[CDD (BASE 65) ]
TOTAL THIS MO. 154
DPTR FM NORMAL 8 [PRESSURE DATA]
TOTAL FM JAN 1 1534 HIGHEST SLP M ON M
DPTR FM NORMAL 246 LOWEST SLP 29.64 ON 7
[REMARKS]
#FINAL-09-20#