000
CXUS55 KPUB 011210
CF6LXV
PRELIMINARY LOCAL CLIMATOLOGICAL DATA (WS FORM: F-6)
STATION: LEADVILLE CO
MONTH: APRIL
YEAR: 2020
LATITUDE: 39 15 N
LONGITUDE: 106 18 W
TEMPERATURE IN F: :PCPN: SNOW: WIND :SUNSHINE: SKY :PK WND
================================================================================
1 2 3 4 5 6A 6B 7 8 9 10 11 12 13 14 15 16 17 18
12Z AVG MX 2MIN
DY MAX MIN AVG DEP HDD CDD WTR SNW DPTH SPD SPD DIR MIN PSBL S-S WX SPD DR
================================================================================
1 44 25 35 8 30 0 0.00 M M 7.5 21 200 M M 2 32 270
2 38 17 28 0 37 0 T M M 11.5 26 210 M M 6 18 46 190
3 33 6 20 -8 45 0 0.00 M M 7.3 21 250 M M 3 31 250
4 41 18 30 2 35 0 T M M 4.6 18 290 M M 7 1 29 290
5 43 22 33 5 32 0 0.00 M M 7.3 23 200 M M 4 34 220
6 45 23 34 6 31 0 0.00 M M 7.4 24 210 M M 1 35 230
7 46 26 36 7 29 0 0.00 M M 7.4 20 290 M M 0 32 300
8 49 21 35 6 30 0 0.00 M M 6.0 20 310 M M 0 30 350
9 54 17 36 7 29 0 T M M 4.7 15 150 M M 3 12 24 150
10 47 22 35 6 30 0 0.07 M M 5.5 24 310 M M 6 12 34 300
11 43 21 32 2 33 0 T M M 8.4 20 240 M M 1 1 31 330
12 30 13 22 -8 43 0 0.37 M M 8.3 25 20 M M 9 128 37 310
13 23 2 13 -17 52 0 0.04 M M 8.7 22 320 M M 9 128 32 300
14 25 -7 9 -21 56 0 T M M 9.1 23 300 M M 7 8 36 270
15 34 14 24 -7 41 0 0.00 M M 9.7 28 300 M M 6 42 300
16 31 17 24 -7 41 0 0.23 M M 6.4 25 320 M M 10 128 36 310
17 38 15 27 -4 38 0 T M M 8.5 18 350 M M 3 1 29 300
18 41 15 28 -4 37 0 0.02 M M 6.8 23 310 M M 5 18 30 300
19 38 20 29 -3 36 0 0.08 M M 6.6 21 360 M M 7 1 28 340
20 44 21 33 1 32 0 T M M 4.6 20 310 M M 6 26 310
21 48 18 33 1 32 0 0.01 M M 4.0 15 190 M M 5 8 22 340
22 45 23 34 1 31 0 0.00 M M 7.4 23 280 M M 4 33 280
23 44 25 35 2 30 0 0.28 M M 7.9 20 350 M M 8 12 29 10
24 39 23 31 -3 34 0 0.04 M M 5.6 18 330 M M 8 1 26 320
25 46 26 36 2 29 0 T M M 6.6 21 310 M M 4 28 310
26 51 28 40 6 25 0 0.04 M M 7.7 24 10 M M 3 1 37 360
27 54 23 39 5 26 0 0.00 M M 7.2 20 300 M M 3 27 300
28 51 29 40 5 25 0 0.00 M M 10.7 24 300 M M 2 35 330
29 61 26 44 9 21 0 0.00 M M 5.1 15 310 M M 0 22 320
30 61 28 45 9 20 0 0.00 M M 6.9 23 260 M M 2 36 300
================================================================================
SM 1287 577 1010 0 1.18 M 215.4 M 134
================================================================================
AV 42.9 19.2 7.2 FASTST M M 4 MAX(MPH)
MISC ----> 28 300 46 190
================================================================================
NOTES:
# LAST OF SEVERAL OCCURRENCES
COLUMN 17 PEAK WIND IN M.P.H.
PRELIMINARY LOCAL CLIMATOLOGICAL DATA (WS FORM: F-6) , PAGE 2
STATION: LEADVILLE CO
MONTH: APRIL
YEAR: 2020
LATITUDE: 39 15 N
LONGITUDE: 106 18 W
[TEMPERATURE DATA] [PRECIPITATION DATA] SYMBOLS USED IN COLUMN 16
AVERAGE MONTHLY: 31.1 TOTAL FOR MONTH: 1.18 1 = FOG OR MIST
DPTR FM NORMAL: 0.0 DPTR FM NORMAL: 0.11 2 = FOG REDUCING VISIBILITY
HIGHEST: 61 ON 30,29 GRTST 24HR 0.37 ON 12-12 TO 1/4 MILE OR LESS
LOWEST: -7 ON 14 3 = THUNDER
SNOW, ICE PELLETS, HAIL 4 = ICE PELLETS
TOTAL MONTH: M 5 = HAIL
GRTST 24HR M ON M 6 = FREEZING RAIN OR DRIZZLE
GRTST DEPTH: M ON M 7 = DUSTSTORM OR SANDSTORM:
VSBY 1/2 MILE OR LESS
8 = SMOKE OR HAZE
[NO. OF DAYS WITH] [WEATHER - DAYS WITH] 9 = BLOWING SNOW
X = TORNADO
MAX 32 OR BELOW: 4 0.01 INCH OR MORE: 10
MAX 90 OR ABOVE: 0 0.10 INCH OR MORE: 3
MIN 32 OR BELOW: 30 0.50 INCH OR MORE: 0
MIN 0 OR BELOW: 1 1.00 INCH OR MORE: 0
[HDD (BASE 65) ]
TOTAL THIS MO. 1010 CLEAR (SCALE 0-3) 12
DPTR FM NORMAL -8 PTCLDY (SCALE 4-7) 14
TOTAL FM JUL 1 9871 CLOUDY (SCALE 8-10) 4
DPTR FM NORMAL -130
[CDD (BASE 65) ]
TOTAL THIS MO. 0
DPTR FM NORMAL 0 [PRESSURE DATA]
TOTAL FM JAN 1 0 HIGHEST SLP 30.23 ON 14
DPTR FM NORMAL 0 LOWEST SLP 29.40 ON 12
[REMARKS]
#FINAL-04-20#