000
CXUS51 KRNK 011926
CF6LYH
PRELIMINARY LOCAL CLIMATOLOGICAL DATA (WS FORM: F-6)
STATION: LYNCHBURG VA
MONTH: JANUARY
YEAR: 2022
LATITUDE: 37 19 N
LONGITUDE: 79 12 W
TEMPERATURE IN F: :PCPN: SNOW: WIND :SUNSHINE: SKY :PK WND
================================================================================
1 2 3 4 5 6A 6B 7 8 9 10 11 12 13 14 15 16 17 18
12Z AVG MX 2MIN
DY MAX MIN AVG DEP HDD CDD WTR SNW DPTH SPD SPD DIR MIN PSBL S-S WX SPD DR
================================================================================
1 74 52 63 27 2 0 0.12 0.0 0 7.0 21 200 M M 5 12 31 210
2 71 52 62 26 3 0 0.89 0.0 0 4.8 20 200 M M 5 1 24 200
3 55 26 41 5 24 0 1.16 5.0 5 10.5 32 30 M M 6 12 44 30
4 38 17 28 -8 37 0 0.00 0.0 4 3.3 12 190 M M 0 14 190
5 47 24 36 0 29 0 0.00 0.0 3 2.6 9 260 M M 2 16 280
6 51 34 43 7 22 0 0.04 0.2 1 4.7 17 20 M M 3 1 24 20
7 35 18 27 -9 38 0 0.02 T 0 6.5 14 250 M M 1 1 21 270
8 37 15 26 -10 39 0 0.00 0.0 0 3.3 9 30 M M 0 13 10
9 52 24 38 2 27 0 0.44 0.0 0 7.5 16 210 M M 7 1 27 230
10 44 30 37 1 28 0 0.00 0.0 0 6.9 17 300 M M 0 29 290
11 38 18 28 -8 37 0 0.00 0.0 0 1.9 13 260 M M 0 20 250
12 53 20 37 1 28 0 0.00 0.0 0 6.3 16 190 M M 0 20 180
13 50 26 38 2 27 0 T 0.0 0 1.7 10 260 M M 4 15 270
14 54 28 41 5 24 0 0.00 0.0 0 4.3 14 10 M M 2 20 10
15 35 25 30 -6 35 0 0.00 0.0 0 5.2 13 40 M M 8 16 40
16 32 19 26 -10 39 0 0.82 3.7 4 14.7 37 40 M M 8 16 49 50
17 38 30 34 -2 31 0 T T 3 10.5 21 260 M M 6 1 34 270
18 40 24 32 -4 33 0 0.00 0.0 2 5.2 14 300 M M 1 23 290
19 48 24 36 0 29 0 0.00 0.0 1 4.9 15 200 M M 4 20 220
20 42 30 36 0 29 0 0.29 0.1 1 4.4 15 30 M M 9 1 20 40
21 30 22 26 -10 39 0 0.00 0.0 T 9.8 15 30 M M 4 19 40
22 35 11 23 -13 42 0 0.00 0.0 T 3.0 10 40 M M 0 13 30
23 45 19 32 -4 33 0 0.00 0.0 T 5.7 13 200 M M 2 17 260
24 48 23 36 0 29 0 0.00 0.0 T 4.7 14 210 M M 2 21 200
25 56 33 45 9 20 0 0.00 0.0 T 4.2 10 20 M M 3 16 290
26 39 21 30 -6 35 0 0.00 0.0 0 3.8 10 40 M M 2 14 290
27 38 15 27 -9 38 0 0.00 0.0 0 3.3 10 190 M M 1 14 200
28 47 25 36 0 29 0 0.15 0.5 1 4.6 16 30 M M 8 1 21 30
29 33 15 24 -12 41 0 T T T 6.7 16 310 M M 3 1 27 320
30 36 15 26 -10 39 0 0.00 0.0 T 3.1 15 170 M M 3 19 180
31 42 20 31 -5 34 0 0.00 0.0 0 5.9 13 20 M M 1 16 30
================================================================================
SM 1383 755 940 0 3.93 9.5 171.0 M 100
================================================================================
AV 44.6 24.4 5.5 FASTST M M 3 MAX(MPH)
MISC ----> 37 40 49 50
================================================================================
NOTES:
# LAST OF SEVERAL OCCURRENCES
COLUMN 17 PEAK WIND IN M.P.H.
PRELIMINARY LOCAL CLIMATOLOGICAL DATA (WS FORM: F-6) , PAGE 2
STATION: LYNCHBURG VA
MONTH: JANUARY
YEAR: 2022
LATITUDE: 37 19 N
LONGITUDE: 79 12 W
[TEMPERATURE DATA] [PRECIPITATION DATA] SYMBOLS USED IN COLUMN 16
AVERAGE MONTHLY: 34.5 TOTAL FOR MONTH: 3.93 1 = FOG OR MIST
DPTR FM NORMAL: -1.4 DPTR FM NORMAL: 0.47 2 = FOG REDUCING VISIBILITY
HIGHEST: 74 ON 1 GRTST 24HR 1.69 ON 2- 3 TO 1/4 MILE OR LESS
LOWEST: 11 ON 22 3 = THUNDER
SNOW, ICE PELLETS, HAIL 4 = ICE PELLETS
TOTAL MONTH: 9.5 INCHES 5 = HAIL
GRTST 24HR 5.0 ON 3- 3 6 = FREEZING RAIN OR DRIZZLE
GRTST DEPTH: 5 ON 3 7 = DUSTSTORM OR SANDSTORM:
VSBY 1/2 MILE OR LESS
8 = SMOKE OR HAZE
[NO. OF DAYS WITH] [WEATHER - DAYS WITH] 9 = BLOWING SNOW
X = TORNADO
MAX 32 OR BELOW: 2 0.01 INCH OR MORE: 9
MAX 90 OR ABOVE: 0 0.10 INCH OR MORE: 7
MIN 32 OR BELOW: 27 0.50 INCH OR MORE: 3
MIN 0 OR BELOW: 0 1.00 INCH OR MORE: 1
[HDD (BASE 65) ]
TOTAL THIS MO. 940 CLEAR (SCALE 0-3) 16
DPTR FM NORMAL 38 PTCLDY (SCALE 4-7) 13
TOTAL FM JUL 1 2133 CLOUDY (SCALE 8-10) 2
DPTR FM NORMAL -444
[CDD (BASE 65) ]
TOTAL THIS MO. 0
DPTR FM NORMAL 0 [PRESSURE DATA]
TOTAL FM JAN 1 0 HIGHEST SLP 30.67 ON 8
DPTR FM NORMAL 0 LOWEST SLP 29.23 ON 17
[REMARKS]
DUE TO EQUIPMENT FAILURE ON NOVEMBER 4, 2021, ALL HEATING DEGREE DAY
INFORMATION WILL BE CALCULATED WITHOUT DATA FROM THIS DATE.
#FINAL-01-22#