000
CXUS54 KMAF 021438
CF6MAF
PRELIMINARY LOCAL CLIMATOLOGICAL DATA (WS FORM: F-6)
STATION: MIDLAND INTERNATIONAL AIRPORT
MONTH: MAY
YEAR: 2022
LATITUDE: 31 57 N
LONGITUDE: 102 11 W
TEMPERATURE IN F: :PCPN: SNOW: WIND :SUNSHINE: SKY :PK WND
================================================================================
1 2 3 4 5 6A 6B 7 8 9 10 11 12 13 14 15 16 17 18
12Z AVG MX 2MIN
DY MAX MIN AVG DEP HDD CDD WTR SNW DPTH SPD SPD DIR MIN PSBL S-S WX SPD DR
================================================================================
1 86 62 74 4 0 9 T 0.0 0 20.0 37 160 M M 5 38 44 160
2 94 68 81 10 0 16 0.00 0.0 0 16.8 28 240 M M 1 34 230
3 82 52 67 -4 0 2 0.00 0.0 0 14.0 23 160 M M 2 8 28 50
4 91 70 81 10 0 16 0.00 0.0 0 13.3 26 170 M M 3 18 31 160
5 85 55 70 -2 0 5 0.00 0.0 0 11.7 22 360 M M 1 18 28 330
6 98 57 78 6 0 13 0.00 0.0 0 10.5 25 280 M M 0 32 260
7 103 63 83 11 0 18 0.00 0.0 0 13.8 32 240 M M 0 42 250
8 100 66 83 10 0 18 0.00 0.0 0 14.2 30 240 M M 0 37 230
9 99 71 85 12 0 20 0.00 0.0 0 14.7 29 240 M M 0 8 34 240
10 91 72 82 9 0 17 0.00 0.0 0 16.4 41 160 M M 2 8 54 140
11 92 68 80 6 0 15 0.00 0.0 0 22.5 33 150 M M 0 8 40 150
12 96 70 83 9 0 18 0.00 0.0 0 14.0 30 180 M M 0 39 170
13 97 71 84 10 0 19 0.00 0.0 0 6.7 18 210 M M 1 8 24 220
14 100 67 84 9 0 19 0.00 0.0 0 8.4 20 180 M M 0 23 180
15 103 68 86 11 0 21 0.00 0.0 0 10.0 20 80 M M 0 27 80
16 101 70 86 11 0 21 0.00 0.0 0 16.4 28 160 M M 0 33 140
17 103 77 90 14 0 25 0.00 0.0 0 17.4 35 160 M M 0 41 160
18 101 73 87 11 0 22 0.00 0.0 0 12.3 22 240 M M 0 26 250
19 103 73 88 12 0 23 0.00 0.0 0 13.9 26 230 M M 0 8 37 260
20 98 71 85 8 0 20 0.00 0.0 0 12.5 25 230 M M 0 34 240
21 82 62 72 -5 0 7 0.00 0.0 0 15.9 26 10 M M 0 8 33 20
22 74 53 64 -14 1 0 0.00 0.0 0 13.4 26 50 M M 4 8 36 60
23 84 62 73 -5 0 8 T 0.0 0 17.7 30 160 M M 4 38 140
24 80 53 67 -11 0 2 0.11 0.0 0 16.4 59 10 M M 4 138 74 10
25 76 46 61 -17 4 0 0.00 0.0 0 9.2 24 360 M M 0 28 360
26 93 53 73 -6 0 8 0.00 0.0 0 7.7 18 160 M M 0 23 170
27 98 64 81 2 0 16 0.00 0.0 0 12.6 23 170 M M 0 31 180
28 105 73 89 10 0 24 0.00 0.0 0 18.6 30 170 M M 0 3 37 170
29 101 74 88 8 0 23 0.00 0.0 0 19.8 37 170 M M 0 8 45 160
30 98 73 86 6 0 21 0.00 0.0 0 16.8 29 170 M M 0 38 170
31 97 75 86 6 0 21 0.00 0.0 0 17.7 28 160 M M 2 33 170
================================================================================
SM 2911 2032 5 467 0.11 0.0 445.3 M 29
================================================================================
AV 93.9 65.5 14.4 FASTST M M 1 MAX(MPH)
MISC ----> 59 10 74 10
================================================================================
NOTES:
# LAST OF SEVERAL OCCURRENCES
COLUMN 17 PEAK WIND IN M.P.H.
PRELIMINARY LOCAL CLIMATOLOGICAL DATA (WS FORM: F-6) , PAGE 2
STATION: MIDLAND INTERNATIONAL AIRPORT
MONTH: MAY
YEAR: 2022
LATITUDE: 31 57 N
LONGITUDE: 102 11 W
[TEMPERATURE DATA] [PRECIPITATION DATA] SYMBOLS USED IN COLUMN 16
AVERAGE MONTHLY: 79.7 TOTAL FOR MONTH: 0.11 1 = FOG OR MIST
DPTR FM NORMAL: 4.3 DPTR FM NORMAL: -1.46 2 = FOG REDUCING VISIBILITY
HIGHEST: 105 ON 28 GRTST 24HR 0.11 ON 23-24 TO 1/4 MILE OR LESS
LOWEST: 46 ON 25 3 = THUNDER
SNOW, ICE PELLETS, HAIL 4 = ICE PELLETS
TOTAL MONTH: 0.0 INCH 5 = HAIL
GRTST 24HR 0.0 6 = FREEZING RAIN OR DRIZZLE
GRTST DEPTH: 0 7 = DUSTSTORM OR SANDSTORM:
VSBY 1/2 MILE OR LESS
8 = SMOKE OR HAZE
[NO. OF DAYS WITH] [WEATHER - DAYS WITH] 9 = BLOWING SNOW
X = TORNADO
MAX 32 OR BELOW: 0 0.01 INCH OR MORE: 1
MAX 90 OR ABOVE: 23 0.10 INCH OR MORE: 1
MIN 32 OR BELOW: 0 0.50 INCH OR MORE: 0
MIN 0 OR BELOW: 0 1.00 INCH OR MORE: 0
[HDD (BASE 65) ]
TOTAL THIS MO. 5 CLEAR (SCALE 0-3) 26
DPTR FM NORMAL -9 PTCLDY (SCALE 4-7) 5
TOTAL FM JUL 1 2324 CLOUDY (SCALE 8-10) 0
DPTR FM NORMAL -40
[CDD (BASE 65) ]
TOTAL THIS MO. 467
DPTR FM NORMAL 133 [PRESSURE DATA]
TOTAL FM JAN 1 664 HIGHEST SLP 30.25 ON 22
DPTR FM NORMAL 173 LOWEST SLP 29.31 ON 29
[REMARKS]
#FINAL-05-22#