000
CXUS54 KMAF 011448
CF6MAF
PRELIMINARY LOCAL CLIMATOLOGICAL DATA (WS FORM: F-6)
STATION: MIDLAND INTERNATIONAL AIRPORT
MONTH: OCTOBER
YEAR: 2021
LATITUDE: 31 57 N
LONGITUDE: 102 11 W
TEMPERATURE IN F: :PCPN: SNOW: WIND :SUNSHINE: SKY :PK WND
================================================================================
1 2 3 4 5 6A 6B 7 8 9 10 11 12 13 14 15 16 17 18
12Z AVG MX 2MIN
DY MAX MIN AVG DEP HDD CDD WTR SNW DPTH SPD SPD DIR MIN PSBL S-S WX SPD DR
================================================================================
1 74 61 68 -4 0 3 0.05 0.0 0 6.2 14 140 M M 8 13 17 80
2 83 58 71 -1 0 6 0.00 0.0 0 3.1 13 360 M M 4 1 17 340
3 84 56 70 -1 0 5 0.00 0.0 0 6.7 14 10 M M 0 17 360
4 86 52 69 -2 0 4 0.00 0.0 0 5.0 12 170 M M 1 8 17 140
5 91 58 75 4 0 10 0.00 0.0 0 7.4 16 90 M M 4 20 260
6 89 58 74 4 0 9 0.00 0.0 0 7.0 14 140 M M 0 17 120
7 94 62 78 8 0 13 0.00 0.0 0 9.4 17 180 M M 0 22 180
8 96 68 82 12 0 17 0.00 0.0 0 12.6 21 160 M M 0 26 160
9 97 63 80 11 0 15 0.00 0.0 0 12.9 21 180 M M 0 27 180
10 92 52 72 3 0 7 0.00 0.0 0 15.9 48 280 M M 1 78 57 280
11 83 44 64 -5 1 0 0.00 0.0 0 9.7 21 160 M M 0 26 160
12 92 64 78 10 0 13 0.00 0.0 0 20.3 31 180 M M 1 18 40 180
13 76 55 66 -2 0 1 0.00 0.0 0 9.7 29 180 M M 1 8 37 170
14 86 48 67 -1 0 2 0.00 0.0 0 7.9 23 250 M M 0 8 30 240
15 72 47 60 -7 5 0 0.00 0.0 0 11.5 22 30 M M 0 30 30
16 70 39 55 -12 10 0 0.00 0.0 0 7.5 17 140 M M 0 8 23 170
17 72 40 56 -10 9 0 0.00 0.0 0 8.9 18 140 M M 0 27 140
18 77 51 64 -2 1 0 0.00 0.0 0 12.5 22 160 M M 0 8 26 170
19 87 59 73 7 0 8 0.00 0.0 0 13.5 20 180 M M 0 28 220
20 87 52 70 5 0 5 0.00 0.0 0 5.8 15 210 M M 0 18 19 210
21 78 58 68 3 0 3 0.00 0.0 0 8.2 15 160 M M 5 18 21 160
22 85 58 72 8 0 7 0.00 0.0 0 11.5 18 160 M M 2 1 23 200
23 88 62 75 11 0 10 0.00 0.0 0 13.3 26 170 M M 2 30 170
24 87 59 73 9 0 8 0.00 0.0 0 7.3 13 260 M M 0 8 18 270
25 90 51 71 8 0 6 0.00 0.0 0 6.2 16 230 M M 0 8 20 220
26 93 67 80 17 0 15 0.00 0.0 0 14.9 28 260 M M 0 8 35 260
27 71 46 59 -3 6 0 0.00 0.0 0 15.0 31 330 M M 0 8 39 340
28 73 41 57 -5 8 0 0.00 0.0 0 9.7 21 340 M M 0 8 26 340
29 75 42 59 -2 6 0 0.00 0.0 0 6.8 14 300 M M 0 8 20 310
30 85 43 64 3 1 0 0.00 0.0 0 7.4 17 230 M M 0 23 250
31 72 44 58 -2 7 0 0.00 0.0 0 9.3 21 40 M M 0 26 40
================================================================================
SM 2585 1658 54 167 0.05 0.0 303.1 M 29
================================================================================
AV 83.4 53.5 9.8 FASTST M M 1 MAX(MPH)
MISC ----> 48 280 57 280
================================================================================
NOTES:
# LAST OF SEVERAL OCCURRENCES
COLUMN 17 PEAK WIND IN M.P.H.
PRELIMINARY LOCAL CLIMATOLOGICAL DATA (WS FORM: F-6) , PAGE 2
STATION: MIDLAND INTERNATIONAL AIRPORT
MONTH: OCTOBER
YEAR: 2021
LATITUDE: 31 57 N
LONGITUDE: 102 11 W
[TEMPERATURE DATA] [PRECIPITATION DATA] SYMBOLS USED IN COLUMN 16
AVERAGE MONTHLY: 68.4 TOTAL FOR MONTH: 0.05 1 = FOG OR MIST
DPTR FM NORMAL: 1.9 DPTR FM NORMAL: -1.16 2 = FOG REDUCING VISIBILITY
HIGHEST: 97 ON 9 GRTST 24HR 0.11 ON 30- 1 TO 1/4 MILE OR LESS
LOWEST: 39 ON 16 3 = THUNDER
SNOW, ICE PELLETS, HAIL 4 = ICE PELLETS
TOTAL MONTH: 0.0 INCH 5 = HAIL
GRTST 24HR 0.0 6 = FREEZING RAIN OR DRIZZLE
GRTST DEPTH: 0 7 = DUSTSTORM OR SANDSTORM:
VSBY 1/2 MILE OR LESS
8 = SMOKE OR HAZE
[NO. OF DAYS WITH] [WEATHER - DAYS WITH] 9 = BLOWING SNOW
X = TORNADO
MAX 32 OR BELOW: 0 0.01 INCH OR MORE: 1
MAX 90 OR ABOVE: 8 0.10 INCH OR MORE: 0
MIN 32 OR BELOW: 0 0.50 INCH OR MORE: 0
MIN 0 OR BELOW: 0 1.00 INCH OR MORE: 0
[HDD (BASE 65) ]
TOTAL THIS MO. 54 CLEAR (SCALE 0-3) 27
DPTR FM NORMAL -29 PTCLDY (SCALE 4-7) 4
TOTAL FM JUL 1 54 CLOUDY (SCALE 8-10) 0
DPTR FM NORMAL -39
[CDD (BASE 65) ]
TOTAL THIS MO. 167
DPTR FM NORMAL 38 [PRESSURE DATA]
TOTAL FM JAN 1 2253 HIGHEST SLP 30.40 ON 16
DPTR FM NORMAL -406 LOWEST SLP 29.45 ON 26
[REMARKS]
#FINAL-10-21#