000
CXUS52 KFFC 052300
CLMMCN
CLIMATE REPORT
NATIONAL WEATHER SERVICE PEACHTREE CITY GA
600 PM EST TUE MAR 05 2024
...................................
...THE MACON CLIMATE SUMMARY FOR THE MONTH OF FEBRUARY 2024...
CLIMATE NORMAL PERIOD: 1991 TO 2020
CLIMATE RECORD PERIOD: 1899 TO 2024
WEATHER OBSERVED NORMAL DEPART LAST YEAR`S
VALUE DATE(S) VALUE FROM VALUE DATE(S)
NORMAL
................................................................
TEMPERATURE (F)
RECORD
HIGH 85 02/16/1989
02/28/1962
LOW 8 02/03/1917
HIGHEST 81 02/28 85 -4 85 02/28
LOWEST 27 02/07 9 18 30 02/04
02/18
AVG. MAXIMUM 65.3 63.4 1.9 71.8
AVG. MINIMUM 39.0 39.1 -0.1 47.1
MEAN 52.1 51.2 0.9 59.4
DAYS MAX >= 90 0 0.0 0.0 0
DAYS MAX <= 32 0 0.0 0.0 0
DAYS MIN <= 32 8 8.3 -0.3 2
DAYS MIN <= 0 0 0.0 0.0 0
PRECIPITATION (INCHES)
RECORD
MAXIMUM 12.87 2013
MINIMUM 0.37 2000
TOTALS 5.79 4.17 1.62
DAILY AVG. 0.20 NAN NAN 0.09
DAYS >= .01 4 9.2 -5.2 8
DAYS >= .10 3 6.2 -3.2 5
DAYS >= .50 3 2.9 0.1 1
DAYS >= 1.00 2 1.4 0.6 1
GREATEST
24 HR. TOTAL 4.92 02/11 TO 02/12 1.79 02/11 TO 02/12
SNOWFALL (INCHES)
RECORDS
TOTAL 3.0 2010
24 HR TOTAL 3.0 02/12/2010 TO 02/12/2010
SNOW DEPTH 0 MM
TOTALS 0.0 MM MM 0.0
SINCE 7/1 0.0 MM MM MM
SNOWDEPTH AVG. MM MM
DAYS >= TRACE 0 MM MM 0
DAYS >= 1.0 0 MM MM 0
GREATEST
24 HR TOTAL MM MM
DEGREE DAYS
HEATING TOTAL 366 390 -24 204
SINCE 7/1 1690 1813 -123 MM
COOLING TOTAL 1 5 -4 56
SINCE 1/1 6 7 -1 MM
................................................................
WIND (MPH)
AVERAGE WIND SPEED 7.1
HIGHEST WIND SPEED/DIRECTION 31/060 DATE 02/04
31/300 02/28
HIGHEST GUST SPEED/DIRECTION 46/310 DATE 02/12
SKY COVER
POSSIBLE SUNSHINE (PERCENT) MM
AVERAGE SKY COVER 0.26
NUMBER OF DAYS FAIR 21
NUMBER OF DAYS PC 3
NUMBER OF DAYS CLOUDY 5
AVERAGE RH (PERCENT) 66
WEATHER CONDITIONS. NUMBER OF DAYS WITH
THUNDERSTORM 2 MIXED PRECIP 0
HEAVY RAIN 2 RAIN 2
LIGHT RAIN 4 FREEZING RAIN 0
LT FREEZING RAIN 0 HAIL 0
HEAVY SNOW 0 SNOW 0
LIGHT SNOW 0 SLEET 0
FOG 10 FOG W/VIS <= 1/4 MILE 0
HAZE 2
- INDICATES NEGATIVE NUMBERS.
R INDICATES RECORD WAS SET OR TIED.
MM INDICATES DATA IS MISSING.
T INDICATES TRACE AMOUNT.
$$