332
CXUS52 KMLB 010725
CF6MCO
PRELIMINARY LOCAL CLIMATOLOGICAL DATA (WS FORM: F-6)
STATION: ORLANDO INTL
MONTH: FEBRUARY
YEAR: 2021
LATITUDE: 28 25 N
LONGITUDE: 81 19 W
TEMPERATURE IN F: :PCPN: SNOW: WIND :SUNSHINE: SKY :PK WND
================================================================================
1 2 3 4 5 6A 6B 7 8 9 10 11 12 13 14 15 16 17 18
12Z AVG MX 2MIN
DY MAX MIN AVG DEP HDD CDD WTR SNW DPTH SPD SPD DIR MIN PSBL S-S WX SPD DR
================================================================================
1 67 44 56 -5 9 0 0.23 0.0 0 16.4 28 280 M M 8 13 35 290
2 55 41 48 -13 17 0 0.00 0.0 0 15.8 25 310 M M 5 34 310
3 59 37 48 -14 17 0 0.00 0.0 0 8.6 16 310 M M 1 21 280
4 66 35 51 -11 14 0 0.00 0.0 0 2.9 12 180 M M 4 17 140
5 79 42 61 -1 4 0 0.00 0.0 0 9.4 16 220 M M 3 24 190
6 73 55 64 2 1 0 0.05 0.0 0 5.1 10 60 M M 7 1 M M
7 80 60 70 8 0 5 0.18 0.0 0 10.2 18 270 M M 7 3 24 270
8 72 58 65 3 0 0 T 0.0 0 9.3 14 10 M M 10 M M
9 86 67 77 15 0 12 0.00 0.0 0 5.9 10 220 M M 7 12 M M
10 85 67 76 14 0 11 0.00 0.0 0 4.5 10 120 M M 8 12 13 120
11 84 62 73 11 0 8 0.01 0.0 0 6.0 15 200 M M 5 13 21 190
12 83 63 73 10 0 8 0.00 0.0 0 6.5 15 160 M M 7 1 24 170
13 81 66 74 11 0 9 0.60 0.0 0 9.0 29 250 M M 8 13 38 250
14 87 68 78 15 0 13 1.08 0.0 0 11.1 29 210 M M 8 13 37 210
15 87 67 77 14 0 12 0.00 0.0 0 10.0 30 170 M M 7 13 37 170
16 76 63 70 7 0 5 0.35 0.0 0 10.1 21 290 M M 7 13 28 300
17 68 60 64 1 1 0 0.02 0.0 0 6.9 13 30 M M 9 1 15 20
18 87 65 76 12 0 11 T 0.0 0 10.0 21 170 M M 7 1 27 210
19 87 54 71 7 0 6 0.02 0.0 0 12.6 24 280 M M 7 1 32 210
20 67 49 58 -6 7 0 0.00 0.0 0 12.1 20 340 M M 4 24 340
21 73 50 62 -2 3 0 0.00 0.0 0 12.0 22 100 M M 3 29 100
22 82 55 69 5 0 4 T 0.0 0 6.3 18 210 M M 5 24 210
23 76 57 67 3 0 2 0.00 0.0 0 8.3 15 340 M M 4 19 340
24 81 54 68 4 0 3 0.00 0.0 0 5.3 15 150 M M 3 20 160
25 81 55 68 4 0 3 0.00 0.0 0 6.6 14 340 M M 1 20 310
26 83 55 69 4 0 4 0.00 0.0 0 4.1 15 100 M M 2 1 18 100
27 87 64 76 11 0 11 0.00 0.0 0 8.6 16 100 M M 5 1 21 90
28 88 67 78 13 0 13 0.00 0.0 0 9.6 18 170 M M 3 24 180
================================================================================
SM 2180 1580 73 140 2.54 0.0 243.2 M 155
================================================================================
AV 77.9 56.4 8.7 FASTST M M 6 MAX(MPH)
MISC ----> 30 170 38 250
================================================================================
NOTES:
# LAST OF SEVERAL OCCURRENCES
COLUMN 17 PEAK WIND IN M.P.H.
PRELIMINARY LOCAL CLIMATOLOGICAL DATA (WS FORM: F-6) , PAGE 2
STATION: ORLANDO INTL
MONTH: FEBRUARY
YEAR: 2021
LATITUDE: 28 25 N
LONGITUDE: 81 19 W
[TEMPERATURE DATA] [PRECIPITATION DATA] SYMBOLS USED IN COLUMN 16
AVERAGE MONTHLY: 67.1 TOTAL FOR MONTH: 2.54 1 = FOG OR MIST
DPTR FM NORMAL: 4.1 DPTR FM NORMAL: 0.16 2 = FOG REDUCING VISIBILITY
HIGHEST: 88 ON 28 GRTST 24HR 1.68 ON 13-14 TO 1/4 MILE OR LESS
LOWEST: 35 ON 4 3 = THUNDER
SNOW, ICE PELLETS, HAIL 4 = ICE PELLETS
TOTAL MONTH: 0.0 INCH 5 = HAIL
GRTST 24HR 0.0 6 = FREEZING RAIN OR DRIZZLE
GRTST DEPTH: 0 7 = DUSTSTORM OR SANDSTORM:
VSBY 1/2 MILE OR LESS
8 = SMOKE OR HAZE
[NO. OF DAYS WITH] [WEATHER - DAYS WITH] 9 = BLOWING SNOW
X = TORNADO
MAX 32 OR BELOW: 0 0.01 INCH OR MORE: 9
MAX 90 OR ABOVE: 0 0.10 INCH OR MORE: 5
MIN 32 OR BELOW: 0 0.50 INCH OR MORE: 2
MIN 0 OR BELOW: 0 1.00 INCH OR MORE: 1
[HDD (BASE 65) ]
TOTAL THIS MO. 73 CLEAR (SCALE 0-3) 6
DPTR FM NORMAL -42 PTCLDY (SCALE 4-7) 20
TOTAL FM JUL 1 443 CLOUDY (SCALE 8-10) 2
DPTR FM NORMAL -56
[CDD (BASE 65) ]
TOTAL THIS MO. 140
DPTR FM NORMAL 81 [PRESSURE DATA]
TOTAL FM JAN 1 178 HIGHEST SLP 30.36 ON 21
DPTR FM NORMAL 72 LOWEST SLP 29.79 ON 1
[REMARKS]
#FINAL-02-21#