000
CXUS52 KMLB 012324
CLMMCO
CLIMATE REPORT
NATIONAL WEATHER SERVICE MELBOURNE FL
624 PM EST FRI DEC 01 2023
...................................
...THE ORLANDO INTL CLIMATE SUMMARY FOR THE MONTH OF NOVEMBER 2023...
CLIMATE NORMAL PERIOD 1991 TO 2020
CLIMATE RECORD PERIOD 1892 TO 2023
WEATHER OBSERVED NORMAL DEPART LAST YEAR`S
VALUE DATE(S) VALUE FROM VALUE
NORMAL
..............................................................
TEMPERATURE (F)
MONTHLY RECORD
HOTTEST 75.8 1986
COLDEST 61.4 1901
DAILY RECORD
HIGH 93 11/11/1935
LOW 28 11/28/1903
NOVEMBER 2023
HIGHEST 89 11/10 90
11/11
LOWEST 46 11/29 51
AVG. MAXIMUM 78.5 78.3 0.2 80.8
AVG. MINIMUM 61.4 58.2 3.2 64.7
MEAN 70.0 68.2 1.8 72.8
DAYS MAX >= 90 0 0.2 -0.2 2
DAYS MAX <= 32 0 0.0 0.0 0
DAYS MIN <= 32 0 0.0 0.0 0
DAYS MIN <= 0 0 0.0 0.0 0
PRECIPITATION (INCHES)
MONTHLY RECORD
MAXIMUM 10.29 1987
MINIMUM 0.03 1967
DAILY RECORD
MAXIMUM 3.83 11/16/1994
NOVEMBER 2023
TOTALS 5.21 1.79 3.42 4.27
DAYS >= .01 7 6.0 1.0 7
DAYS >= .10 5 3.0 2.0 4
DAYS >= .50 2 1.0 1.0 3
DAYS >= 1.00 2 0.5 1.5 2
GREATEST
24 HR. TOTAL 4.36 11/16 TO 11/17
SNOWFALL (INCHES)
TOTALS 0.0 0.0 0.0 0.0
SINCE 7/1 0.0 0.0 0.0 MM
DAYS >= TRACE 0 0
DEGREE DAYS
HEATING TOTAL 27 43 -16 17
SINCE 7/1 28 49 -21 MM
COOLING TOTAL 183 140 43 256
SINCE 1/1 4122 3375 747 MM
..............................................................
WIND (MPH)
AVERAGE WIND SPEED 8.7
HIGHEST WIND SPEED/DIRECTION 24/050 DATE 11/02
24/080 11/14
24/100 11/15
HIGHEST GUST SPEED/DIRECTION 41/090 DATE 11/15
SKY COVER
POSSIBLE SUNSHINE (PERCENT) MM
AVERAGE SKY COVER 0.59
NUMBER OF DAYS FAIR 7
NUMBER OF DAYS PC 12
NUMBER OF DAYS CLOUDY 11
AVERAGE RH (PERCENT) 73
WEATHER CONDITIONS. NUMBER OF DAYS WITH
THUNDERSTORM 0 MIXED PRECIP 0
HEAVY RAIN 4 RAIN 5
LIGHT RAIN 13 LT FREEZING RAIN 0
HAIL 0 LIGHT SNOW 0
SLEET 0 FOG 13
FOG W/VIS <= 1/4 MILE 1 HAZE 0
- INDICATES NEGATIVE NUMBERS.
R INDICATES RECORD WAS SET OR TIED.
MM INDICATES DATA IS MISSING.
T INDICATES TRACE AMOUNT.
$$