000
CXUS51 KCTP 010835
CLMMDT
CLIMATE REPORT
NATIONAL WEATHER SERVICE STATE COLLEGE PA
435 AM EDT THU JUN 01 2023
...................................
...THE HARRISBURG PA CLIMATE SUMMARY FOR THE MONTH OF MAY 2023...
CLIMATE NORMAL PERIOD 1991 TO 2020
CLIMATE RECORD PERIOD 1888 TO 2023
WEATHER OBSERVED NORMAL DEPART LAST YEAR`S
VALUE DATE(S) VALUE FROM VALUE DATE(S)
NORMAL
................................................................
TEMPERATURE (F)
RECORD
HIGH 97 05/31/1939
LOW 30 05/10/2020
05/10/2020
05/10/2020
HIGHEST 85 05/12 92 05/31
05/29
LOWEST 40 05/18 40 05/09
AVG. MAXIMUM 73.2 73.7 -0.5 75.2
AVG. MINIMUM 49.9 53.1 -3.2 55.4
MEAN 61.5 63.4 -1.9 65.3
DAYS MAX >= 90 0 1.1 -1.1 4
DAYS MAX <= 32 0 0.0 0.0 0
DAYS MIN <= 32 0 0.0 0.0 0
DAYS MIN <= 0 0 0.0 0.0 0
PRECIPITATION (INCHES)
RECORD
MAXIMUM 9.71 1989
MINIMUM 0.29 1902
TOTALS 0.19R 3.83 -3.64 6.67
DAILY AVG. 0.01 0.12 -0.11 0.22
DAYS >= .01 3 13.0 -10.0 13
DAYS >= .10 1 8.0 -7.0 11
DAYS >= .50 0 2.6 -2.6 4
DAYS >= 1.00 0 0.8 -0.8 3
GREATEST
24 HR. TOTAL 2.10 04/30 TO 04/30 2.70 05/06 TO 05/07
SNOWFALL (INCHES)
RECORDS
TOTAL T 1977
TOTALS 0.0 0.0 0.0 0.0
SINCE 7/1 5.9 29.9 -24.0 MM
SNOWDEPTH AVG. 0 0
DAYS >= 1.0 0 0.0 0.0 0
GREATEST
SNOW DEPTH 0 0 MM
24 HR TOTAL MM MM
DEGREE DAYS
HEATING TOTAL 125 121 4 85
SINCE 7/1 4341 5013 -672 MM
COOLING TOTAL 24 72 -48 102
SINCE 1/1 45 82 -37 MM
................................................................
WIND (MPH)
AVERAGE WIND SPEED 6.1
HIGHEST WIND SPEED/DIRECTION 25/290 DATE 05/03
HIGHEST GUST SPEED/DIRECTION 35/210 DATE 05/01
SKY COVER
POSSIBLE SUNSHINE (PERCENT) MM
AVERAGE SKY COVER 0.47
NUMBER OF DAYS FAIR 12
NUMBER OF DAYS PC 14
NUMBER OF DAYS CLOUDY 5
AVERAGE RH (PERCENT) 57
WEATHER CONDITIONS. NUMBER OF DAYS WITH
THUNDERSTORM 0 MIXED PRECIP 0
HEAVY RAIN 0 RAIN 0
LIGHT RAIN 11 FREEZING RAIN 0
LT FREEZING RAIN 0 HAIL 0
HEAVY SNOW 0 SNOW 0
LIGHT SNOW 0 SLEET 0
FOG 3 FOG W/VIS <= 1/4 MILE 0
HAZE 2
- INDICATES NEGATIVE NUMBERS.
R INDICATES RECORD WAS SET OR TIED.
MM INDICATES DATA IS MISSING.
T INDICATES TRACE AMOUNT.
$$