000
CXUS56 KPDT 011810
CF6MEH
PRELIMINARY LOCAL CLIMATOLOGICAL DATA (WS FORM: F-6)
STATION: MEACHAM OR
MONTH: MARCH
YEAR: 2023
LATITUDE: 45 30 N
LONGITUDE: 118 24 W
TEMPERATURE IN F: :PCPN: SNOW: WIND :SUNSHINE: SKY :PK WND
================================================================================
1 2 3 4 5 6A 6B 7 8 9 10 11 12 13 14 15 16 17 18
12Z AVG MX 2MIN
DY MAX MIN AVG DEP HDD CDD WTR SNW DPTH SPD SPD DIR MIN PSBL S-S WX SPD DR
================================================================================
1 29 11 20 -12 45 0 0.03 M M 0.6 6 270 M M 7 12 10 260
2 35 13 24 -8 41 0 0.33 M M 1.2 9 280 M M 9 1 19 290
3 35 22 29 -4 36 0 0.01 M M 1.2 7 290 M M 8 20 250
4 37 20 29 -4 36 0 0.37 M M 0.3 9 100 M M 5 12 22 90
5 33 13 23 -10 42 0 0.01 M M 0.3 9 100 M M 5 18 17 90
6 37 16 27 -6 38 0 0.03 M M 0.6 7 90 M M 5 12 13 240
7 35 20 28 -5 37 0 0.00 M M 0.7 8 100 M M 3 18 120
8 34 11 23 -11 42 0 0.24 M M 0.7 8 110 M M 5 12 21 80
9 33 7 20 -14 45 0 0.02 M M 1.8 9 110 M M 7 18 26 90
10 37 23 30 -4 35 0 0.47 M M 1.9 12 270 M M 9 12 28 270
11 41 19 30 -4 35 0 T M M 0.5 6 90 M M 8 11 90
12 42 14 28 -6 37 0 0.02 M M 0.3 4 99 M M 6 16 80
13 43 29 36 2 29 0 0.72 M M 0.6 9 300 M M 9 12 24 300
14 34 12 23 -12 42 0 0.28 M M 0.1 6 280 M M 6 1 11 280
15 34 17 26 -9 39 0 0.12 M M 0.8 8 270 M M 9 1 16 270
16 40 4 22 -13 43 0 0.00 M M 0.4 9 100 M M 0 18 90
17 44 9 27 -8 38 0 0.00 M M 0.0 10 100 M M 0 19 80
18 46 28 37 1 28 0 0.00 M M 0.8 9 100 M M 0 23 90
19 47 32 40 4 25 0 0.00 M M 0.3 5 110 M M 3 21 90
20 38 32 35 -1 30 0 0.59 M M 1.2 10 290 M M 10 1 19 310
21 44 25 35 -1 30 0 0.05 M M 0.5 7 30 M M 8 1 12 20
22 45 18 32 -4 33 0 0.00 M M 0.4 8 240 M M 0 14 340
23 42 24 33 -3 32 0 0.78 M M 0.9 8 290 M M 9 12 22 300
24 35 21 28 -8 37 0 0.22 M M 1.5 9 270 M M 7 12 21 280
25 33 20 27 -10 38 0 0.17 M M 0.3 7 270 M M 8 12 17 260
26 36 15 26 -11 39 0 T M M 0.8 8 270 M M 8 1 15 250
27 41 5 23 -14 42 0 0.00 M M 1.0 7 120 M M 2 23 90
28 37 31 34 -3 31 0 T M M 3.5 13 90 M M 9 24 100
29 38 31 35 -2 30 0 0.07 M M 0.8 6 280 M M 10 12 11 80
30 40 32 36 -2 29 0 0.32 M M 1.4 7 280 M M 10 1 17 300
31 39 30 35 -3 30 0 0.25 M M 0.1 5 200 M M 10 1 9 250
================================================================================
SM 1184 604 1114 0 5.10 M 25.5 M 195
================================================================================
AV 38.2 19.5 0.8 FASTST M M 6 MAX(MPH)
MISC ----> 13 90 28 270
================================================================================
NOTES:
# LAST OF SEVERAL OCCURRENCES
COLUMN 17 PEAK WIND IN M.P.H.
PRELIMINARY LOCAL CLIMATOLOGICAL DATA (WS FORM: F-6) , PAGE 2
STATION: MEACHAM OR
MONTH: MARCH
YEAR: 2023
LATITUDE: 45 30 N
LONGITUDE: 118 24 W
[TEMPERATURE DATA] [PRECIPITATION DATA] SYMBOLS USED IN COLUMN 16
AVERAGE MONTHLY: 28.8 TOTAL FOR MONTH: 5.10 1 = FOG OR MIST
DPTR FM NORMAL: -6.2 DPTR FM NORMAL: 1.01 2 = FOG REDUCING VISIBILITY
HIGHEST: 47 ON 19 GRTST 24HR 0.78 ON 23-23 TO 1/4 MILE OR LESS
LOWEST: 4 ON 16 3 = THUNDER
SNOW, ICE PELLETS, HAIL 4 = ICE PELLETS
TOTAL MONTH: M 5 = HAIL
GRTST 24HR M ON M 6 = FREEZING RAIN OR DRIZZLE
GRTST DEPTH: M ON M 7 = DUSTSTORM OR SANDSTORM:
VSBY 1/2 MILE OR LESS
8 = SMOKE OR HAZE
[NO. OF DAYS WITH] [WEATHER - DAYS WITH] 9 = BLOWING SNOW
X = TORNADO
MAX 32 OR BELOW: 1 0.01 INCH OR MORE: 21
MAX 90 OR ABOVE: 0 0.10 INCH OR MORE: 13
MIN 32 OR BELOW: 31 0.50 INCH OR MORE: 3
MIN 0 OR BELOW: 0 1.00 INCH OR MORE: 0
[HDD (BASE 65) ]
TOTAL THIS MO. 1114 CLEAR (SCALE 0-3) 6
DPTR FM NORMAL 186 PTCLDY (SCALE 4-7) 13
TOTAL FM JUL 1 6567 CLOUDY (SCALE 8-10) 12
DPTR FM NORMAL 64
[CDD (BASE 65) ]
TOTAL THIS MO. 0
DPTR FM NORMAL 0 [PRESSURE DATA]
TOTAL FM JAN 1 0 HIGHEST SLP M ON M
DPTR FM NORMAL 0 LOWEST SLP 29.25 ON 10
[REMARKS]
#FINAL-03-23#