000
CXUS56 KPDT 011810
CF6MEH
PRELIMINARY LOCAL CLIMATOLOGICAL DATA (WS FORM: F-6)
STATION: MEACHAM OR
MONTH: SEPTEMBER
YEAR: 2023
LATITUDE: 45 30 N
LONGITUDE: 118 24 W
TEMPERATURE IN F: :PCPN: SNOW: WIND :SUNSHINE: SKY :PK WND
================================================================================
1 2 3 4 5 6A 6B 7 8 9 10 11 12 13 14 15 16 17 18
12Z AVG MX 2MIN
DY MAX MIN AVG DEP HDD CDD WTR SNW DPTH SPD SPD DIR MIN PSBL S-S WX SPD DR
================================================================================
1 70 47 59 3 6 0 T M M 1.1 7 30 M M 5 13 20
2 82 48 65 9 0 0 T M M 0.7 7 30 M M 4 12 70
3 73 53 63 7 2 0 0.02 M M 1.3 8 280 M M 2 18 270
4 65 38 52 -4 13 0 T M M 1.2 7 270 M M 6 14 280
5 72 31 52 -3 13 0 0.00 M M 1.3 8 30 M M 0 14 50
6 73 37 55 0 10 0 0.00 M M 0.5 8 280 M M 2 16 270
7 74 34 54 -1 11 0 T M M 1.6 9 20 M M 2 16 30
8 74 38 56 2 9 0 0.00 M M 1.6 10 30 M M 0 18 30
9 80 38 59 5 6 0 0.00 M M 0.9 8 30 M M 2 15 280
10 83 40 62 8 3 0 0.00 M M 0.9 9 50 M M 1 17 30
11 78 40 59 5 6 0 0.00 M M 1.2 8 270 M M 1 8 16 320
12 72 39 56 2 9 0 0.00 M M 0.7 8 270 M M 0 14 280
13 71 37 54 1 11 0 0.00 M M 0.8 7 270 M M 3 15 290
14 77 30 54 1 11 0 0.00 M M 1.5 8 10 M M 0 15 20
15 84 32 58 5 7 0 0.00 M M 0.6 7 40 M M 0 17 40
16 89 36 63 11 2 0 0.00 M M 0.9 6 30 M M 0 M M
17 80 38 59 7 6 0 0.00 M M 0.3 10 270 M M 0 17 290
18 72 37 55 3 10 0 0.00 M M 0.9 9 290 M M 1 22 270
19 63 27 45 -7 20 0 0.00 M M 0.5 8 310 M M 0 18 310
20 48 33 41 -10 24 0 0.45 M M 0.0 6 350 M M 9 1 12 270
21 47 35 41 -10 24 0 0.57 M M 0.2 4 80 M M 10 12 M M
22 59 31 45 -6 20 0 0.00 M M 0.3 6 280 M M 5 12 12 280
23 69 33 51 1 14 0 0.00 M M 0.9 8 90 M M 1 15 100
24 64 43 54 4 11 0 0.25 M M 0.1 5 110 M M 9 1 10 60
25 74 48 61 11 4 0 0.01 M M 0.6 7 330 M M 2 1 17 320
26 57 35 46 -3 19 0 0.19 M M 0.0 6 260 M M 7 1 11 220
27 58 34 46 -3 19 0 0.15 M M 1.0 9 300 M M 6 1 19 280
28 57 37 47 -2 18 0 0.00 M M 0.9 6 300 M M 7 12 280
29 53 35 44 -4 21 0 0.21 M M 0.3 6 300 M M 10 1 10 280
30 47 31 39 -9 26 0 0.01 M M 0.4 5 290 M M 10 1 9 300
================================================================================
SM 2065 1115 355 0 1.86 M 23.2 M 105
================================================================================
AV 68.8 37.2 0.8 FASTST M M 4 MAX(MPH)
MISC ----> # 10 30 22 270
================================================================================
NOTES:
# LAST OF SEVERAL OCCURRENCES
COLUMN 17 PEAK WIND IN M.P.H.
PRELIMINARY LOCAL CLIMATOLOGICAL DATA (WS FORM: F-6) , PAGE 2
STATION: MEACHAM OR
MONTH: SEPTEMBER
YEAR: 2023
LATITUDE: 45 30 N
LONGITUDE: 118 24 W
[TEMPERATURE DATA] [PRECIPITATION DATA] SYMBOLS USED IN COLUMN 16
AVERAGE MONTHLY: 53.0 TOTAL FOR MONTH: 1.86 1 = FOG OR MIST
DPTR FM NORMAL: 0.6 DPTR FM NORMAL: 0.65 2 = FOG REDUCING VISIBILITY
HIGHEST: 89 ON 16 GRTST 24HR 0.83 ON 20-21 TO 1/4 MILE OR LESS
LOWEST: 27 ON 19 3 = THUNDER
SNOW, ICE PELLETS, HAIL 4 = ICE PELLETS
TOTAL MONTH: M 5 = HAIL
GRTST 24HR M ON M 6 = FREEZING RAIN OR DRIZZLE
GRTST DEPTH: M ON M 7 = DUSTSTORM OR SANDSTORM:
VSBY 1/2 MILE OR LESS
8 = SMOKE OR HAZE
[NO. OF DAYS WITH] [WEATHER - DAYS WITH] 9 = BLOWING SNOW
X = TORNADO
MAX 32 OR BELOW: 0 0.01 INCH OR MORE: 9
MAX 90 OR ABOVE: 0 0.10 INCH OR MORE: 6
MIN 32 OR BELOW: 6 0.50 INCH OR MORE: 1
MIN 0 OR BELOW: 0 1.00 INCH OR MORE: 0
[HDD (BASE 65) ]
TOTAL THIS MO. 355 CLEAR (SCALE 0-3) 18
DPTR FM NORMAL -27 PTCLDY (SCALE 4-7) 7
TOTAL FM JUL 1 554 CLOUDY (SCALE 8-10) 5
DPTR FM NORMAL -193
[CDD (BASE 65) ]
TOTAL THIS MO. 0
DPTR FM NORMAL -2 [PRESSURE DATA]
TOTAL FM JAN 1 58 HIGHEST SLP 30.23 ON 14
DPTR FM NORMAL 19 LOWEST SLP 29.78 ON 1
[REMARKS]
#FINAL-09-23#